-- https://www.phpmyadmin.net/
--

START TRANSACTION;



--
-- Database: `proj_news`
--

-- --------------------------------------------------------

--
-- Table structure for table `article`
--

CREATE TABLE `article` (
  `id` int(11) NOT NULL,
  `category_id` int(11) DEFAULT NULL,
  `name` varchar(255) COLLATE utf8mb4_unicode_ci NOT NULL,
  `content` text COLLATE utf8mb4_unicode_ci DEFAULT NULL,
  `status` varchar(225) COLLATE utf8mb4_unicode_ci DEFAULT NULL,
  `thumb` varchar(255) COLLATE utf8mb4_unicode_ci DEFAULT NULL,
  `created` datetime DEFAULT NULL,
  `created_by` varchar(255) COLLATE utf8mb4_unicode_ci DEFAULT NULL,
  `modified` datetime DEFAULT NULL,
  `modified_by` varchar(255) COLLATE utf8mb4_unicode_ci DEFAULT NULL,
  `publish_at` date DEFAULT NULL,
  `type` varchar(255) COLLATE utf8mb4_unicode_ci DEFAULT NULL
) ENGINE=InnoDB DEFAULT CHARSET=utf8mb4 COLLATE=utf8mb4_unicode_ci ROW_FORMAT=COMPACT;

--
-- Dumping data for table `article`
--

INSERT INTO `article` (`id`, `category_id`, `name`, `content`, `status`, `thumb`, `created`, `created_by`, `modified`, `modified_by`, `publish_at`, `type`) VALUES
(4, 1, 'Liverpool chỉ được nâng Cup phiên bản nếu vô địch hôm nay', '<p>Đội b&oacute;ng th&agrave;nh phố cảng sẽ kh&ocirc;ng n&acirc;ng Cup nguy&ecirc;n bản nếu vượt mặt Man City ở v&ograve;ng cuối Ngoại hạng Anh.</p>\r\n\r\n<p>Liverpool k&eacute;m Man City một điểm trước khi tiếp Wolverhampton tr&ecirc;n s&acirc;n nh&agrave; Anfield v&agrave;o ng&agrave;y Chủ Nhật. Ở trận đấu c&ugrave;ng giờ, Man City sẽ l&agrave;m kh&aacute;ch tới s&acirc;n Brighton v&agrave; biết một chiến thắng sẽ gi&uacute;p họ bảo vệ th&agrave;nh c&ocirc;ng ng&ocirc;i v&ocirc; địch. Kể từ khi c&aacute;c trận v&ograve;ng cuối Ngoại hạng Anh sẽ chơi đồng loạt c&ugrave;ng l&uacute;c, ban tổ chức phải đặt một chiếc cup phi&ecirc;n bản giống thật tại Anfield ph&ograve;ng trường hợp Liverpool v&ocirc; địch. Chiếc cup giả n&agrave;y thường được d&ugrave;ng trong c&aacute;c sự kiện quảng b&aacute; của Ngoại hạng Anh.&nbsp;</p>', 'active', 'L3Yuzln8II.png', '2019-05-04 00:00:00', 'hailan', '2019-05-17 00:00:00', 'hailan', '2019-04-29', 'featured'),
(5, 1, 'Bottas giành pole chặng thứ ba liên tiếp', '<p>Tay đua Phần Lan đ&aacute;nh bại đồng đội Lewis Hamilton ở v&ograve;ng ph&acirc;n hạng GP T&acirc;y Ban Nha h&ocirc;m 11/5.</p>\r\n\r\n<p>Valtteri Bottas nhanh hơn Hamilton 0,634 gi&acirc;y v&agrave; nhanh hơn người về thứ ba&nbsp;Sebastian Vettel 0,866 gi&acirc;y. Tay đua của Red Bull&nbsp;Max Verstappen nhanh thứ tư, trong khi&nbsp;Charles Leclerc về thứ năm.</p>', 'active', 'iQ1RXPioFZ.jpeg', '2019-05-04 00:00:00', 'hailan', '2019-05-17 00:00:00', 'hailan', '2019-04-28', 'featured'),
(6, 1, 'HLV Cardiff: \'Man Utd sẽ không vô địch trong 10 năm tới\'', '<p>Neil Warnock tỏ ra nghi ngờ về tương lai của Man Utd dưới thời HLV Solskjaer.</p>\r\n\r\n<p>&quot;Một số người nghĩ Man Utd cần từ hai đến ba kỳ chuyển nhượng nữa để gi&agrave;nh danh hiệu&quot;, HLV Neil Warnock chia sẻ. &quot;T&ocirc;i th&igrave; nghĩ c&oacute; thể l&agrave; 10 năm. T&ocirc;i kh&ocirc;ng thấy học&oacute; khả năng bắt kịp hai CLB h&agrave;ng đầu trong khoảng bốn hay năm năm tới&quot;.</p>\r\n\r\n<p>Lần cuối Man Utd v&ocirc; địch l&agrave; m&ugrave;a 2012-2013 dưới thời HLV Sir Alex Ferguson. Kể từ đ&oacute; đến nay, &quot;Quỷ đỏ&quot; kh&ocirc;ng c&ograve;n duy tr&igrave; được vị thế ứng cử vi&ecirc;n v&ocirc; địch h&agrave;ng đầu.&nbsp;</p>', 'active', 'ReChSfB95C.jpeg', '2019-05-04 00:00:00', 'hailan', '2019-05-17 00:00:00', 'hailan', '2019-05-30', 'featured'),
(7, 2, 'Đại học Anh đưa khóa học hạnh phúc vào chương trình giảng dạy', '<p>Kh&oacute;a học diễn ra trong 12 tuần, sinh vi&ecirc;n năm nhất Đại học Bristol sẽ được kh&aacute;m ph&aacute; hạnh ph&uacute;c l&agrave; g&igrave; v&agrave; l&agrave;m thế n&agrave;o để đạt được n&oacute;.</p>\r\n\r\n<p>Đại học Bristol (Anh) quyết định đưa kh&oacute;a học hạnh ph&uacute;c v&agrave;o giảng dạy từ th&aacute;ng 9 năm nay nhằm giảm thiểu t&igrave;nh trạng tự tử ở sinh vi&ecirc;n, sau khi 12 sinh vi&ecirc;n ở một trường kh&aacute;c quy&ecirc;n sinh trong ba năm qua. Gi&aacute;o sư Bruce Hood, nh&agrave; t&acirc;m l&yacute; học chuy&ecirc;n nghi&ecirc;n cứu về c&aacute;ch thức hoạt động của bộ n&atilde;o v&agrave; con người, sẽ giảng dạy m&ocirc;n học mới n&agrave;y.</p>', 'active', 'hoyOyXJrzx.png', '2019-05-04 00:00:00', 'hailan', '2019-05-17 00:00:00', 'hailan', '2019-05-05', 'featured'),
(8, 5, '11 cách đơn giản dạy trẻ quản lý thời gian', '<p>Phụ huynh h&atilde;y tạo cảm gi&aacute;c vui vẻ, hướng dẫn trẻ thiết lập những ưu ti&ecirc;n h&agrave;ng ng&agrave;y để ch&uacute;ng c&oacute; thể tự quản l&yacute; thời gian hiệu quả.</p>\r\n\r\n<p>&quot;Nhanh l&ecirc;n&quot;, &quot;Con c&oacute; biết mấy giờ rồi kh&ocirc;ng&quot;, &quot;Điều g&igrave; l&agrave;m con mất nhiều thời gian như vậy&quot;..., l&agrave; những c&acirc;u n&oacute;i quen thuộc của phụ huynh để nhắc nhở con về kh&aacute;i niệm thời gian. Thay v&igrave; n&oacute;i những c&acirc;u tr&ecirc;n, phụ huynh c&oacute; thể dạy con c&aacute;ch quản l&yacute; giờ giấc ngay từ khi ch&uacute;ng c&ograve;n nhỏ.</p>', 'active', 'Phe2pSOC5Q.jpeg', '2019-05-04 00:00:00', 'hailan', '2019-05-17 00:00:00', 'hailan', '2019-07-30', 'normal'),
(9, 3, 'Vì sao không hút thuốc vẫn bị ung thư phổi?', '<p>D&ugrave; kh&ocirc;ng h&uacute;t thuốc, bạn vẫn c&oacute; nguy cơ ung thư phổi do h&iacute;t phải kh&oacute;i thuốc, tiếp x&uacute;c với kh&iacute; radon hoặc sống trong m&ocirc;i trường &ocirc; nhiễm.&nbsp;</p>\r\n\r\n<p>Người kh&ocirc;ng h&uacute;t thuốc vẫn c&oacute; thể bị ung thư phổi.&nbsp;Tr&ecirc;n&nbsp;<em>Journal of the Royal Society of Medicine</em>,&nbsp;c&aacute;c nh&agrave; khoa học từ&nbsp;Hiệp hội Ung thư Mỹ cho biết 20% bệnh nh&acirc;n ung thư phổi kh&ocirc;ng bao giờ h&uacute;t thuốc.&nbsp;Nghi&ecirc;n cứu 30 năm tr&ecirc;n 1,2 triệu người của tổ chức n&agrave;y cũng chỉ ra số người kh&ocirc;ng h&uacute;t thuốc bị ung thư phổi đang gia tăng. Hầu hết bệnh nh&acirc;n chỉ được chẩn đo&aacute;n khi đ&atilde; bước sang giai đoạn nghi&ecirc;m trọng kh&ocirc;ng thể điều trị.&nbsp;</p>', 'active', 'tPa7bgOesm.png', '2019-05-04 00:00:00', 'hailan', '2019-05-17 00:00:00', 'hailan', '2019-08-30', 'normal'),
(10, 4, '10 hãng hàng không  tốt nhất thế giới năm 2019', '<p>Qatar l&agrave; quốc gia duy nhất tr&ecirc;n thế giới c&oacute; h&atilde;ng h&agrave;ng kh&ocirc;ng v&agrave; s&acirc;n bay tốt nhất năm 2019.</p>\r\n\r\n<p>C&aacute;c s&acirc;n bay được đ&aacute;nh gi&aacute; dựa tr&ecirc;n 3 yếu tố: hiệu suất đ&uacute;ng giờ, chất lượng dịch vụ, thực phẩm v&agrave; lựa chọn mua sắm. Yếu tố đầu ti&ecirc;n chiếm 60% số điểm, hai ti&ecirc;u ch&iacute; c&ograve;n lại chiếm 20%. Dữ liệu của AirHelp được dựa tr&ecirc;n thống k&ecirc; từ nhiều nh&agrave; cung cấp thương mại, c&ugrave;ng cơ sở dữ liệu đ&aacute;nh gi&aacute; ri&ecirc;ng v&agrave; 40.000 khảo s&aacute;t h&agrave;nh kh&aacute;ch được thu thập từ hơn 40 quốc gia trong năm 2018.</p>', 'active', '8GlYE3KYtZ.png', '2019-05-04 00:00:00', 'hailan', '2019-05-17 00:00:00', 'hailan', '2019-09-30', 'normal'),
(11, 5, 'Phát hiện bụt mọc cổ thụ hơn 2.600 tuổi ở Mỹ', '<p>Ph&aacute;t hiện mới gi&uacute;p bụt mọc trở th&agrave;nh một trong những c&acirc;y sinh sản hữu t&iacute;nh gi&agrave; nhất thế giới, vượt xa ước t&iacute;nh trước đ&acirc;y của c&aacute;c chuy&ecirc;n gia.</p>\r\n\r\n<p>C&aacute;c nh&agrave; khoa học ph&aacute;t hiện một c&acirc;y bụt mọc &iacute;t nhất đ&atilde; 2.624 tuổi ở v&ugrave;ng đầm lầy s&ocirc;ng Black, bang Bắc Carolina, Mỹ, theo nghi&ecirc;n cứu đăng tr&ecirc;n tạp ch&iacute;&nbsp;<em>Environmental Research Communications</em>&nbsp;h&ocirc;m 9/5.&nbsp;</p>\r\n\r\n<p>Nh&oacute;m nghi&ecirc;n cứu bắt gặp bụt mọc cổ thụ n&agrave;y trong l&uacute;c nghi&ecirc;n cứu v&ograve;ng tuổi của c&acirc;y để t&igrave;m hiểu về lịch sử kh&iacute; hậu tại miền đ&ocirc;ng nước Mỹ. Ngo&agrave;i thể hiện tuổi thọ, độ rộng v&agrave; m&agrave;u sắc của v&ograve;ng tuổi tr&ecirc;n th&acirc;n c&acirc;y c&ograve;n cho biết mức độ ẩm ướt hay kh&ocirc; hạn của năm tương ứng.</p>', 'active', 'a09zB7BiwV.jpeg', '2019-05-12 00:00:00', 'hailan', '2019-05-17 00:00:00', 'hailan', '2019-05-12', 'normal'),
(12, 6, 'Apple có thể không nâng cấp iOS 13 cho iPhone SE, 6', '<p>Những mẫu iPhone ra mắt từ 2014 v&agrave; iPhone SE c&oacute; thể kh&ocirc;ng được l&ecirc;n đời hệ điều h&agrave;nh iOS 13 ra mắt th&aacute;ng 6 tới.</p>\r\n\r\n<p>Theo&nbsp;<em>Phone Arena</em>, hệ điều h&agrave;nh iOS 13 sắp tr&igrave;nh l&agrave;ng tại hội nghị WWDC 2019 sẽ kh&ocirc;ng hỗ trợ một loạt iPhone đời cũ của Apple. Trong đ&oacute;, đ&aacute;ng ch&uacute; &yacute; l&agrave; c&aacute;c mẫu iPhone vẫn c&ograve;n được nhiều người d&ugrave;ng sử dụng như iPhone 6, 6s Plus hay SE.&nbsp;</p>', 'active', '9jOZGc7BJK.png', '2019-05-12 00:00:00', 'hailan', '2019-05-17 00:00:00', 'hailan', '2019-05-10', 'normal'),
(13, 7, 'Hình dung về Honda Jazz thế hệ mới', '<p>Thế hệ thứ tư của mẫu hatchback Honda tiết chế bớt những đường n&eacute;t g&acirc;n guốc, thể thao để thay bằng n&eacute;t trung t&iacute;nh, hợp mắt người d&ugrave;ng hơn.&nbsp;</p>\r\n\r\n<p>Những h&igrave;nh ảnh đầu ti&ecirc;n về Honda Jazz (Fit tại Nhật Bản) thế hệ mới bắt đầu xuất hiện tr&ecirc;n đường thử. D&ugrave; chưa phải thiết kế ho&agrave;n chỉnh, thay đổi của mẫu hatchback cỡ B cho thấy những đường n&eacute;t trung t&iacute;nh m&agrave; xe sắp sở hữu. Điều n&agrave;y tr&aacute;i ngược với tạo h&igrave;nh g&acirc;n guốc, thể thao ở thế hệ thứ ba hiện tại của Jazz.&nbsp;</p>', 'active', 'g2c7mYXBPW.png', '2019-05-12 00:00:00', 'hailan', '2019-05-17 00:00:00', 'hailan', '2019-05-12', 'normal'),
(14, 1, 'Hà Nội vào vòng knock-out AFC Cup', '<p>ĐKVĐ V-League đ&aacute;nh bại&nbsp;Tampines Rovers 2-0 v&agrave;o chiều 15/5 để đứng đầu bảng F.</p>\r\n\r\n<p>Tiếp đối thủ đến từ Singapore trong t&igrave;nh thế buộc phải thắng để tự quyết v&eacute; đi tiếp, H&agrave; Nội đ&atilde; c&oacute; trận đấu dễ d&agrave;ng. C&oacute; thể n&oacute;i, kết quả của trận đấu được định đoạt trong hiệp một khi Oseni v&agrave; Th&agrave;nh Chung lần lượt ghi b&agrave;n cho đội chủ nh&agrave;. Trong khi đ&oacute;, Tampines Rovers phải trả gi&aacute; cho lối chơi th&ocirc; bạo khi Yasir Hanapi nhận thẻ v&agrave;ng thứ hai rời s&acirc;n. Tiền vệ n&agrave;y bị trừng phạt bởi pha đ&aacute;nh nguội với Th&agrave;nh Chung ở đầu trận, sau đ&oacute; l&agrave; t&igrave;nh huống phạm lỗi &aacute;c &yacute; với Đ&igrave;nh Trọng.</p>', 'active', 'e7YyFZJCc8.jpeg', '2019-05-15 00:00:00', 'hailan', '2019-05-17 00:00:00', 'hailan', '2019-05-10', 'featured'),
(15, 1, 'Man City vẫn dự Champions League mùa 2019-2020', '<p>Việc điều tra vi phạm luật c&ocirc;ng bằng t&agrave;i ch&iacute;nh của chủ s&acirc;n Etihad chưa thể ho&agrave;n th&agrave;nh trong v&ograve;ng một năm tới.</p>\r\n\r\n<p><em>Sports Mail</em>&nbsp;(Anh)&nbsp;cho biết, &aacute;n phạt cấm tham dự Champions League một m&ugrave;a với Man City, do vi phạm luật c&ocirc;ng bằng t&agrave;i ch&iacute;nh (FFP), chỉ được đưa ra sớm nhất v&agrave;o m&ugrave;a 2020-2021.</p>\r\n\r\n<p>Trong bức thư ngỏ gửi tới truyền th&ocirc;ng Anh, Man City viết: &quot;Ch&uacute;ng t&ocirc;i hợp t&aacute;c một c&aacute;ch thiện ch&iacute; với Tiểu ban kiểm so&aacute;t t&agrave;i ch&iacute;nh c&aacute;c CLB của UEFA (CFCB). CLB tin tưởng v&agrave;o sự độc lập v&agrave; cam kết của CFCB h&ocirc;m 7/3, rằng sẽ kh&ocirc;ng kết luận g&igrave; trong thời gian điều tra&quot;.</p>', 'active', 'exzJEG4WDU.jpeg', '2019-05-15 00:00:00', 'hailan', '2019-05-17 00:00:00', 'hailan', '2019-05-10', 'featured'),
(16, 1, 'Những câu đố giúp rèn luyện trí não', '<p>Bạn cần quan s&aacute;t, suy luận logic v&agrave; c&oacute; vốn từ vựng tiếng Anh để giải quyết những c&acirc;u đố dưới đ&acirc;y.</p>\r\n\r\n<p>C&acirc;u 1:&nbsp;Mike đến một buổi phỏng vấn xin việc. Anh đ&atilde; g&acirc;y ấn tượng với gi&aacute;m đốc về những kỹ năng v&agrave; kinh nghiệm của m&igrave;nh. Tuy nhi&ecirc;n, để quyết định c&oacute; nhận Mike hay kh&ocirc;ng, nữ gi&aacute;m đốc đưa ra một c&acirc;u đố h&oacute;c b&uacute;a v&agrave; y&ecirc;u cầu Mike trả lời trong 30 gi&acirc;y.</p>\r\n\r\n<p>Nội dung c&acirc;u đố: H&atilde;y đưa ra 30 từ tiếng Anh kh&ocirc;ng c&oacute; chữ &quot;a&quot; xuất hiện trong đ&oacute;?&nbsp;</p>\r\n\r\n<p>Mike dễ d&agrave;ng giải quyết c&acirc;u đố. Theo bạn anh ấy n&oacute;i những từ tiếng Anh n&agrave;o để kịp trả lời trong 30 gi&acirc;y?</p>', 'active', 'TpcocqUjob.png', '2019-05-15 00:00:00', 'hailan', '2019-05-17 00:00:00', 'hailan', '2019-05-10', 'featured'),
(17, 3, 'Cách nhận biết mật ong nguyên chất và pha trộn', '<p>Mật ong nguy&ecirc;n chất sẽ kh&ocirc;ng thấm qua tờ giấy, lắng xuống đ&aacute;y ly nước v&agrave; bị kiến ăn, kh&aacute;c với mật ong bị pha trộn tạp chất.</p>\r\n\r\n<p>Dược sĩ V&otilde; H&ugrave;ng Mạnh, Trưởng khoa Dược Bệnh viện Y học d&acirc;n tộc cổ truyền B&igrave;nh Định, cho biết thị trường c&oacute; nhiều loại mật ong bị pha trộn, chỉ nh&igrave;n bề ngo&agrave;i hay ngửi m&ugrave;i chưa chắc ph&acirc;n biệt được.</p>\r\n\r\n<p>Theo dược sĩ H&ugrave;ng, một c&aacute;ch ph&acirc;n biệt thật giả l&agrave; lấy cọng h&agrave;nh tươi nh&uacute;ng v&agrave;o lọ mật ong, lấy ra chừng v&agrave;i ph&uacute;t. Cọng l&aacute; h&agrave;nh sẽ chuyển từ m&agrave;u xanh l&aacute; sang sậm nếu mật ong thật. Ngo&agrave;i ra, c&oacute; thể nhỏ giọt mật v&agrave;o nơi c&oacute; kiến, nếu kiến kh&ocirc;ng bu giọt mật th&igrave; cũng l&agrave; mật ong thật.</p>\r\n\r\n<p>Ng&agrave;y nay, nhiều người đặt mật ong v&agrave;o ngăn đ&aacute; tủ lạnh, sau 24 giờ m&agrave; kh&ocirc;ng c&oacute; hiện tượng đ&ocirc;ng đ&aacute; th&igrave; l&agrave; mật thật.</p>', 'active', 'xvEqmF5uyJ.png', '2019-05-15 00:00:00', 'hailan', '2019-05-17 00:00:00', 'hailan', '2019-05-10', 'normal'),
(18, 4, 'Nhiều tour mùa hè giảm giá hàng chục triệu đồng', '<p>C&aacute;c tour trong v&agrave; ngo&agrave;i nước đều được giảm gi&aacute; mạnh để k&iacute;ch cầu du lịch trong dịp h&egrave;, nhiều chương tr&igrave;nh khuyến m&atilde;i l&ecirc;n đến h&agrave;ng chục triệu đồng.</p>\r\n\r\n<p>Sau khi so s&aacute;nh tiền v&eacute; m&aacute;y bay, ph&ograve;ng kh&aacute;ch sạn ở Bali để chuẩn bị cho kỳ nghỉ h&egrave; của gia đ&igrave;nh, anh Sơn (ngụ quận 2, TP HCM) quyết định chuyển sang mua tour trọn g&oacute;i v&igrave; tiết kiệm hơn.</p>', 'active', 'd2ABCeBzoR.jpeg', '2019-05-15 00:00:00', 'hailan', '2019-05-17 00:00:00', 'hailan', '2019-05-15', 'featured'),
(19, 7, 'BMW i8 Roadster - xe mui trần dẫn đường ở Formula E', '<p>Dịp cuối tuần qua, BMW giới thiệu chiếc xe dẫn đường, l&agrave;m nhiệm vụ đảm bảo an to&agrave;n tại giải đua xe Formula E. Giải đua tương tự giải F1, nhưng to&agrave;n bộ xe đua sử dụng động cơ điện.</p>\r\n\r\n<p>i8 Roadster Safety Car dựa tr&ecirc;n chiếc i8 Roadster ti&ecirc;u chuẩn, nhưng c&oacute; những thay đổi để trở th&agrave;nh chiếc xe dẫn đường chuy&ecirc;n dụng. Ngoại h&igrave;nh c&oacute; một số đặc điểm ấn tượng hơn so với nguy&ecirc;n bản. K&iacute;nh chắn gi&oacute; kiểu d&agrave;nh cho xe đua, trọng t&acirc;m hạ thấp 15 mm.</p>', 'active', '9fbeUKTBpU.png', '2019-05-15 00:00:00', 'hailan', '2019-05-17 00:00:00', 'hailan', '2019-05-10', 'normal'),
(20, 3, 'Tia cực tím tại Hà Nội ở mức \'nguy hiểm\'', '<p>Chỉ số tia UV tại H&agrave; Nội ng&agrave;y 18-19/5 l&ecirc;n tới 11, mức được đ&aacute;nh gi&aacute; l&agrave; &quot;nguy hiểm&quot; dễ khiến da, mắt bị bỏng nhiệt.</p>\r\n\r\n<p>H&agrave; Nội đang trải qua đợt nắng n&oacute;ng gay gắt. Theo Trung t&acirc;m Dự b&aacute;o Kh&iacute; tượng Thủy văn Quốc gia, nhiệt độ cao nhất ở H&agrave; Nội ng&agrave;y 18/5 dao động trong khoảng 37 đến 39 độ C, c&oacute; nơi tr&ecirc;n 39 độ.&nbsp;Trang&nbsp;<em>World Weather Online</em>&nbsp;của Anh dự b&aacute;o chỉ số tia cực t&iacute;m tại H&agrave; Nội hai ng&agrave;y 18-19/5 đạt mức 11.&nbsp;</p>', 'active', 'C4DtP4ico8.png', '2019-05-17 00:00:00', 'hailan', '2019-05-17 00:00:00', 'hailan', '2019-05-16', 'normal'),
(21, 2, 'Blockchain và trí tuệ nhân tạo AI làm thay đổi giáo dục trực tuyến', '<p>Blockchain khiến dữ liệu trở n&ecirc;n c&ocirc;ng khai, minh bạch với người học, AI gi&uacute;p cải thiện khả năng tương t&aacute;c v&agrave; giảng dạy với từng c&aacute; nh&acirc;n.</p>\r\n\r\n<p>Sự b&ugrave;ng nổ của Internet v&agrave; những c&ocirc;ng nghệ mới như chuỗi khối (Blockchain) v&agrave; tr&iacute; tuệ nh&acirc;n tạo (AI) đ&atilde; g&oacute;p phần l&agrave;m thay đổi nền gi&aacute;o dục tr&ecirc;n to&agrave;n thế giới, h&igrave;nh th&agrave;nh những nền tảng Online Learning với nhiều ưu thế.</p>\r\n\r\n<p><strong>Mobile Learning dự b&aacute;o l&agrave; &quot;Cuộc c&aacute;ch mạng tiếp theo&quot; của gi&aacute;o dục trực tuyến</strong></p>\r\n\r\n<p>Theo nghi&ecirc;n cứu của Global Market Insights, thị trường gi&aacute;o dục trực tuyến to&agrave;n cầu đang c&oacute; tốc độ ph&aacute;t triển nhanh chưa từng thấy khi nền tảng hạ tầng Internet ng&agrave;y c&agrave;ng ho&agrave;n thiện v&agrave; phủ s&oacute;ng rộng khắp. Gi&aacute; trị c&aacute;c start-up về EdTech (C&ocirc;ng ty c&ocirc;ng nghệ chuy&ecirc;n về gi&aacute;o dục) to&agrave;n cầu được ước t&iacute;nh hơn 190 tỷ USD v&agrave;o năm 2018 v&agrave; dự kiến vượt hơn 300 tỷ USD v&agrave;o năm 2025.</p>', 'active', 'gCPGos7mhY.png', '2019-05-17 00:00:00', 'hailan', '2019-05-17 00:00:00', 'hailan', '2019-05-16', 'featured'),
(22, 6, 'Huawei nói lệnh cấm sẽ khiến Mỹ tụt hậu về 5G', '<p>Huawei khẳng định sắc lệnh mới của Mỹ sẽ chỉ c&agrave;ng khiến qu&aacute; tr&igrave;nh triển khai c&ocirc;ng nghệ 5G ở nước n&agrave;y th&ecirc;m chậm chạp v&agrave; đắt đỏ.</p>\r\n\r\n<p>H&atilde;ng c&ocirc;ng nghệ Trung Quốc tự nhận l&agrave; &quot;người dẫn đầu kh&ocirc;ng ai s&aacute;nh kịp về c&ocirc;ng nghệ 5G&quot;, n&ecirc;n việc bị hạn chế kinh doanh ở Mỹ chỉ dẫn đến kết cục l&agrave; Mỹ sẽ bị &quot;tụt lại ph&iacute;a sau&quot; trong việc triển khai c&ocirc;ng nghệ kết nối di động thế hệ mới<img alt=\"\" src=\"http://offline_laravel.test/images/photos/product/mahbod-akhzami-9pYqFMJTVEk-unsplash.jpg\" style=\"height:512px; width:640px\" /></p>', 'active', 'nt1QxhKUXM.jpeg', '2019-05-17 00:00:00', 'hailan', '2023-02-10 00:00:00', 'hailan', '2019-05-16', 'featured'),
(23, 6, 'Asus ra mắt Zenfone 6 với camera lật tự động', '<p>Với thiết kế m&agrave;n h&igrave;nh tr&agrave;n viền ho&agrave;n to&agrave;n kh&ocirc;ng tai thỏ, camera ch&iacute;nh 48 megapixel tr&ecirc;n Zenfone 6 c&oacute; thể lật từ sau ra trước biến th&agrave;nh camera selfie.</p>\r\n\r\n<p>Zenfone 6 l&agrave; một trong những smartphone c&oacute; viền m&agrave;n h&igrave;nh mỏng nhất tr&ecirc;n thị trường với tỷ lệ m&agrave;n h&igrave;nh hiển thị chiếm tới 92% diện t&iacute;ch mặt trước. M&aacute;y c&oacute; m&agrave;n h&igrave;nh 6,4 inch tr&agrave;n viền ra cả bốn cạnh, kh&ocirc;ng tai thỏ như một số mẫu Zenfone trước v&agrave; cũng kh&ocirc;ng d&ugrave;ng thiết kế đục lỗ như Galaxy S10, S10+</p>', 'active', 'aiC6j6fWZY.png', '2019-05-17 00:00:00', 'hailan', NULL, NULL, '2019-05-16', 'featured');

-- --------------------------------------------------------

--
-- Table structure for table `attribute`
--

CREATE TABLE `attribute` (
  `id` int(11) NOT NULL,
  `name` varchar(255) NOT NULL,
  `created` datetime DEFAULT NULL,
  `created_by` varchar(255) DEFAULT NULL,
  `modified` datetime DEFAULT NULL,
  `modified_by` varchar(255) DEFAULT NULL,
  `status` text DEFAULT NULL,
  `ordering` int(11) NOT NULL DEFAULT 0
) ENGINE=InnoDB DEFAULT CHARSET=utf8 ROW_FORMAT=COMPACT;

--
-- Dumping data for table `attribute`
--

INSERT INTO `attribute` (`id`, `name`, `created`, `created_by`, `modified`, `modified_by`, `status`, `ordering`) VALUES
(1, 'Màu sắc', '2022-10-31 00:00:00', 'hailan', NULL, NULL, 'active', 3),
(2, 'Slogan', '2022-10-31 00:00:00', 'hailan', NULL, NULL, 'active', 2),
(3, 'Chất liệu', '2022-10-31 00:00:00', 'hailan', '2022-10-31 00:00:00', 'hailan', 'active', 1);

-- --------------------------------------------------------

--
-- Table structure for table `category`
--

CREATE TABLE `category` (
  `id` int(11) NOT NULL,
  `name` varchar(200) CHARACTER SET utf8 NOT NULL,
  `_lft` int(10) UNSIGNED NOT NULL DEFAULT 0,
  `_rgt` int(10) UNSIGNED NOT NULL DEFAULT 0,
  `parent_id` int(10) UNSIGNED DEFAULT NULL,
  `status` text NOT NULL,
  `created` datetime DEFAULT NULL,
  `created_by` varchar(45) DEFAULT NULL,
  `modified` datetime DEFAULT NULL,
  `modified_by` varchar(45) DEFAULT NULL,
  `is_home` varchar(45) DEFAULT NULL,
  `display` varchar(255) DEFAULT NULL
) ENGINE=MyISAM DEFAULT CHARSET=latin1 ROW_FORMAT=DYNAMIC;

--
-- Dumping data for table `category`
--

INSERT INTO `category` (`id`, `name`, `_lft`, `_rgt`, `parent_id`, `status`, `created`, `created_by`, `modified`, `modified_by`, `is_home`, `display`) VALUES
(2, 'Thể thao', 18, 19, 1, 'active', '2019-05-04 00:00:00', 'admin', '2019-05-12 00:00:00', 'hailan', 'yes', 'list'),
(3, 'Giáo dục', 16, 17, 1, 'active', '2019-05-04 00:00:00', 'admin', '2019-05-12 00:00:00', 'hailan', 'yes', 'grid'),
(4, 'Sức khỏe', 10, 11, 5, 'active', '2019-05-04 00:00:00', 'admin', '2022-09-06 00:00:00', 'hailan', 'no', 'list'),
(5, 'Du lịch', 9, 12, 9, 'active', '2019-05-04 00:00:00', 'admin', '2022-09-06 00:00:00', 'hailan', 'no', 'grid'),
(6, 'Khoa học', 14, 15, 1, 'active', '2019-05-04 00:00:00', 'admin', '2019-05-12 00:00:00', 'hailan', 'no', 'list'),
(7, 'Số hóa', 4, 5, 1, 'active', '2019-05-04 00:00:00', 'admin', '2019-05-15 15:04:38', 'hailan', 'no', 'grid'),
(8, 'Xe - Ô tô', 2, 3, 1, 'active', '2019-05-04 00:00:00', 'admin', '2019-05-15 15:04:36', 'hailan', 'no', 'list'),
(9, 'Kinh doanh', 6, 13, 1, 'active', '2019-05-12 00:00:00', 'hailan', NULL, NULL, 'yes', 'list'),
(1, 'Root', 1, 20, NULL, 'active', '2019-05-04 00:00:00', 'admin', '2019-05-12 00:00:00', 'hailan', 'yes', 'list'),
(13, 'Bất động sản', 7, 8, 9, 'active', '2022-09-01 00:00:00', 'hailan', '2022-09-01 00:00:00', 'hailan', NULL, NULL);

-- --------------------------------------------------------

--
-- Table structure for table `category_product`
--

CREATE TABLE `category_product` (
  `id` int(11) NOT NULL,
  `name` varchar(200) CHARACTER SET utf8 NOT NULL,
  `_lft` int(10) UNSIGNED NOT NULL DEFAULT 0,
  `_rgt` int(10) UNSIGNED NOT NULL DEFAULT 0,
  `parent_id` int(10) UNSIGNED DEFAULT NULL,
  `status` text NOT NULL,
  `created` datetime DEFAULT NULL,
  `created_by` varchar(45) DEFAULT NULL,
  `modified` datetime DEFAULT NULL,
  `modified_by` varchar(45) DEFAULT NULL,
  `is_home` varchar(45) DEFAULT NULL,
  `display` varchar(255) DEFAULT NULL
) ENGINE=MyISAM DEFAULT CHARSET=latin1 ROW_FORMAT=DYNAMIC;

--
-- Dumping data for table `category_product`
--

INSERT INTO `category_product` (`id`, `name`, `_lft`, `_rgt`, `parent_id`, `status`, `created`, `created_by`, `modified`, `modified_by`, `is_home`, `display`) VALUES
(3, 'Giáo dục', 16, 17, 1, 'active', '2019-05-04 00:00:00', 'admin', '2019-05-12 00:00:00', 'hailan', 'yes', 'grid'),
(4, 'Sức khỏe', 10, 11, 5, 'active', '2019-05-04 00:00:00', 'admin', '2022-09-06 00:00:00', 'hailan', 'no', 'list'),
(5, 'Du lịch', 9, 12, 9, 'active', '2019-05-04 00:00:00', 'admin', '2022-09-06 00:00:00', 'hailan', 'no', 'grid'),
(6, 'Khoa học', 14, 15, 1, 'active', '2019-05-04 00:00:00', 'admin', '2019-05-12 00:00:00', 'hailan', 'no', 'list'),
(7, 'Số hóa', 4, 5, 1, 'active', '2019-05-04 00:00:00', 'admin', '2019-05-15 15:04:38', 'hailan', 'no', 'grid'),
(8, 'Xe - Ô tô', 2, 3, 1, 'inactive', '2019-05-04 00:00:00', 'admin', '2019-05-15 15:04:36', 'hailan', 'no', 'list'),
(9, 'Kinh doanh', 6, 13, 1, 'active', '2019-05-12 00:00:00', 'hailan', NULL, NULL, 'yes', 'list'),
(1, 'Root', 1, 18, NULL, 'active', '2019-05-04 00:00:00', 'admin', '2019-05-12 00:00:00', 'hailan', 'yes', 'list'),
(13, 'Bất động sản', 7, 8, 9, 'active', '2022-09-01 00:00:00', 'hailan', '2022-09-01 00:00:00', 'hailan', NULL, NULL);

-- --------------------------------------------------------

--
-- Table structure for table `city`
--

CREATE TABLE `city` (
  `id` bigint(20) UNSIGNED NOT NULL,
  `name` varchar(255) COLLATE utf8mb4_unicode_ci NOT NULL,
  `value` int(11) DEFAULT NULL,
  `status` varchar(100) COLLATE utf8mb4_unicode_ci DEFAULT NULL,
  `created` datetime DEFAULT NULL,
  `created_by` varchar(255) COLLATE utf8mb4_unicode_ci DEFAULT NULL,
  `modified` datetime DEFAULT NULL,
  `modified_by` varchar(255) COLLATE utf8mb4_unicode_ci DEFAULT NULL
) ENGINE=InnoDB DEFAULT CHARSET=utf8mb4 COLLATE=utf8mb4_unicode_ci;

--
-- Dumping data for table `city`
--

INSERT INTO `city` (`id`, `name`, `value`, `status`, `created`, `created_by`, `modified`, `modified_by`) VALUES
(1, 'TPHCM', 20000, NULL, '2023-02-11 00:00:00', 'hailan', '2023-02-11 00:00:00', 'hailan');

-- --------------------------------------------------------

--
-- Table structure for table `contact`
--

CREATE TABLE `contact` (
  `id` int(11) NOT NULL,
  `name` varchar(255) COLLATE utf8mb4_unicode_ci NOT NULL,
  `email` varchar(255) COLLATE utf8mb4_unicode_ci NOT NULL,
  `phone` varchar(255) COLLATE utf8mb4_unicode_ci NOT NULL,
  `content` varchar(255) COLLATE utf8mb4_unicode_ci NOT NULL,
  `status` varchar(225) COLLATE utf8mb4_unicode_ci DEFAULT NULL,
  `created` datetime DEFAULT NULL,
  `created_by` varchar(255) COLLATE utf8mb4_unicode_ci DEFAULT NULL,
  `modified` datetime DEFAULT NULL,
  `modified_by` varchar(255) COLLATE utf8mb4_unicode_ci DEFAULT NULL
) ENGINE=InnoDB DEFAULT CHARSET=utf8mb4 COLLATE=utf8mb4_unicode_ci ROW_FORMAT=COMPACT;

--
-- Dumping data for table `contact`
--

INSERT INTO `contact` (`id`, `name`, `email`, `phone`, `content`, `status`, `created`, `created_by`, `modified`, `modified_by`) VALUES
(2, 'test name', 'chihai70000@gmail.com', '0987656777', 'tin nhan', 'active', '2022-08-05 00:00:00', 'hailan', NULL, NULL),
(3, 'test mail 2', 'chihai70000@gmail.com', '0987878980', 'noi dung tin nhan', 'inactive', '2022-08-05 00:00:00', 'hailan', NULL, NULL),
(5, 'ho ten', 'chihai70000@gmail.com', '0989878767', 'noi dung', NULL, '2022-08-06 00:00:00', 'hailan', NULL, NULL);

-- --------------------------------------------------------

--
-- Table structure for table `coupon`
--

CREATE TABLE `coupon` (
  `id` bigint(20) UNSIGNED NOT NULL,
  `code` varchar(100) COLLATE utf8mb4_unicode_ci NOT NULL,
  `value_percent` varchar(100) COLLATE utf8mb4_unicode_ci DEFAULT NULL,
  `value_price` varchar(100) COLLATE utf8mb4_unicode_ci DEFAULT NULL,
  `date_start` date DEFAULT NULL,
  `date_end` date DEFAULT NULL,
  `total_start` int(11) DEFAULT NULL,
  `total_end` int(11) DEFAULT NULL,
  `total_use` int(11) DEFAULT NULL,
  `status` varchar(100) COLLATE utf8mb4_unicode_ci DEFAULT NULL,
  `created` datetime DEFAULT NULL,
  `created_by` varchar(255) COLLATE utf8mb4_unicode_ci DEFAULT NULL,
  `modified` datetime DEFAULT NULL,
  `modified_by` varchar(255) COLLATE utf8mb4_unicode_ci DEFAULT NULL
) ENGINE=InnoDB DEFAULT CHARSET=utf8mb4 COLLATE=utf8mb4_unicode_ci;

--
-- Dumping data for table `coupon`
--

INSERT INTO `coupon` (`id`, `code`, `value_percent`, `value_price`, `date_start`, `date_end`, `total_start`, `total_end`, `total_use`, `status`, `created`, `created_by`, `modified`, `modified_by`) VALUES
(3, 'k3YR33', '1', '1', '2023-02-08', '2023-02-08', 1, 1, 1, 'inactive', '2023-02-08 00:00:00', 'hailan', NULL, NULL);

-- --------------------------------------------------------

--
-- Table structure for table `failed_jobs`
--

CREATE TABLE `failed_jobs` (
  `id` bigint(20) UNSIGNED NOT NULL,
  `uuid` varchar(255) COLLATE utf8mb4_unicode_ci NOT NULL,
  `connection` text COLLATE utf8mb4_unicode_ci NOT NULL,
  `queue` text COLLATE utf8mb4_unicode_ci NOT NULL,
  `payload` longtext COLLATE utf8mb4_unicode_ci NOT NULL,
  `exception` longtext COLLATE utf8mb4_unicode_ci NOT NULL,
  `failed_at` timestamp NOT NULL DEFAULT current_timestamp()
) ENGINE=InnoDB DEFAULT CHARSET=utf8mb4 COLLATE=utf8mb4_unicode_ci;

-- --------------------------------------------------------

--
-- Table structure for table `menu`
--

CREATE TABLE `menu` (
  `id` int(11) NOT NULL,
  `ordering` int(11) DEFAULT 0,
  `name` varchar(255) COLLATE utf8mb4_unicode_ci NOT NULL,
  `status` varchar(225) COLLATE utf8mb4_unicode_ci DEFAULT NULL,
  `link` varchar(255) COLLATE utf8mb4_unicode_ci DEFAULT NULL,
  `type_menu` varchar(255) COLLATE utf8mb4_unicode_ci DEFAULT NULL,
  `type_open` varchar(255) CHARACTER SET utf8 DEFAULT NULL
) ENGINE=InnoDB DEFAULT CHARSET=utf8mb4 COLLATE=utf8mb4_unicode_ci ROW_FORMAT=COMPACT;

--
-- Dumping data for table `menu`
--

INSERT INTO `menu` (`id`, `ordering`, `name`, `status`, `link`, `type_menu`, `type_open`) VALUES
(2, 1, 'Trang chủ', 'active', '/', 'link', 'current'),
(3, 2, 'Blog', 'active', '#', 'category_article', 'current'),
(4, 4, 'Tin tức tổng hợp', 'active', 'tin-tuc-tong-hop', 'link', 'new_tab'),
(5, 5, 'Tin tổng hợp 2', 'active', 'tin-tuc-tong-hop-2', 'link', 'new_tab'),
(6, 3, 'Thư viện hình ảnh', 'active', 'thu-vien-hinh-anh', 'link', 'current'),
(7, 6, 'Liên hệ', 'active', 'lien-he', 'link', 'current');

-- --------------------------------------------------------

--
-- Table structure for table `migrations`
--

CREATE TABLE `migrations` (
  `id` int(10) UNSIGNED NOT NULL,
  `migration` varchar(255) COLLATE utf8mb4_unicode_ci NOT NULL,
  `batch` int(11) NOT NULL
) ENGINE=InnoDB DEFAULT CHARSET=utf8mb4 COLLATE=utf8mb4_unicode_ci;

--
-- Dumping data for table `migrations`
--

INSERT INTO `migrations` (`id`, `migration`, `batch`) VALUES
(1, '2014_10_12_000000_create_users_table', 1),
(2, '2014_10_12_100000_create_password_resets_table', 1),
(3, '2019_08_19_000000_create_failed_jobs_table', 1),
(4, '2022_12_30_233525_create_media_table', 1),
(9, '2023_02_02_233020_create_coupon_table', 2),
(10, '2023_02_11_232115_create_city_table', 3);

-- --------------------------------------------------------

--
-- Table structure for table `product`
--

CREATE TABLE `product` (
  `id` int(11) NOT NULL,
  `category_id` int(11) DEFAULT NULL,
  `name` varchar(255) COLLATE utf8mb4_unicode_ci NOT NULL,
  `content` text COLLATE utf8mb4_unicode_ci DEFAULT NULL,
  `status` varchar(225) COLLATE utf8mb4_unicode_ci DEFAULT NULL,
  `thumb` varchar(255) COLLATE utf8mb4_unicode_ci DEFAULT NULL,
  `images` text CHARACTER SET utf8 DEFAULT NULL,
  `created` datetime DEFAULT NULL,
  `created_by` varchar(255) COLLATE utf8mb4_unicode_ci DEFAULT NULL,
  `modified` datetime DEFAULT NULL,
  `modified_by` varchar(255) COLLATE utf8mb4_unicode_ci DEFAULT NULL,
  `publish_at` date DEFAULT NULL,
  `type` varchar(255) COLLATE utf8mb4_unicode_ci DEFAULT NULL
) ENGINE=InnoDB DEFAULT CHARSET=utf8mb4 COLLATE=utf8mb4_unicode_ci ROW_FORMAT=COMPACT;

--
-- Dumping data for table `product`
--

INSERT INTO `product` (`id`, `category_id`, `name`, `content`, `status`, `thumb`, `images`, `created`, `created_by`, `modified`, `modified_by`, `publish_at`, `type`) VALUES
(4, 1, 'Liverpool chỉ được nâng Cup phiên bản nếu vô địch hôm nay', '<p>Đội b&oacute;ng th&agrave;nh phố cảng sẽ kh&ocirc;ng n&acirc;ng Cup nguy&ecirc;n bản nếu vượt mặt Man City ở v&ograve;ng cuối Ngoại hạng Anh.</p>\r\n\r\n<p>Liverpool k&eacute;m Man City một điểm trước khi tiếp Wolverhampton tr&ecirc;n s&acirc;n nh&agrave; Anfield v&agrave;o ng&agrave;y Chủ Nhật. Ở trận đấu c&ugrave;ng giờ, Man City sẽ l&agrave;m kh&aacute;ch tới s&acirc;n Brighton v&agrave; biết một chiến thắng sẽ gi&uacute;p họ bảo vệ th&agrave;nh c&ocirc;ng ng&ocirc;i v&ocirc; địch. Kể từ khi c&aacute;c trận v&ograve;ng cuối Ngoại hạng Anh sẽ chơi đồng loạt c&ugrave;ng l&uacute;c, ban tổ chức phải đặt một chiếc cup phi&ecirc;n bản giống thật tại Anfield ph&ograve;ng trường hợp Liverpool v&ocirc; địch. Chiếc cup giả n&agrave;y thường được d&ugrave;ng trong c&aacute;c sự kiện quảng b&aacute; của Ngoại hạng Anh.&nbsp;</p>', 'active', 'L3Yuzln8II.png', NULL, '2019-05-04 00:00:00', 'hailan', '2019-05-17 00:00:00', 'hailan', '2019-04-29', 'featured'),
(5, 1, 'Bottas giành pole chặng thứ ba liên tiếp', '<p>Tay đua Phần Lan đ&aacute;nh bại đồng đội Lewis Hamilton ở v&ograve;ng ph&acirc;n hạng GP T&acirc;y Ban Nha h&ocirc;m 11/5.</p>\r\n\r\n<p>Valtteri Bottas nhanh hơn Hamilton 0,634 gi&acirc;y v&agrave; nhanh hơn người về thứ ba&nbsp;Sebastian Vettel 0,866 gi&acirc;y. Tay đua của Red Bull&nbsp;Max Verstappen nhanh thứ tư, trong khi&nbsp;Charles Leclerc về thứ năm.</p>', 'active', 'iQ1RXPioFZ.jpeg', NULL, '2019-05-04 00:00:00', 'hailan', '2019-05-17 00:00:00', 'hailan', '2019-04-28', 'featured'),
(6, 1, 'HLV Cardiff: \'Man Utd sẽ không vô địch trong 10 năm tới\'', '<p>Neil Warnock tỏ ra nghi ngờ về tương lai của Man Utd dưới thời HLV Solskjaer.</p>\r\n\r\n<p>&quot;Một số người nghĩ Man Utd cần từ hai đến ba kỳ chuyển nhượng nữa để gi&agrave;nh danh hiệu&quot;, HLV Neil Warnock chia sẻ. &quot;T&ocirc;i th&igrave; nghĩ c&oacute; thể l&agrave; 10 năm. T&ocirc;i kh&ocirc;ng thấy học&oacute; khả năng bắt kịp hai CLB h&agrave;ng đầu trong khoảng bốn hay năm năm tới&quot;.</p>\r\n\r\n<p>Lần cuối Man Utd v&ocirc; địch l&agrave; m&ugrave;a 2012-2013 dưới thời HLV Sir Alex Ferguson. Kể từ đ&oacute; đến nay, &quot;Quỷ đỏ&quot; kh&ocirc;ng c&ograve;n duy tr&igrave; được vị thế ứng cử vi&ecirc;n v&ocirc; địch h&agrave;ng đầu.&nbsp;</p>', 'active', 'ReChSfB95C.jpeg', NULL, '2019-05-04 00:00:00', 'hailan', '2019-05-17 00:00:00', 'hailan', '2019-05-30', 'featured'),
(7, 2, 'Đại học Anh đưa khóa học hạnh phúc vào chương trình giảng dạy', '<p>Kh&oacute;a học diễn ra trong 12 tuần, sinh vi&ecirc;n năm nhất Đại học Bristol sẽ được kh&aacute;m ph&aacute; hạnh ph&uacute;c l&agrave; g&igrave; v&agrave; l&agrave;m thế n&agrave;o để đạt được n&oacute;.</p>\r\n\r\n<p>Đại học Bristol (Anh) quyết định đưa kh&oacute;a học hạnh ph&uacute;c v&agrave;o giảng dạy từ th&aacute;ng 9 năm nay nhằm giảm thiểu t&igrave;nh trạng tự tử ở sinh vi&ecirc;n, sau khi 12 sinh vi&ecirc;n ở một trường kh&aacute;c quy&ecirc;n sinh trong ba năm qua. Gi&aacute;o sư Bruce Hood, nh&agrave; t&acirc;m l&yacute; học chuy&ecirc;n nghi&ecirc;n cứu về c&aacute;ch thức hoạt động của bộ n&atilde;o v&agrave; con người, sẽ giảng dạy m&ocirc;n học mới n&agrave;y.</p>', 'active', 'hoyOyXJrzx.png', NULL, '2019-05-04 00:00:00', 'hailan', '2019-05-17 00:00:00', 'hailan', '2019-05-05', 'featured'),
(8, 5, '11 cách đơn giản dạy trẻ quản lý thời gian', '<p>Phụ huynh h&atilde;y tạo cảm gi&aacute;c vui vẻ, hướng dẫn trẻ thiết lập những ưu ti&ecirc;n h&agrave;ng ng&agrave;y để ch&uacute;ng c&oacute; thể tự quản l&yacute; thời gian hiệu quả.</p>\r\n\r\n<p>&quot;Nhanh l&ecirc;n&quot;, &quot;Con c&oacute; biết mấy giờ rồi kh&ocirc;ng&quot;, &quot;Điều g&igrave; l&agrave;m con mất nhiều thời gian như vậy&quot;..., l&agrave; những c&acirc;u n&oacute;i quen thuộc của phụ huynh để nhắc nhở con về kh&aacute;i niệm thời gian. Thay v&igrave; n&oacute;i những c&acirc;u tr&ecirc;n, phụ huynh c&oacute; thể dạy con c&aacute;ch quản l&yacute; giờ giấc ngay từ khi ch&uacute;ng c&ograve;n nhỏ.</p>', 'active', 'Phe2pSOC5Q.jpeg', NULL, '2019-05-04 00:00:00', 'hailan', '2019-05-17 00:00:00', 'hailan', '2019-07-30', 'normal'),
(9, 3, 'Vì sao không hút thuốc vẫn bị ung thư phổi?', '<p>D&ugrave; kh&ocirc;ng h&uacute;t thuốc, bạn vẫn c&oacute; nguy cơ ung thư phổi do h&iacute;t phải kh&oacute;i thuốc, tiếp x&uacute;c với kh&iacute; radon hoặc sống trong m&ocirc;i trường &ocirc; nhiễm.&nbsp;</p>\r\n\r\n<p>Người kh&ocirc;ng h&uacute;t thuốc vẫn c&oacute; thể bị ung thư phổi.&nbsp;Tr&ecirc;n&nbsp;<em>Journal of the Royal Society of Medicine</em>,&nbsp;c&aacute;c nh&agrave; khoa học từ&nbsp;Hiệp hội Ung thư Mỹ cho biết 20% bệnh nh&acirc;n ung thư phổi kh&ocirc;ng bao giờ h&uacute;t thuốc.&nbsp;Nghi&ecirc;n cứu 30 năm tr&ecirc;n 1,2 triệu người của tổ chức n&agrave;y cũng chỉ ra số người kh&ocirc;ng h&uacute;t thuốc bị ung thư phổi đang gia tăng. Hầu hết bệnh nh&acirc;n chỉ được chẩn đo&aacute;n khi đ&atilde; bước sang giai đoạn nghi&ecirc;m trọng kh&ocirc;ng thể điều trị.&nbsp;</p>', 'active', 'tPa7bgOesm.png', NULL, '2019-05-04 00:00:00', 'hailan', '2019-05-17 00:00:00', 'hailan', '2019-08-30', 'normal'),
(10, 4, '10 hãng hàng không  tốt nhất thế giới năm 2019', '<p>Qatar l&agrave; quốc gia duy nhất tr&ecirc;n thế giới c&oacute; h&atilde;ng h&agrave;ng kh&ocirc;ng v&agrave; s&acirc;n bay tốt nhất năm 2019.</p>\r\n\r\n<p>C&aacute;c s&acirc;n bay được đ&aacute;nh gi&aacute; dựa tr&ecirc;n 3 yếu tố: hiệu suất đ&uacute;ng giờ, chất lượng dịch vụ, thực phẩm v&agrave; lựa chọn mua sắm. Yếu tố đầu ti&ecirc;n chiếm 60% số điểm, hai ti&ecirc;u ch&iacute; c&ograve;n lại chiếm 20%. Dữ liệu của AirHelp được dựa tr&ecirc;n thống k&ecirc; từ nhiều nh&agrave; cung cấp thương mại, c&ugrave;ng cơ sở dữ liệu đ&aacute;nh gi&aacute; ri&ecirc;ng v&agrave; 40.000 khảo s&aacute;t h&agrave;nh kh&aacute;ch được thu thập từ hơn 40 quốc gia trong năm 2018.</p>', 'active', '8GlYE3KYtZ.png', NULL, '2019-05-04 00:00:00', 'hailan', '2019-05-17 00:00:00', 'hailan', '2019-09-30', 'normal'),
(11, 5, 'Phát hiện bụt mọc cổ thụ hơn 2.600 tuổi ở Mỹ', '<p>Ph&aacute;t hiện mới gi&uacute;p bụt mọc trở th&agrave;nh một trong những c&acirc;y sinh sản hữu t&iacute;nh gi&agrave; nhất thế giới, vượt xa ước t&iacute;nh trước đ&acirc;y của c&aacute;c chuy&ecirc;n gia.</p>\r\n\r\n<p>C&aacute;c nh&agrave; khoa học ph&aacute;t hiện một c&acirc;y bụt mọc &iacute;t nhất đ&atilde; 2.624 tuổi ở v&ugrave;ng đầm lầy s&ocirc;ng Black, bang Bắc Carolina, Mỹ, theo nghi&ecirc;n cứu đăng tr&ecirc;n tạp ch&iacute;&nbsp;<em>Environmental Research Communications</em>&nbsp;h&ocirc;m 9/5.&nbsp;</p>\r\n\r\n<p>Nh&oacute;m nghi&ecirc;n cứu bắt gặp bụt mọc cổ thụ n&agrave;y trong l&uacute;c nghi&ecirc;n cứu v&ograve;ng tuổi của c&acirc;y để t&igrave;m hiểu về lịch sử kh&iacute; hậu tại miền đ&ocirc;ng nước Mỹ. Ngo&agrave;i thể hiện tuổi thọ, độ rộng v&agrave; m&agrave;u sắc của v&ograve;ng tuổi tr&ecirc;n th&acirc;n c&acirc;y c&ograve;n cho biết mức độ ẩm ướt hay kh&ocirc; hạn của năm tương ứng.</p>', 'active', 'a09zB7BiwV.jpeg', NULL, '2019-05-12 00:00:00', 'hailan', '2019-05-17 00:00:00', 'hailan', '2019-05-12', 'normal'),
(12, 6, 'Apple có thể không nâng cấp iOS 13 cho iPhone SE, 6', '<p>Những mẫu iPhone ra mắt từ 2014 v&agrave; iPhone SE c&oacute; thể kh&ocirc;ng được l&ecirc;n đời hệ điều h&agrave;nh iOS 13 ra mắt th&aacute;ng 6 tới.</p>\r\n\r\n<p>Theo&nbsp;<em>Phone Arena</em>, hệ điều h&agrave;nh iOS 13 sắp tr&igrave;nh l&agrave;ng tại hội nghị WWDC 2019 sẽ kh&ocirc;ng hỗ trợ một loạt iPhone đời cũ của Apple. Trong đ&oacute;, đ&aacute;ng ch&uacute; &yacute; l&agrave; c&aacute;c mẫu iPhone vẫn c&ograve;n được nhiều người d&ugrave;ng sử dụng như iPhone 6, 6s Plus hay SE.&nbsp;</p>', 'active', '9jOZGc7BJK.png', NULL, '2019-05-12 00:00:00', 'hailan', '2019-05-17 00:00:00', 'hailan', '2019-05-10', 'normal'),
(13, 7, 'Hình dung về Honda Jazz thế hệ mới', '<p>Thế hệ thứ tư của mẫu hatchback Honda tiết chế bớt những đường n&eacute;t g&acirc;n guốc, thể thao để thay bằng n&eacute;t trung t&iacute;nh, hợp mắt người d&ugrave;ng hơn.&nbsp;</p>\r\n\r\n<p>Những h&igrave;nh ảnh đầu ti&ecirc;n về Honda Jazz (Fit tại Nhật Bản) thế hệ mới bắt đầu xuất hiện tr&ecirc;n đường thử. D&ugrave; chưa phải thiết kế ho&agrave;n chỉnh, thay đổi của mẫu hatchback cỡ B cho thấy những đường n&eacute;t trung t&iacute;nh m&agrave; xe sắp sở hữu. Điều n&agrave;y tr&aacute;i ngược với tạo h&igrave;nh g&acirc;n guốc, thể thao ở thế hệ thứ ba hiện tại của Jazz.&nbsp;</p>', 'active', 'g2c7mYXBPW.png', NULL, '2019-05-12 00:00:00', 'hailan', '2019-05-17 00:00:00', 'hailan', '2019-05-12', 'normal'),
(14, 1, 'Hà Nội vào vòng knock-out AFC Cup', '<p>ĐKVĐ V-League đ&aacute;nh bại&nbsp;Tampines Rovers 2-0 v&agrave;o chiều 15/5 để đứng đầu bảng F.</p>\r\n\r\n<p>Tiếp đối thủ đến từ Singapore trong t&igrave;nh thế buộc phải thắng để tự quyết v&eacute; đi tiếp, H&agrave; Nội đ&atilde; c&oacute; trận đấu dễ d&agrave;ng. C&oacute; thể n&oacute;i, kết quả của trận đấu được định đoạt trong hiệp một khi Oseni v&agrave; Th&agrave;nh Chung lần lượt ghi b&agrave;n cho đội chủ nh&agrave;. Trong khi đ&oacute;, Tampines Rovers phải trả gi&aacute; cho lối chơi th&ocirc; bạo khi Yasir Hanapi nhận thẻ v&agrave;ng thứ hai rời s&acirc;n. Tiền vệ n&agrave;y bị trừng phạt bởi pha đ&aacute;nh nguội với Th&agrave;nh Chung ở đầu trận, sau đ&oacute; l&agrave; t&igrave;nh huống phạm lỗi &aacute;c &yacute; với Đ&igrave;nh Trọng.</p>', 'active', 'e7YyFZJCc8.jpeg', NULL, '2019-05-15 00:00:00', 'hailan', '2019-05-17 00:00:00', 'hailan', '2019-05-10', 'featured'),
(15, 1, 'Man City vẫn dự Champions League mùa 2019-2020', '<p>Việc điều tra vi phạm luật c&ocirc;ng bằng t&agrave;i ch&iacute;nh của chủ s&acirc;n Etihad chưa thể ho&agrave;n th&agrave;nh trong v&ograve;ng một năm tới.</p>\r\n\r\n<p><em>Sports Mail</em>&nbsp;(Anh)&nbsp;cho biết, &aacute;n phạt cấm tham dự Champions League một m&ugrave;a với Man City, do vi phạm luật c&ocirc;ng bằng t&agrave;i ch&iacute;nh (FFP), chỉ được đưa ra sớm nhất v&agrave;o m&ugrave;a 2020-2021.</p>\r\n\r\n<p>Trong bức thư ngỏ gửi tới truyền th&ocirc;ng Anh, Man City viết: &quot;Ch&uacute;ng t&ocirc;i hợp t&aacute;c một c&aacute;ch thiện ch&iacute; với Tiểu ban kiểm so&aacute;t t&agrave;i ch&iacute;nh c&aacute;c CLB của UEFA (CFCB). CLB tin tưởng v&agrave;o sự độc lập v&agrave; cam kết của CFCB h&ocirc;m 7/3, rằng sẽ kh&ocirc;ng kết luận g&igrave; trong thời gian điều tra&quot;.</p>', 'active', 'exzJEG4WDU.jpeg', NULL, '2019-05-15 00:00:00', 'hailan', '2019-05-17 00:00:00', 'hailan', '2019-05-10', 'featured'),
(16, 1, 'Những câu đố giúp rèn luyện trí não', '<p>Bạn cần quan s&aacute;t, suy luận logic v&agrave; c&oacute; vốn từ vựng tiếng Anh để giải quyết những c&acirc;u đố dưới đ&acirc;y.</p>\r\n\r\n<p>C&acirc;u 1:&nbsp;Mike đến một buổi phỏng vấn xin việc. Anh đ&atilde; g&acirc;y ấn tượng với gi&aacute;m đốc về những kỹ năng v&agrave; kinh nghiệm của m&igrave;nh. Tuy nhi&ecirc;n, để quyết định c&oacute; nhận Mike hay kh&ocirc;ng, nữ gi&aacute;m đốc đưa ra một c&acirc;u đố h&oacute;c b&uacute;a v&agrave; y&ecirc;u cầu Mike trả lời trong 30 gi&acirc;y.</p>\r\n\r\n<p>Nội dung c&acirc;u đố: H&atilde;y đưa ra 30 từ tiếng Anh kh&ocirc;ng c&oacute; chữ &quot;a&quot; xuất hiện trong đ&oacute;?&nbsp;</p>\r\n\r\n<p>Mike dễ d&agrave;ng giải quyết c&acirc;u đố. Theo bạn anh ấy n&oacute;i những từ tiếng Anh n&agrave;o để kịp trả lời trong 30 gi&acirc;y?</p>', 'active', 'TpcocqUjob.png', NULL, '2019-05-15 00:00:00', 'hailan', '2019-05-17 00:00:00', 'hailan', '2019-05-10', 'featured'),
(17, 3, 'Cách nhận biết mật ong nguyên chất và pha trộn', '<p>Mật ong nguy&ecirc;n chất sẽ kh&ocirc;ng thấm qua tờ giấy, lắng xuống đ&aacute;y ly nước v&agrave; bị kiến ăn, kh&aacute;c với mật ong bị pha trộn tạp chất.</p>\r\n\r\n<p>Dược sĩ V&otilde; H&ugrave;ng Mạnh, Trưởng khoa Dược Bệnh viện Y học d&acirc;n tộc cổ truyền B&igrave;nh Định, cho biết thị trường c&oacute; nhiều loại mật ong bị pha trộn, chỉ nh&igrave;n bề ngo&agrave;i hay ngửi m&ugrave;i chưa chắc ph&acirc;n biệt được.</p>\r\n\r\n<p>Theo dược sĩ H&ugrave;ng, một c&aacute;ch ph&acirc;n biệt thật giả l&agrave; lấy cọng h&agrave;nh tươi nh&uacute;ng v&agrave;o lọ mật ong, lấy ra chừng v&agrave;i ph&uacute;t. Cọng l&aacute; h&agrave;nh sẽ chuyển từ m&agrave;u xanh l&aacute; sang sậm nếu mật ong thật. Ngo&agrave;i ra, c&oacute; thể nhỏ giọt mật v&agrave;o nơi c&oacute; kiến, nếu kiến kh&ocirc;ng bu giọt mật th&igrave; cũng l&agrave; mật ong thật.</p>\r\n\r\n<p>Ng&agrave;y nay, nhiều người đặt mật ong v&agrave;o ngăn đ&aacute; tủ lạnh, sau 24 giờ m&agrave; kh&ocirc;ng c&oacute; hiện tượng đ&ocirc;ng đ&aacute; th&igrave; l&agrave; mật thật.</p>', 'active', 'xvEqmF5uyJ.png', NULL, '2019-05-15 00:00:00', 'hailan', '2019-05-17 00:00:00', 'hailan', '2019-05-10', 'normal'),
(18, 4, 'Nhiều tour mùa hè giảm giá hàng chục triệu đồng', '<p>C&aacute;c tour trong v&agrave; ngo&agrave;i nước đều được giảm gi&aacute; mạnh để k&iacute;ch cầu du lịch trong dịp h&egrave;, nhiều chương tr&igrave;nh khuyến m&atilde;i l&ecirc;n đến h&agrave;ng chục triệu đồng.</p>\r\n\r\n<p>Sau khi so s&aacute;nh tiền v&eacute; m&aacute;y bay, ph&ograve;ng kh&aacute;ch sạn ở Bali để chuẩn bị cho kỳ nghỉ h&egrave; của gia đ&igrave;nh, anh Sơn (ngụ quận 2, TP HCM) quyết định chuyển sang mua tour trọn g&oacute;i v&igrave; tiết kiệm hơn.</p>', 'active', 'd2ABCeBzoR.jpeg', NULL, '2019-05-15 00:00:00', 'hailan', '2019-05-17 00:00:00', 'hailan', '2019-05-15', 'featured'),
(19, 7, 'BMW i8 Roadster - xe mui trần dẫn đường ở Formula E', '<p>Dịp cuối tuần qua, BMW giới thiệu chiếc xe dẫn đường, l&agrave;m nhiệm vụ đảm bảo an to&agrave;n tại giải đua xe Formula E. Giải đua tương tự giải F1, nhưng to&agrave;n bộ xe đua sử dụng động cơ điện.</p>\r\n\r\n<p>i8 Roadster Safety Car dựa tr&ecirc;n chiếc i8 Roadster ti&ecirc;u chuẩn, nhưng c&oacute; những thay đổi để trở th&agrave;nh chiếc xe dẫn đường chuy&ecirc;n dụng. Ngoại h&igrave;nh c&oacute; một số đặc điểm ấn tượng hơn so với nguy&ecirc;n bản. K&iacute;nh chắn gi&oacute; kiểu d&agrave;nh cho xe đua, trọng t&acirc;m hạ thấp 15 mm.</p>', 'active', '9fbeUKTBpU.png', NULL, '2019-05-15 00:00:00', 'hailan', '2019-05-17 00:00:00', 'hailan', '2019-05-10', 'normal'),
(20, 3, 'Tia cực tím tại Hà Nội ở mức \'nguy hiểm\'', '<p>Chỉ số tia UV tại H&agrave; Nội ng&agrave;y 18-19/5 l&ecirc;n tới 11, mức được đ&aacute;nh gi&aacute; l&agrave; &quot;nguy hiểm&quot; dễ khiến da, mắt bị bỏng nhiệt.</p>\r\n\r\n<p>H&agrave; Nội đang trải qua đợt nắng n&oacute;ng gay gắt. Theo Trung t&acirc;m Dự b&aacute;o Kh&iacute; tượng Thủy văn Quốc gia, nhiệt độ cao nhất ở H&agrave; Nội ng&agrave;y 18/5 dao động trong khoảng 37 đến 39 độ C, c&oacute; nơi tr&ecirc;n 39 độ.&nbsp;Trang&nbsp;<em>World Weather Online</em>&nbsp;của Anh dự b&aacute;o chỉ số tia cực t&iacute;m tại H&agrave; Nội hai ng&agrave;y 18-19/5 đạt mức 11.&nbsp;</p>', 'active', 'C4DtP4ico8.png', NULL, '2019-05-17 00:00:00', 'hailan', '2019-05-17 00:00:00', 'hailan', '2019-05-16', 'normal'),
(21, 8, 'Blockchain và trí tuệ nhân tạo AI làm thay đổi giáo dục trực tuyến', '<p>Blockchain khiến dữ liệu trở n&ecirc;n c&ocirc;ng khai, minh bạch với người học, AI gi&uacute;p cải thiện khả năng tương t&aacute;c v&agrave; giảng dạy với từng c&aacute; nh&acirc;n.</p>\r\n\r\n<p>Sự b&ugrave;ng nổ của Internet v&agrave; những c&ocirc;ng nghệ mới như chuỗi khối (Blockchain) v&agrave; tr&iacute; tuệ nh&acirc;n tạo (AI) đ&atilde; g&oacute;p phần l&agrave;m thay đổi nền gi&aacute;o dục tr&ecirc;n to&agrave;n thế giới, h&igrave;nh th&agrave;nh những nền tảng Online Learning với nhiều ưu thế.</p>\r\n\r\n<p><strong>Mobile Learning dự b&aacute;o l&agrave; &quot;Cuộc c&aacute;ch mạng tiếp theo&quot; của gi&aacute;o dục trực tuyến</strong></p>\r\n\r\n<p>Theo nghi&ecirc;n cứu của Global Market Insights, thị trường gi&aacute;o dục trực tuyến to&agrave;n cầu đang c&oacute; tốc độ ph&aacute;t triển nhanh chưa từng thấy khi nền tảng hạ tầng Internet ng&agrave;y c&agrave;ng ho&agrave;n thiện v&agrave; phủ s&oacute;ng rộng khắp. Gi&aacute; trị c&aacute;c start-up về EdTech (C&ocirc;ng ty c&ocirc;ng nghệ chuy&ecirc;n về gi&aacute;o dục) to&agrave;n cầu được ước t&iacute;nh hơn 190 tỷ USD v&agrave;o năm 2018 v&agrave; dự kiến vượt hơn 300 tỷ USD v&agrave;o năm 2025.</p>', 'active', '[{\"name\":\"hBdr2m6err.jpg\",\"alt\":\"h\\u00ecnh 2\"}]', NULL, '2019-05-17 00:00:00', 'hailan', '2023-01-27 00:00:00', 'hailan', '2019-05-16', 'featured'),
(22, 6, 'Huawei nói lệnh cấm sẽ khiến Mỹ tụt hậu về 5G', '<p>Huawei khẳng định sắc lệnh mới của Mỹ sẽ chỉ c&agrave;ng khiến qu&aacute; tr&igrave;nh triển khai c&ocirc;ng nghệ 5G ở nước n&agrave;y th&ecirc;m chậm chạp v&agrave; đắt đỏ.</p>\r\n\r\n<p>H&atilde;ng c&ocirc;ng nghệ Trung Quốc tự nhận l&agrave; &quot;người dẫn đầu kh&ocirc;ng ai s&aacute;nh kịp về c&ocirc;ng nghệ 5G&quot;, n&ecirc;n việc bị hạn chế kinh doanh ở Mỹ chỉ dẫn đến kết cục l&agrave; Mỹ sẽ bị &quot;tụt lại ph&iacute;a sau&quot; trong việc triển khai c&ocirc;ng nghệ kết nối di động thế hệ mới</p>', 'active', '[{\"name\":\"wbgf6OCUGq.jpg\",\"alt\":\"h\\u00ecnh 13\"}]', NULL, '2019-05-17 00:00:00', 'hailan', '2023-02-26 00:00:00', 'hailan', '2019-05-16', 'featured');

-- --------------------------------------------------------

--
-- Table structure for table `product_attribute`
--

CREATE TABLE `product_attribute` (
  `id` int(11) NOT NULL,
  `product_id` int(11) NOT NULL DEFAULT 0,
  `attribute_id` int(11) NOT NULL DEFAULT 0,
  `value` varchar(255) NOT NULL DEFAULT '',
  `value_price` int(11) DEFAULT 0,
  `created` datetime DEFAULT NULL,
  `created_by` varchar(255) DEFAULT NULL,
  `modified` datetime DEFAULT NULL,
  `modified_by` varchar(255) DEFAULT NULL,
  `status` text DEFAULT NULL,
  `ordering` int(11) NOT NULL DEFAULT 0,
  `default` tinyint(1) DEFAULT 0
) ENGINE=InnoDB DEFAULT CHARSET=utf8 ROW_FORMAT=COMPACT;

--
-- Dumping data for table `product_attribute`
--

INSERT INTO `product_attribute` (`id`, `product_id`, `attribute_id`, `value`, `value_price`, `created`, `created_by`, `modified`, `modified_by`, `status`, `ordering`, `default`) VALUES
(44, 22, 1, 'vàng', 0, '2022-11-10 00:00:00', 'hailan', '2023-03-06 00:00:00', 'hailan', NULL, 0, 0),
(88, 22, 1, 'trắng', 0, '2023-03-05 00:00:00', 'hailan', '2023-03-06 00:00:00', 'hailan', NULL, 0, 0),
(92, 22, 1, 'đỏ', 0, '2023-03-05 00:00:00', 'hailan', '2023-03-06 00:00:00', 'hailan', NULL, 0, 0),
(93, 22, 2, 'slogan 1', 0, '2023-03-05 00:00:00', 'hailan', '2023-03-06 00:00:00', 'hailan', NULL, 0, 0),
(95, 22, 1, 'tím', 0, '2023-03-05 00:00:00', 'hailan', '2023-03-06 00:00:00', 'hailan', NULL, 0, 0),
(96, 22, 3, 'nhựa', 10000, '2023-03-06 00:00:00', 'hailan', '2023-03-06 00:00:00', 'hailan', NULL, 0, 0),
(97, 22, 3, 'gỗ', 20000, '2023-03-06 00:00:00', 'hailan', '2023-03-06 00:00:00', 'hailan', NULL, 1, 1),
(98, 22, 2, 'slogan 3', 0, '2023-03-06 00:00:00', 'hailan', '2023-03-06 00:00:00', 'hailan', NULL, 0, 0);

-- --------------------------------------------------------

--
-- Table structure for table `rss`
--

CREATE TABLE `rss` (
  `id` int(11) NOT NULL,
  `name` varchar(255) NOT NULL,
  `status` varchar(45) NOT NULL,
  `link` varchar(255) DEFAULT NULL,
  `ordering` int(11) DEFAULT NULL,
  `source` varchar(45) DEFAULT NULL,
  `created` datetime DEFAULT NULL,
  `created_by` varchar(45) DEFAULT NULL,
  `modified` datetime DEFAULT NULL,
  `modified_by` varchar(45) DEFAULT NULL
) ENGINE=InnoDB DEFAULT CHARSET=utf8;

--
-- Dumping data for table `rss`
--

INSERT INTO `rss` (`id`, `name`, `status`, `link`, `ordering`, `source`, `created`, `created_by`, `modified`, `modified_by`) VALUES
(1, 'Thế Giới VNExpress', 'active', 'https://vnexpress.net/rss/the-gioi.rss', 1, 'vnexpress', '2021-07-11 00:00:00', 'hailan', '2021-07-12 00:00:00', 'hailan'),
(2, 'Thế Giới TuoiTre', 'inactive', 'https://tuoitre.vn/rss/the-gioi.rss', 2, 'tuoitre', '2021-07-11 00:00:00', 'hailan', NULL, NULL),
(4, 'Thời sự VNEx', 'inactive', 'https://vnexpress.net/rss/thoi-su.rss', 4, 'vnexpress', '2021-07-12 00:00:00', 'hailan', '2021-07-12 00:00:00', 'hailan');

-- --------------------------------------------------------

--
-- Table structure for table `rss2`
--

CREATE TABLE `rss2` (
  `id` int(11) NOT NULL,
  `name` varchar(255) NOT NULL,
  `status` varchar(45) NOT NULL,
  `link` varchar(255) DEFAULT NULL,
  `ordering` int(11) DEFAULT NULL,
  `source` varchar(45) DEFAULT NULL,
  `created` datetime DEFAULT NULL,
  `created_by` varchar(45) DEFAULT NULL,
  `modified` datetime DEFAULT NULL,
  `modified_by` varchar(45) DEFAULT NULL
) ENGINE=InnoDB DEFAULT CHARSET=utf8;

--
-- Dumping data for table `rss2`
--

INSERT INTO `rss2` (`id`, `name`, `status`, `link`, `ordering`, `source`, `created`, `created_by`, `modified`, `modified_by`) VALUES
(1, 'vnexpress the gioi', 'active', 'https://vnexpress.net/rss/the-gioi.rss', 1, 'vnexpress', '2022-07-16 00:00:00', 'hailan', '2022-07-16 00:00:00', 'hailan'),
(2, 'tuoitre the gioi', 'active', 'https://tuoitre.vn/rss/the-gioi.rss', 2, 'tuoitre', '2022-07-16 00:00:00', 'hailan', NULL, NULL);

-- --------------------------------------------------------

--
-- Table structure for table `setting`
--

CREATE TABLE `setting` (
  `id` int(11) NOT NULL,
  `key_value` varchar(255) COLLATE utf8mb4_unicode_ci NOT NULL,
  `value` text COLLATE utf8mb4_unicode_ci DEFAULT NULL,
  `status` varchar(225) COLLATE utf8mb4_unicode_ci DEFAULT NULL,
  `created` datetime DEFAULT NULL,
  `created_by` varchar(255) COLLATE utf8mb4_unicode_ci DEFAULT NULL,
  `modified` datetime DEFAULT NULL,
  `modified_by` varchar(255) COLLATE utf8mb4_unicode_ci DEFAULT NULL
) ENGINE=InnoDB DEFAULT CHARSET=utf8mb4 COLLATE=utf8mb4_unicode_ci ROW_FORMAT=COMPACT;

--
-- Dumping data for table `setting`
--

INSERT INTO `setting` (`id`, `key_value`, `value`, `status`, `created`, `created_by`, `modified`, `modified_by`) VALUES
(5, 'setting-main', '{\"hotline\":\"0938395600\",\"introduce\":\"<p>in tor duce<\\/p>\\r\\n\\r\\n<p>fadsfadsfasdf <strong>fa <\\/strong>fasdfasdfasf<\\/p>\\r\\n\\r\\n<ul>\\r\\n\\t<li>fadsf<\\/li>\\r\\n\\t<li>urtey<\\/li>\\r\\n\\t<li>fdasfasd<\\/li>\\r\\n<\\/ul>\",\"diachi\":\"123a H\\u1ed3 Ch\\u00ed Minh\",\"logo\":\"TWCkhJUszG.jpg\",\"thoigian\":\"8h30 - 17h30\",\"iframe\":\"<iframe src=\\\"https:\\/\\/www.google.com\\/maps\\/embed?pb=!1m18!1m12!1m3!1d3919.457631443499!2d106.6808443146209!3d10.77621926214464!2m3!1f0!2f0!3f0!3m2!1i1024!2i768!4f13.1!3m3!1m2!1s0x0%3A0xd036e3ab743a641a!2zMTDCsDQ2JzM0LjQiTiAxMDbCsDQwJzU4LjkiRQ!5e0!3m2!1svi!2s!4v1659361375179!5m2!1svi!2s\\\" width=\\\"600\\\" height=\\\"450\\\" style=\\\"border:0;\\\" allowfullscreen=\\\"\\\" loading=\\\"lazy\\\" referrerpolicy=\\\"no-referrer-when-downgrade\\\"><\\/iframe>\"}', NULL, '2022-07-31 00:00:00', 'hailan', '2022-08-01 00:00:00', 'hailan'),
(7, 'setting-email', '{\"email\":\"huuduong9@gmaiil.com\",\"password\":\"123456\"}', NULL, '2022-07-31 00:00:00', 'hailan', '2022-07-31 00:00:00', 'hailan'),
(8, 'setting-video', 'https://www.youtube.com/playlist?list=PLqMoyHRkV0_YP-UP37q7Qeq1YQPINSbZx', NULL, '2022-07-31 00:00:00', 'hailan', '2023-02-10 00:00:00', 'hailan');

-- --------------------------------------------------------

--
-- Table structure for table `slider`
--

CREATE TABLE `slider` (
  `id` int(11) NOT NULL,
  `name` varchar(255) NOT NULL,
  `description` text DEFAULT NULL,
  `link` varchar(200) NOT NULL,
  `thumb` text DEFAULT NULL,
  `created` datetime DEFAULT NULL,
  `created_by` varchar(255) DEFAULT NULL,
  `modified` datetime DEFAULT NULL,
  `modified_by` varchar(255) DEFAULT NULL,
  `status` text DEFAULT NULL
) ENGINE=InnoDB DEFAULT CHARSET=utf8 ROW_FORMAT=COMPACT;

--
-- Dumping data for table `slider`
--

INSERT INTO `slider` (`id`, `name`, `description`, `link`, `thumb`, `created`, `created_by`, `modified`, `modified_by`, `status`) VALUES
(1, 'Khóa học lập trình Frontend Master', 'Khóa học sẽ giúp bạn trở thành một chuyên gia Frontend với đầy đủ các kiến thức về HTML, CSS, JavaScript, Bootstrap, jQuery, chuyển PSD thành HTML ...', 'https://zendvn.com/khoa-hoc-lap-trinh-frontend-master/', 'rEpDUQCxe4.jpeg', '2019-04-15 00:00:00', 'hailan', '2019-04-24 13:28:03', 'hailan', 'active'),
(2, 'Học lập trình trực tuyến', 'Học trực tuyến giúp bạn tiết kiệm chi phí, thời gian, cập nhật được nhiều kiến thức mới nhanh nhất và hiệu quả nhất', 'https://zendvn.com/', 'K6B1O6UNCb.jpeg', '2019-04-18 00:00:00', 'hailan', '2019-04-24 13:28:06', 'hailan', 'active'),
(3, 'Ưu đãi học phí', 'Tổng hợp các trương trình ưu đãi học phí hàng tuần, hàng tháng đến tất các các bạn với các mức giảm đặc biệt 50%, 70%,..', 'https://zendvn.com/uu-dai-hoc-phi-tai-zendvn/', 'LWi6hINpXz.jpeg', '2019-04-24 00:00:00', 'hailan', '2021-07-10 00:00:00', 'hailan', 'active');

--
-- Indexes for dumped tables
--

--
-- Indexes for table `article`
--
ALTER TABLE `article`
  ADD PRIMARY KEY (`id`) USING BTREE;

--
-- Indexes for table `attribute`
--
ALTER TABLE `attribute`
  ADD PRIMARY KEY (`id`) USING BTREE;

--
-- Indexes for table `category`
--
ALTER TABLE `category`
  ADD PRIMARY KEY (`id`) USING BTREE;

--
-- Indexes for table `category_product`
--
ALTER TABLE `category_product`
  ADD PRIMARY KEY (`id`) USING BTREE;

--
-- Indexes for table `city`
--
ALTER TABLE `city`
  ADD PRIMARY KEY (`id`);

--
-- Indexes for table `contact`
--
ALTER TABLE `contact`
  ADD PRIMARY KEY (`id`) USING BTREE;

--
-- Indexes for table `coupon`
--
ALTER TABLE `coupon`
  ADD PRIMARY KEY (`id`);

--
-- Indexes for table `failed_jobs`
--
ALTER TABLE `failed_jobs`
  ADD PRIMARY KEY (`id`),
  ADD UNIQUE KEY `failed_jobs_uuid_unique` (`uuid`);

--
-- Indexes for table `menu`
--
ALTER TABLE `menu`
  ADD PRIMARY KEY (`id`) USING BTREE;

--
-- Indexes for table `migrations`
--
ALTER TABLE `migrations`
  ADD PRIMARY KEY (`id`);

--
-- Indexes for table `product`
--
ALTER TABLE `product`
  ADD PRIMARY KEY (`id`) USING BTREE;

--
-- Indexes for table `product_attribute`
--
ALTER TABLE `product_attribute`
  ADD PRIMARY KEY (`id`) USING BTREE;

--
-- Indexes for table `rss`
--
ALTER TABLE `rss`
  ADD PRIMARY KEY (`id`);

--
-- Indexes for table `rss2`
--
ALTER TABLE `rss2`
  ADD PRIMARY KEY (`id`);

--
-- Indexes for table `setting`
--
ALTER TABLE `setting`
  ADD PRIMARY KEY (`id`) USING BTREE;

--
-- Indexes for table `slider`
--
ALTER TABLE `slider`
  ADD PRIMARY KEY (`id`) USING BTREE;

--
-- AUTO_INCREMENT for dumped tables
--

--
-- AUTO_INCREMENT for table `article`
--
ALTER TABLE `article`
  MODIFY `id` int(11) NOT NULL AUTO_INCREMENT, AUTO_INCREMENT=24;

--
-- AUTO_INCREMENT for table `attribute`
--
ALTER TABLE `attribute`
  MODIFY `id` int(11) NOT NULL AUTO_INCREMENT, AUTO_INCREMENT=4;

--
-- AUTO_INCREMENT for table `category`
--
ALTER TABLE `category`
  MODIFY `id` int(11) NOT NULL AUTO_INCREMENT, AUTO_INCREMENT=15;

--
-- AUTO_INCREMENT for table `category_product`
--
ALTER TABLE `category_product`
  MODIFY `id` int(11) NOT NULL AUTO_INCREMENT, AUTO_INCREMENT=15;

--
-- AUTO_INCREMENT for table `city`
--
ALTER TABLE `city`
  MODIFY `id` bigint(20) UNSIGNED NOT NULL AUTO_INCREMENT, AUTO_INCREMENT=2;

--
-- AUTO_INCREMENT for table `contact`
--
ALTER TABLE `contact`
  MODIFY `id` int(11) NOT NULL AUTO_INCREMENT, AUTO_INCREMENT=6;

--
-- AUTO_INCREMENT for table `coupon`
--
ALTER TABLE `coupon`
  MODIFY `id` bigint(20) UNSIGNED NOT NULL AUTO_INCREMENT, AUTO_INCREMENT=4;

--
-- AUTO_INCREMENT for table `failed_jobs`
--
ALTER TABLE `failed_jobs`
  MODIFY `id` bigint(20) UNSIGNED NOT NULL AUTO_INCREMENT;

--
-- AUTO_INCREMENT for table `menu`
--
ALTER TABLE `menu`
  MODIFY `id` int(11) NOT NULL AUTO_INCREMENT, AUTO_INCREMENT=8;

--
-- AUTO_INCREMENT for table `migrations`
--
ALTER TABLE `migrations`
  MODIFY `id` int(10) UNSIGNED NOT NULL AUTO_INCREMENT, AUTO_INCREMENT=11;

--
-- AUTO_INCREMENT for table `product`
--
ALTER TABLE `product`
  MODIFY `id` int(11) NOT NULL AUTO_INCREMENT, AUTO_INCREMENT=27;

--
-- AUTO_INCREMENT for table `product_attribute`
--
ALTER TABLE `product_attribute`
  MODIFY `id` int(11) NOT NULL AUTO_INCREMENT, AUTO_INCREMENT=99;

--
-- AUTO_INCREMENT for table `rss`
--
ALTER TABLE `rss`
  MODIFY `id` int(11) NOT NULL AUTO_INCREMENT, AUTO_INCREMENT=7;

--
-- AUTO_INCREMENT for table `rss2`
--
ALTER TABLE `rss2`
  MODIFY `id` int(11) NOT NULL AUTO_INCREMENT, AUTO_INCREMENT=3;

--
-- AUTO_INCREMENT for table `setting`
--
ALTER TABLE `setting`
  MODIFY `id` int(11) NOT NULL AUTO_INCREMENT, AUTO_INCREMENT=9;

--
-- AUTO_INCREMENT for table `slider`
--
ALTER TABLE `slider`
  MODIFY `id` int(11) NOT NULL AUTO_INCREMENT, AUTO_INCREMENT=8;
COMMIT;

