{"id":1167,"date":"2025-06-03T20:23:53","date_gmt":"2025-06-03T13:23:53","guid":{"rendered":"https:\/\/demo.vncoder.xyz\/manhtien\/3s-xu-ly-nuoc-va-day-ao-nuoi-tom-ca-2"},"modified":"2025-06-04T00:39:16","modified_gmt":"2025-06-03T17:39:16","slug":"3s-xu-ly-nuoc-va-day-ao-nuoi-tom-ca-2","status":"publish","type":"product","link":"https:\/\/demo.codervn.xyz\/manhtien\/3s-xu-ly-nuoc-va-day-ao-nuoi-tom-ca-2","title":{"rendered":"3s x\u1eed l\u00fd n\u01b0\u1edbc v\u00e0 \u0111\u00e1y ao nu\u00f4i t\u00f4m c\u00e1"},"content":{"rendered":"","protected":false},"excerpt":{"rendered":"","protected":false},"featured_media":1205,"comment_status":"closed","ping_status":"closed","template":"","meta":[],"product_cat":[64],"product_tag":[],"class_list":{"0":"post-1167","1":"product","2":"type-product","3":"status-publish","4":"has-post-thumbnail","6":"product_cat-san-pham-danh-cho-tom","8":"first","9":"instock","10":"shipping-taxable","11":"product-type-simple"},"acf":[],"_links":{"self":[{"href":"https:\/\/demo.codervn.xyz\/manhtien\/wp-json\/wp\/v2\/product\/1167","targetHints":{"allow":["GET"]}}],"collection":[{"href":"https:\/\/demo.codervn.xyz\/manhtien\/wp-json\/wp\/v2\/product"}],"about":[{"href":"https:\/\/demo.codervn.xyz\/manhtien\/wp-json\/wp\/v2\/types\/product"}],"replies":[{"embeddable":true,"href":"https:\/\/demo.codervn.xyz\/manhtien\/wp-json\/wp\/v2\/comments?post=1167"}],"wp:featuredmedia":[{"embeddable":true,"href":"https:\/\/demo.codervn.xyz\/manhtien\/wp-json\/wp\/v2\/media\/1205"}],"wp:attachment":[{"href":"https:\/\/demo.codervn.xyz\/manhtien\/wp-json\/wp\/v2\/media?parent=1167"}],"wp:term":[{"taxonomy":"product_cat","embeddable":true,"href":"https:\/\/demo.codervn.xyz\/manhtien\/wp-json\/wp\/v2\/product_cat?post=1167"},{"taxonomy":"product_tag","embeddable":true,"href":"https:\/\/demo.codervn.xyz\/manhtien\/wp-json\/wp\/v2\/product_tag?post=1167"}],"curies":[{"name":"wp","href":"https:\/\/api.w.org\/{rel}","templated":true}]}}