{"id":1153,"date":"2025-06-03T20:23:52","date_gmt":"2025-06-03T13:23:52","guid":{"rendered":"https:\/\/demo.vncoder.xyz\/manhtien\/bio-extra-che-pham-vi-sinh"},"modified":"2025-06-03T21:33:29","modified_gmt":"2025-06-03T14:33:29","slug":"bio-extra-che-pham-vi-sinh","status":"publish","type":"product","link":"https:\/\/demo.codervn.xyz\/manhtien\/bio-extra-che-pham-vi-sinh","title":{"rendered":"bio extra ch\u1ebf ph\u1ea9m vi sinh"},"content":{"rendered":"<p>Ph\u00f2ng v\u00e0 tr\u1ecb vi\u00eam da ti\u1ebft b\u00e3 nh\u1eddn, da b\u1ecb k\u00edch \u1ee9ng ng\u1ee9a, n\u1ea5m l\u00f4ng, r\u1ee5ng l\u00f4ng, da c\u00f3 v\u1ea3y v\u00e0 l\u00f4ng c\u00f3 m\u00f9i kh\u00f3 ch\u1ecbu do n\u1ea5m v\u00e0 vi khu\u1ea9n g\u00e2y ra tr\u00ean ch\u00f3, m\u00e8o, ng\u1ef1a. Gi\u00fap l\u00f4ng, da th\u00fa m\u1ec1m m\u01b0\u1ee3t, s\u1ea1ch.<\/p>\n","protected":false},"excerpt":{"rendered":"<p>Short desc Ph\u00f2ng v\u00e0 tr\u1ecb vi\u00eam da ti\u1ebft b\u00e3 nh\u1eddn, da b\u1ecb k\u00edch \u1ee9ng ng\u1ee9a, n\u1ea5m l\u00f4ng, r\u1ee5ng l\u00f4ng, da c\u00f3 v\u1ea3y v\u00e0 l\u00f4ng c\u00f3 m\u00f9i kh\u00f3 ch\u1ecbu do n\u1ea5m v\u00e0 vi khu\u1ea9n g\u00e2y ra tr\u00ean ch\u00f3, m\u00e8o, ng\u1ef1a. Gi\u00fap l\u00f4ng, da th\u00fa m\u1ec1m m\u01b0\u1ee3t, s\u1ea1ch.<\/p>\n","protected":false},"featured_media":1043,"comment_status":"closed","ping_status":"closed","template":"","meta":[],"product_cat":[62],"product_tag":[],"class_list":{"0":"post-1153","1":"product","2":"type-product","3":"status-publish","4":"has-post-thumbnail","6":"product_cat-nhom-dinh-duong-va-vi-sinh-co-loi","8":"first","9":"instock","10":"shipping-taxable","11":"product-type-simple"},"acf":[],"_links":{"self":[{"href":"https:\/\/demo.codervn.xyz\/manhtien\/wp-json\/wp\/v2\/product\/1153","targetHints":{"allow":["GET"]}}],"collection":[{"href":"https:\/\/demo.codervn.xyz\/manhtien\/wp-json\/wp\/v2\/product"}],"about":[{"href":"https:\/\/demo.codervn.xyz\/manhtien\/wp-json\/wp\/v2\/types\/product"}],"replies":[{"embeddable":true,"href":"https:\/\/demo.codervn.xyz\/manhtien\/wp-json\/wp\/v2\/comments?post=1153"}],"wp:featuredmedia":[{"embeddable":true,"href":"https:\/\/demo.codervn.xyz\/manhtien\/wp-json\/wp\/v2\/media\/1043"}],"wp:attachment":[{"href":"https:\/\/demo.codervn.xyz\/manhtien\/wp-json\/wp\/v2\/media?parent=1153"}],"wp:term":[{"taxonomy":"product_cat","embeddable":true,"href":"https:\/\/demo.codervn.xyz\/manhtien\/wp-json\/wp\/v2\/product_cat?post=1153"},{"taxonomy":"product_tag","embeddable":true,"href":"https:\/\/demo.codervn.xyz\/manhtien\/wp-json\/wp\/v2\/product_tag?post=1153"}],"curies":[{"name":"wp","href":"https:\/\/api.w.org\/{rel}","templated":true}]}}