CREATE TABLE `table_product_cat` (
  `id` int(11) NOT NULL,
  `id_list` int(11) DEFAULT NULL,
  `ten_vi` varchar(255) DEFAULT NULL,
  `ten_en` varchar(255) DEFAULT NULL,
  `ten_cam` varchar(255) DEFAULT NULL,
  `tenkhongdau` varchar(255) DEFAULT NULL,
  `photo` varchar(255) DEFAULT NULL,
  `thumb` varchar(255) DEFAULT NULL,
  `stt` int(11) DEFAULT NULL,
  `hienthi` int(11) DEFAULT NULL,
  `hientrangchu` int(11) DEFAULT NULL,
  `ngaytao` int(11) DEFAULT NULL,
  `ngaysua` int(11) DEFAULT NULL
) ENGINE=MyISAM DEFAULT CHARSET=utf8;

--
-- Đang đổ dữ liệu cho bảng `table_product_cat`
--

INSERT INTO `table_product_cat` (`id`, `id_list`, `ten_vi`, `ten_en`, `ten_cam`, `tenkhongdau`, `photo`, `thumb`, `stt`, `hienthi`, `hientrangchu`, `ngaytao`, `ngaysua`) VALUES
(108, 69, 'MÁY THỬ NGHIỆM BỀN MÀU', 'COLOR FASTNESS TESTER', '', 'color-fastness-tester', '', '', 4, 1, 0, 1385227740, 1480485533),
(109, 69, 'MÁY THỬ UỐN GẤP', 'FLEXING TESTER', '', 'flexing-tester', '', '', 3, 1, 0, 1385227757, 1480484951),
(110, 69, 'MÁY THỬ MÀI MÒN', 'ABRASION TESTER', '', 'abrasion-tester', '', '', 2, 1, 0, 1385229613, 1480484934),
(112, 69, 'MÁY THỬ KHÁNG TRƯỢT', 'SLIP RESISTANCE TESTER', '', 'slip-resistance-tester', '', '', 1, 1, 0, 1385244295, 1480484910),
(116, 74, 'THỬ NGHIỆM BIẾN VÀNG', 'YELLOWING TEST', '', 'yellowing-test', NULL, NULL, 1, 1, NULL, 1480498145, NULL),
(117, 74, 'THỬ NGHIỆM BỀN MÀU', 'COLOUR FASTNESS', '', 'colour-fastness', NULL, NULL, 2, 1, NULL, 1480498187, NULL),
(118, 74, 'THỬ NGHIỆM KHÁNG TRƯỢT', 'SLIP RESISTANCE TEST', '', 'slip-resistance-test', NULL, NULL, 5, 1, NULL, 1480498336, 1480498509),
(119, 74, 'THỬ NGHIỆM MÀI MÒN', 'ABRASION TEST', '', 'abrasion-test', NULL, NULL, 4, 1, NULL, 1480498502, NULL),
(120, 69, 'MÁY THỬ LỰC KÉO', 'TENSILE TESTING MACHINE', '', 'tensile-testing-machine', NULL, NULL, 5, 1, NULL, 1481470016, NULL),
(121, 69, 'ĐỒNG HỒ ĐO ĐỘ CỨNG', 'DUROMETER HARDNESS', '', 'durometer-hardness', NULL, NULL, 6, 1, NULL, 1481470168, NULL),
(122, 69, 'THIẾT BỊ KHÁC', 'OTHER EQUIPMENT', '', 'other-equipment', NULL, NULL, 7, 1, NULL, 1481470540, NULL),
(123, 74, 'THỬ NGHIỆM LỰC KÉO', 'TENSILE TEST', '', 'tensile-test', NULL, NULL, 6, 1, NULL, 1482596797, 1482596884),
(124, 74, 'THỬ NGHIỆM UỐN GẤP', 'FLEX TEST', '', 'flex-test', NULL, NULL, 5, 1, NULL, 1482596873, NULL),
(125, 74, 'VẬT TƯ KHÁC', 'OTHER CONSUMABLES', '', 'other-consumables', NULL, NULL, 7, 1, NULL, 1482601387, NULL);

-- --------------------------------------------------------

--
-- Cấu trúc bảng cho bảng `table_product_color_condition`
--

CREATE TABLE `table_product_color_condition` (
  `id` int(11) NOT NULL,
  `id_color` int(11) DEFAULT NULL,
  `id_product` int(11) DEFAULT NULL,
  `image` text COLLATE utf8_unicode_ci
) ENGINE=MyISAM DEFAULT CHARSET=utf8 COLLATE=utf8_unicode_ci;

--
-- Đang đổ dữ liệu cho bảng `table_product_color_condition`
--

INSERT INTO `table_product_color_condition` (`id`, `id_color`, `id_product`, `image`) VALUES
(256, 76, 746, NULL),
(255, 71, 746, NULL),
(257, 76, 708, NULL),
(254, 69, 746, NULL),
(9, 70, 653, NULL),
(261, 71, 659, NULL),
(260, 69, 659, NULL),
(258, 69, 627, NULL),
(264, 71, 747, NULL),
(263, 69, 747, NULL),
(121, 74, 678, NULL),
(259, 74, 702, NULL),
(265, 76, 710, NULL),
(267, 71, 637, NULL),
(266, 69, 637, NULL),
(123, 74, 704, NULL),
(156, 70, 651, NULL),
(155, 69, 651, NULL),
(282, 76, 677, NULL),
(281, 70, 677, NULL),
(280, 71, 677, NULL),
(279, 69, 677, NULL),
(157, 76, 711, NULL),
(158, 74, 705, NULL),
(250, 71, 666, NULL),
(36, 70, 650, NULL),
(35, 69, 650, NULL),
(159, 69, 649, NULL),
(160, 74, 706, NULL),
(174, 74, 707, NULL),
(171, 70, 695, NULL),
(170, 69, 695, NULL),
(40, 69, 667, NULL),
(41, 71, 667, NULL),
(173, 70, 656, NULL),
(172, 69, 656, NULL),
(176, 74, 712, NULL),
(178, 71, 668, NULL),
(177, 69, 668, NULL),
(132, 71, 669, NULL),
(131, 69, 669, NULL),
(181, 70, 748, NULL),
(180, 71, 748, NULL),
(179, 69, 748, NULL),
(182, 74, 713, NULL),
(53, 69, 699, NULL),
(54, 70, 699, NULL),
(186, 71, 644, NULL),
(185, 69, 644, NULL),
(118, 74, 714, NULL),
(249, 71, 696, NULL),
(248, 69, 696, NULL),
(119, 74, 715, NULL),
(61, 71, 661, NULL),
(62, 69, 635, NULL),
(63, 71, 635, NULL),
(262, 69, 621, NULL),
(193, 74, 716, NULL),
(268, 69, 620, NULL),
(194, 74, 717, NULL),
(196, 71, 613, NULL),
(195, 69, 613, NULL),
(197, 74, 718, NULL),
(204, 70, 697, NULL),
(203, 69, 697, NULL),
(205, 74, 719, NULL),
(206, 69, 698, NULL),
(207, 74, 720, NULL),
(192, 70, 647, NULL),
(191, 71, 647, NULL),
(190, 69, 647, NULL),
(208, 74, 721, NULL),
(209, 69, 617, NULL),
(212, 74, 722, NULL),
(211, 69, 612, NULL),
(302, 71, 743, NULL),
(301, 69, 743, NULL),
(215, 74, 723, NULL),
(220, 71, 628, NULL),
(219, 69, 628, NULL),
(218, 74, 724, NULL),
(222, 69, 632, NULL),
(225, 74, 726, NULL),
(224, 74, 727, NULL),
(226, 74, 728, NULL),
(227, 69, 634, NULL),
(228, 74, 729, NULL),
(229, 74, 730, NULL),
(230, 69, 614, NULL),
(304, 69, 744, NULL),
(232, 74, 731, NULL),
(233, 74, 732, NULL),
(234, 74, 733, NULL),
(235, 74, 734, NULL),
(237, 74, 736, NULL),
(238, 74, 735, NULL),
(239, 74, 737, NULL),
(240, 74, 738, NULL),
(241, 74, 739, NULL),
(242, 74, 740, NULL),
(243, 74, 741, NULL),
(244, 74, 742, NULL),
(269, 74, 763, NULL),
(270, 74, 765, NULL),
(284, 71, 771, NULL),
(285, 70, 771, NULL),
(286, 71, 796, NULL),
(287, 71, 797, NULL),
(288, 69, 798, NULL),
(289, 71, 798, NULL),
(290, 70, 798, NULL),
(291, 76, 798, NULL),
(292, 74, 798, NULL),
(296, 71, 799, NULL),
(295, 69, 799, NULL),
(300, 71, 745, NULL),
(299, 69, 745, NULL),
(305, 71, 744, NULL);

-- --------------------------------------------------------

--
-- Cấu trúc bảng cho bảng `table_product_item`
--

CREATE TABLE `table_product_item` (
  `id` int(10) UNSIGNED NOT NULL,
  `id_list` int(11) NOT NULL,
  `id_cat` int(10) NOT NULL,
  `ten_vi` varchar(255) CHARACTER SET utf8 COLLATE utf8_unicode_ci NOT NULL,
  `ten_en` varchar(255) CHARACTER SET utf8 NOT NULL,
  `tenkhongdau` varchar(255) COLLATE latin1_general_ci NOT NULL,
  `photo` varchar(20) COLLATE latin1_general_ci NOT NULL,
  `thumb` varchar(255) COLLATE latin1_general_ci NOT NULL,
  `stt` int(2) NOT NULL,
  `hienthi` int(2) NOT NULL,
  `ngaysua` int(10) NOT NULL,
  `ngaytao` int(10) NOT NULL
) ENGINE=MyISAM DEFAULT CHARSET=latin1 COLLATE=latin1_general_ci;

--
-- Đang đổ dữ liệu cho bảng `table_product_item`
--

INSERT INTO `table_product_item` (`id`, `id_list`, `id_cat`, `ten_vi`, `ten_en`, `tenkhongdau`, `photo`, `thumb`, `stt`, `hienthi`, `ngaysua`, `ngaytao`) VALUES
(37, 31, 72, 'Cấp 3 vi', 'Cấp 3 en', 'cap-3-vi', '', '', 1, 1, 0, 1381112968);

-- --------------------------------------------------------

--
-- Cấu trúc bảng cho bảng `table_product_item1`
--

CREATE TABLE `table_product_item1` (
  `id` int(10) UNSIGNED NOT NULL,
  `id_list` int(11) NOT NULL,
  `id_cat` int(10) NOT NULL,
  `id_item` int(10) NOT NULL,
  `ten_vi` varchar(255) CHARACTER SET utf8 COLLATE utf8_unicode_ci NOT NULL,
  `ten_en` varchar(255) CHARACTER SET utf8 NOT NULL,
  `tenkhongdau` varchar(255) COLLATE latin1_general_ci NOT NULL,
  `photo` varchar(20) COLLATE latin1_general_ci NOT NULL,
  `thumb` varchar(255) COLLATE latin1_general_ci NOT NULL,
  `stt` int(2) NOT NULL,
  `hienthi` int(2) NOT NULL,
  `ngaysua` int(10) NOT NULL,
  `ngaytao` int(10) NOT NULL
) ENGINE=MyISAM DEFAULT CHARSET=latin1 COLLATE=latin1_general_ci;

--
-- Đang đổ dữ liệu cho bảng `table_product_item1`
--

INSERT INTO `table_product_item1` (`id`, `id_list`, `id_cat`, `id_item`, `ten_vi`, `ten_en`, `tenkhongdau`, `photo`, `thumb`, `stt`, `hienthi`, `ngaysua`, `ngaytao`) VALUES
(1, 15, 18, 8, 'Cấp 4', '', 'cap-4', '', '', 1, 1, 0, 1377184608),
(2, 25, 59, 33, 'XE TẢI DAEWOO CABIN CHASSIS 25 TẤN ', 'XE TẢI DAEWOO CABIN CHASSIS 25 TẤN ', 'xe-tai-daewoo-cabin-chassis-25-tan', '', '', 1, 1, 1378197460, 1378195499);

-- --------------------------------------------------------

--
-- Cấu trúc bảng cho bảng `table_product_list`
--

CREATE TABLE `table_product_list` (
  `id` int(11) NOT NULL,
  `ten_vi` varchar(255) DEFAULT NULL,
  `ten_en` varchar(255) DEFAULT NULL,
  `ten_cam` varchar(255) DEFAULT NULL,
  `tenkhongdau` varchar(255) DEFAULT NULL,
  `photo` varchar(255) DEFAULT NULL,
  `thumb` varchar(255) DEFAULT NULL,
  `stt` int(11) NOT NULL DEFAULT '0',
  `hienthi` int(11) NOT NULL DEFAULT '0',
  `hientrangchu` int(11) NOT NULL DEFAULT '0',
  `hienmenu` int(11) NOT NULL DEFAULT '0',
  `meta_title` varchar(255) DEFAULT NULL,
  `meta_description` text,
  `meta_keyword` text,
  `ngaytao` int(11) NOT NULL DEFAULT '0',
  `ngaysua` int(11) NOT NULL DEFAULT '0',
  `meta_mota` text
) ENGINE=MyISAM DEFAULT CHARSET=utf8;

--
-- Đang đổ dữ liệu cho bảng `table_product_list`
--

INSERT INTO `table_product_list` (`id`, `ten_vi`, `ten_en`, `ten_cam`, `tenkhongdau`, `photo`, `thumb`, `stt`, `hienthi`, `hientrangchu`, `hienmenu`, `meta_title`, `meta_description`, `meta_keyword`, `ngaytao`, `ngaysua`, `meta_mota`) VALUES
(74, 'VẬT TƯ THỬ NGHIỆM', 'TEST CONSUMABLES', '', 'test-consumables', '', '', 5, 1, 0, 0, 'Vải nỉ thử nghiệm mài mòn, vật tư thử nghiệm trượt', 'Vải nỉ thử nghiệm mài mòn, vật tư thử nghiệm trượt được sử dụng trong thử nghiệm để đánh giá độ bền mài mòn, mức độ kháng trượt bề mặt của vật liệu giúp hoàn thiện tối đa chất lượng thành phẩm.', 'vải nỉ thử nghiệm mài mòn, vật tư thử nghiệm trượt', 1393400590, 1480558747, '<p style=\"text-align:justify\"><span style=\"color:#000000\"><span style=\"font-family:times new roman,times,serif\"><span style=\"font-size:18px\"> \r\n					 <Strong>   Vải nỉ thử nghiệm mài mòn, vật tư thử nghiệm trượt</strong> là các loại vật tư thử nghiệm quan trọng trong ngành giày da, dệt may, túi xách và cao su nhằm kiểm tra chất lượng của vật liệu phục vụ cho quy trình sản xuất kinh doanh. Tại phòng thí nghiệm, công tác kiểm tra độ mài mòn của vật liệu được thực hiện bằng máy thử nghiệm mài mòn Martindale sử dụng vải nỉ thử nghiệm mài mòn mang lại kết quả chính xác, ổn định và đồng nhất.&nbsp;<br />\r\n    Quý khách có nhu cầu lựa chọn <strong>vải nỉ thử nghiệm mài mòn</strong> vui lòng liên hệ Khởi Toàn theo hotline <Strong>0938 729 490</strong> để được hỗ trợ tư vấn chi tiết nhất.\r\n\r\n	&nbsp;<br />\r\n	</span></span></span></p>'),
(71, 'DỆT MAY - TÚI XÁCH', 'TEXTILE - HANDBAG', '', 'textile-handbag', '', '', 2, 1, 0, 0, 'DỆT MAY - TÚI XÁCH', 'DỆT MAY - TÚI XÁCH', 'DỆT MAY - TÚI XÁCH', 1393400541, 1479660830, NULL),
(70, 'CAO SU - NHỰA', 'RUBBER - PLASTIC', '', 'rubber-plastic', '', '', 3, 1, 0, 0, 'CAO SU - NHỰA', 'CAO SU - NHỰA', 'CAO SU - NHỰA', 1393400502, 1477732348, NULL),
(69, 'GIÀY - DA', 'FOOTWEAR - LEATHER', '', 'footwear-leather', '', '', 1, 1, 0, 0, 'Máy thử nghiệm giày da/ vật tư thử nghiệm giày da', 'Công ty TNHH Khởi Toàn cung cấp cho quý khách các mẫu máy thử nghiệm giày da, vật tư thử nghiệm giày da giúp thử nghiệm độ mài mòn, độ bền màu và khả năng kháng trượt của từng loại vật liệu.', 'máy thử nghiệm giày da, vật tư thử nghiệm giày da', 1388789190, 1480558287, '<p style=\"text-align:justify\"><span style=\"color:#000000\"><span style=\"font-family:times new roman,times,serif\"><span style=\"font-size:18px\">\r\n					  Sử dụng <strong>máy thử nghiệm giày da</strong> để kiểm tra, đánh giá độ mài mòn, độ bền màu, độ bám dính, độ uốn gấp, lực kéo đứt, độ giãn dài…của các loại vật liệu trước và sau khi đưa vào quy trình sản xuất, kinh doanh dày da bởi nó ảnh hưởng trực tiếp đến chất lượng thành phẩm, an toàn tiêu dùng cũng như uy tín thương hiệu. &nbsp;<br />\r\nCông ty TNHH Khởi Toàn chuyên cung cấp các loại <strong>vật tư thử nghiệm giày da</strong> đảm bảo chất lượng chính hãng như vải thử mài mòn Martindale của SATRA, vải thử nghiệm bền màu ma sát, vật tư thử nghiệm trượt…Ngoài ra, khách hàng có thể sử dụng các giải pháp thử nghiệm hoặc dịch vụ hiệu chuẩn máy móc/ thiết bị của chúng tôi. Hotline tư vấn: <strong>0938 729 490</strong>\r\n\r\n	&nbsp;<br />\r\n	</span></span></span></p>'),
(76, 'THIẾT BỊ BẢO HỘ', 'PROTECTIVE EQUIPMENT', '', 'protective-equipment', NULL, NULL, 4, 1, 0, 0, 'PROTECTIVE EQUIPMENT, THIẾT BỊ BẢO HỘ', 'PROTECTIVE EQUIPMENT, THIẾT BỊ BẢO HỘ', 'PROTECTIVE EQUIPMENT, THIẾT BỊ BẢO HỘ', 1478621139, 1479660839, NULL);

-- --------------------------------------------------------

--
-- Cấu trúc bảng cho bảng `table_product_photo`
--

CREATE TABLE `table_product_photo` (
  `id` int(10) UNSIGNED NOT NULL,
  `id_list` int(10) NOT NULL,
  `stt` int(10) UNSIGNED NOT NULL DEFAULT '1',
  `hienthi` tinyint(1) NOT NULL DEFAULT '1',
  `ngaytao` int(10) UNSIGNED NOT NULL DEFAULT '0',
  `ngaysua` int(10) UNSIGNED NOT NULL DEFAULT '0',
  `photo` varchar(225) NOT NULL,
  `thumb` varchar(225) NOT NULL
) ENGINE=MyISAM DEFAULT CHARSET=utf8;

--
-- Đang đổ dữ liệu cho bảng `table_product_photo`
--

INSERT INTO `table_product_photo` (`id`, `id_list`, `stt`, `hienthi`, `ngaytao`, `ngaysua`, `photo`, `thumb`) VALUES
(1, 405, 1, 1, 0, 0, '37789037970.png', '37789037970_143x87.png'),
(2, 405, 1, 1, 0, 0, '37789037971.png', '37789037971_143x87.png'),
(3, 405, 1, 1, 0, 0, '37789037972.png', '37789037972_143x87.png'),
(4, 405, 1, 1, 0, 0, '37789037973.png', '37789037973_143x87.png'),
(5, 410, 1, 1, 0, 0, '67728083120.jpg', '67728083120_292x200.jpg'),
(6, 410, 1, 1, 0, 0, '67728083121.jpg', '67728083121_292x200.jpg'),
(7, 410, 1, 1, 0, 0, '67728083122.jpg', '67728083122_292x200.jpg'),
(8, 410, 1, 1, 0, 0, '67728083123.jpg', '67728083123_292x200.jpg'),
(9, 410, 1, 1, 0, 0, '67728083124.jpg', '67728083124_292x200.jpg'),
(10, 410, 1, 1, 0, 0, '76337914230.jpg', '76337914230_292x200.jpg'),
(11, 410, 1, 1, 0, 0, '76337914231.jpg', '76337914231_292x200.jpg'),
(12, 410, 1, 1, 0, 0, '76337914232.jpg', '76337914232_292x200.jpg'),
(13, 459, 1, 1, 0, 0, '60918546260.jpg', '60918546260_292x200.jpg');

-- --------------------------------------------------------

--
-- Cấu trúc bảng cho bảng `table_quangcao`
--

CREATE TABLE `table_quangcao` (
  `id` int(10) UNSIGNED NOT NULL,
  `thumb` varchar(255) DEFAULT NULL,
  `photo` varchar(225) DEFAULT NULL,
  `ten_vi` varchar(255) DEFAULT NULL,
  `ten_en` varchar(255) DEFAULT NULL,
  `ten_cam` varchar(255) DEFAULT NULL,
  `mota` text,
  `link` varchar(255) DEFAULT NULL,
  `vitri` int(5) NOT NULL DEFAULT '0',
  `stt` int(10) UNSIGNED NOT NULL DEFAULT '1',
  `hienthi` tinyint(1) NOT NULL DEFAULT '1'
) ENGINE=MyISAM DEFAULT CHARSET=utf8;

--
-- Đang đổ dữ liệu cho bảng `table_quangcao`
--

INSERT INTO `table_quangcao` (`id`, `thumb`, `photo`, `ten_vi`, `ten_en`, `ten_cam`, `mota`, `link`, `vitri`, `stt`, `hienthi`) VALUES
(29, '750412_142.44186046512x175.png', '750412.png', 'VILAS 653', 'VILAS 653', '', '', '', 0, 3, 1),
(33, '074465_177.96610169492x175.png', '074465.png', 'Đại lý Uỷ Quyền', 'Authorised Equipment Supplier', '', NULL, '', 0, 1, 1);

-- --------------------------------------------------------

--
-- Cấu trúc bảng cho bảng `table_rubber`
--

CREATE TABLE `table_rubber` (
  `id` int(10) UNSIGNED NOT NULL,
  `id_list` int(11) NOT NULL,
  `noibat` int(12) NOT NULL,
  `ten_vi` varchar(225) NOT NULL,
  `ten_en` varchar(255) NOT NULL,
  `ten_cam` varchar(255) NOT NULL,
  `tenkhongdau` varchar(255) NOT NULL,
  `model` varchar(255) NOT NULL,
  `mota_vi` text NOT NULL,
  `mota_en` text NOT NULL,
  `mota_cam` text NOT NULL,
  `noidung_vi` longtext NOT NULL,
  `noidung_en` longtext NOT NULL,
  `noidung_cam` longtext NOT NULL,
  `link` varchar(255) NOT NULL,
  `meta_title` varchar(255) NOT NULL,
  `meta_description` text NOT NULL,
  `meta_keyword` text NOT NULL,
  `loaitin` varchar(50) NOT NULL,
  `photo` varchar(100) NOT NULL,
  `thumb` varchar(255) NOT NULL,
  `stt` int(10) UNSIGNED NOT NULL DEFAULT '1',
  `hienthi` tinyint(1) NOT NULL DEFAULT '1',
  `ngaytao` int(10) UNSIGNED NOT NULL DEFAULT '0',
  `ngaysua` int(10) UNSIGNED NOT NULL DEFAULT '0',
  `luotxem` int(11) NOT NULL
) ENGINE=MyISAM DEFAULT CHARSET=utf8;

--
-- Đang đổ dữ liệu cho bảng `table_rubber`
--

INSERT INTO `table_rubber` (`id`, `id_list`, `noibat`, `ten_vi`, `ten_en`, `ten_cam`, `tenkhongdau`, `model`, `mota_vi`, `mota_en`, `mota_cam`, `noidung_vi`, `noidung_en`, `noidung_cam`, `link`, `meta_title`, `meta_description`, `meta_keyword`, `loaitin`, `photo`, `thumb`, `stt`, `hienthi`, `ngaytao`, `ngaysua`, `luotxem`) VALUES
(1, 0, 0, 'MÁY THỬ OZONE', 'OZONE TEST CHAMBER', '', '', 'Model: HTE 703 - 903', 'Công nghệ thử ozone của SATRA đã được phát triển từ quá trình nghiên cứu hơn 30 năm. Công nghệ tiên tiến và kỹ thuật xây dựng đã được kết hợp để tạo ra một thiết bị đáng tin cậy, chính xác, hoàn toàn tự động, tiết kiệm nhân công, chi phí và thật sự an toàn về môi trường.', 'SATRA ozone testing technology has evolved as a result of more than 30 years of experience. Stateof-the-art technology and construction techniques have been combined with expertise to produce a reliable, accurate, fully automated, labour and cost-saving unit which is truly environmentally safe.', '', '<p style=\"text-align: center;\">&nbsp;</p>\r\n<p style=\"text-align: justify;\"><span style=\"font-family: tahoma,arial,helvetica,sans-serif; font-size: small; color: #000000;\"><img src=\"data:image/png;base64,[BLOB]\" alt=\"\" width=\"200\" /></span></p>\r\n<p style=\"text-align: justify;\"><span style=\"font-family: tahoma,arial,helvetica,sans-serif; font-size: small; color: #000000;\">&nbsp;</span></p>\r\n<p><span style=\"font-family: terminal,monaco; font-size: medium;\">C&ocirc;ng nghệ thử ozone của SATRA đ&atilde; được ph&aacute;t triển qua qu&aacute; tr&igrave;nh nghi&ecirc;n cứu hơn 30 năm. C&ocirc;ng nghệ ti&ecirc;n tiến v&agrave; kỹ thuật sản xuất đ&atilde; được kết hợp để tạo ra một thiết bị đ&aacute;ng tin cậy, ch&iacute;nh x&aacute;c, ho&agrave;n to&agrave;n tự động, tiết kiệm nh&acirc;n c&ocirc;ng, chi ph&iacute; v&agrave; thật sự an to&agrave;n về m&ocirc;i trường.</span></p>\r\n<p><span style=\"font-family: terminal,monaco; font-size: medium;\">Một hệ thống luồng kh&iacute; ozone kh&eacute;p k&iacute;n đảm bảo kh&iacute; ozone nguy hiểm sẽ được giữ b&ecirc;n trong m&aacute;y thử ozone &ndash; kh&ocirc;ng c&oacute; c&aacute;c lỗ tho&aacute;t hay bộ phận lọc kh&iacute; độc ra b&ecirc;n ngo&agrave;i.</span></p>\r\n<p><span style=\"font-family: terminal,monaco; font-size: medium;\">Tủ nh&ocirc;m d&agrave;y c&oacute; một lớp kim loại chống gỉ s&eacute;t b&ecirc;n trong v&agrave; được bổ sung một hệ thống bệ đỡ để sử dụng cho c&aacute;c loại mẫu thử c&oacute; bệ đỡ. Một loại bệ đỡ mẫu thử ổn định nhưng c&oacute; thể di chuyển được đạt chuẩn quốc tế được gắn sẵn trong m&aacute;y. Việc đ&aacute;nh gi&aacute; sẽ được thực hiện th&ocirc;ng qua một cửa k&iacute;nh hai lớp, k&iacute;n hơi v&agrave; đ&atilde; được kho&aacute; an to&agrave;n. M&aacute;y chỉ được ph&eacute;p mở khi m&ocirc;i trường b&ecirc;n trong m&aacute;y đ&atilde; được kh&ocirc;i phục lại mức nhiệt độ an to&agrave;n. C&aacute;c luồng &aacute;nh s&aacute;ng b&ecirc;n ngo&agrave;i sẽ bị loại trừ khỏi khu vực m&aacute;y th&ocirc;ng qua một tấm m&agrave;n cuộn, trong khi đ&oacute; c&aacute;c b&oacute;ng đ&egrave;n trong m&aacute;y sẽ chiếu s&aacute;ng.</span></p>\r\n<p><span style=\"font-family: terminal,monaco; font-size: medium;\">Bộ điều khiển v&agrave; m&agrave;n h&igrave;nh kỹ thuật số được đặt tr&ecirc;n bảng điều khiển vận h&agrave;nh đơn giản th&ocirc;ng qua việc y&ecirc;u cầu c&agrave;i đặt trước quy tr&igrave;nh thử nghiệm của m&aacute;y. Người vận h&agrave;nh chỉ cần c&agrave;i đặt kh&iacute; ozone, nhiệt độ, độ ẩm (chỉ được &aacute;p dụng cho m&aacute;y HTE 903), thời gian bắt đầu/ho&agrave;n th&agrave;nh/xả kh&iacute;.</span></p>\r\n<p><span style=\"font-family: terminal,monaco; font-size: medium;\">Nồng độ kh&iacute; ozone c&oacute; thể kh&aacute;c nhau từ 1 đến 500pphm (c&oacute; thể chọn lựa từ 1 đến 2000pphm) v&agrave; m&aacute;y sẽ tự động kiểm so&aacute;t. Nồng độ kh&iacute; được c&agrave;i đặt trước v&agrave; nồng độ kh&iacute; được kiểm so&aacute;t sẽ hiển thị bằng số v&agrave; nồng độ được kiểm so&aacute;t đồng thời được lưu lại.</span></p>\r\n<p><strong><span style=\"text-decoration: underline; font-family: terminal,monaco; font-size: medium;\">Kh&iacute; ozone</span></strong></p>\r\n<p><span style=\"font-family: terminal,monaco; font-size: medium;\">Bộ điều khiển kỹ thuật số hiển thị tỷ lệ v&agrave; hệ thống chuyển mạch tự động kiểm so&aacute;t lượng kh&iacute; ozone theo 03 mức: nồng độ kh&iacute; ozone (đo theo đơn vị pphm theo NPT) 0-100, 0-250, 0-500. Độ ch&iacute;nh x&aacute;c &plusmn; 5% F.S.D. hoặc tốt hơn, đặc biệt l&agrave; &plusmn; 2pphm khi nồng độ ozone ở mức 50pphm, được đo trong điều kiện hấp thụ ổn định. Thời gian đo sau khi đặt mẫu thử v&agrave;o: 10% trong khoảng thời gian c&agrave;i đặt l&agrave; 15 ph&uacute;t.</span></p>\r\n<p><span style=\"font-family: terminal,monaco; font-size: medium;\">Khả năng ph&aacute;t sinh kh&iacute; ozone của đ&egrave;n ozone tia UV với khả năng ph&aacute;t sinh ra kh&iacute; ozone tối đa gần 50.000 pphm x l&iacute;t/ph&uacute;t, v&iacute; dụ như 200pphm sẽ ph&aacute;t sinh lượng kh&iacute; 250 l&iacute;t/ph&uacute;t. C&oacute; thể chọn lựa mức ph&aacute;t sinh cao l&agrave; 2000pphm (sử dụng với m&aacute;y ph&acirc;n t&iacute;ch tia UV). Kh&ocirc;ng kh&iacute; được biến đổi th&agrave;nh kh&iacute; ozone ở mức 50-500L/ph&uacute;t , cho ph&eacute;p tối đa 3 luồng kh&iacute; được biến đổi trong mỗi ph&uacute;t v&agrave; vận tốc đạt hiệu quả cao l&agrave; từ 3.3 đến 33.3mm/gi&acirc;y. Tốc độ quay của c&aacute;nh quạt b&ecirc;n trong c&oacute; thể chuyển đổi để tạo ra vận tốc l&agrave; 60cm/gi&acirc;y theo ti&ecirc;u chuẩn ASTM D 1149. Độ sai số cho nồng độ kh&iacute; ozone l&agrave; &plusmn; 2pphm. Độ ch&iacute;nh x&aacute;c được kiểm so&aacute;t l&agrave; 4% so với gi&aacute; trị đ&atilde; c&agrave;i đặt [4% of set value] (&plusmn; 2pphm ở mức 50pphm).</span></p>\r\n<p><span style=\"font-family: terminal,monaco; font-size: medium;\">Quạt lưu th&ocirc;ng theo ti&ecirc;u chuẩn ASTM 1149.</span></p>\r\n<p><span style=\"font-family: terminal,monaco; font-size: medium;\">Thời gian l&agrave;m thử nghiệm: tự động lập tr&igrave;nh trong 7 ng&agrave;y, gồm thời gian thử nghiệm bắt dầu &ndash; kết th&uacute;c v&agrave; xả kh&iacute;.</span></p>\r\n<p><strong><span style=\"text-decoration: underline; font-family: terminal,monaco; font-size: medium;\">M&aacute;y thử ozone HTE 703</span></strong></p>\r\n<p><span style=\"font-family: terminal,monaco; font-size: medium;\">Lựa chọn nhiệt độ cho mẫu m&aacute;y 703: 0<sup>o</sup>C đến 70<sup>o</sup>C (*). 10<sup>o</sup>C đến 70<sup>o</sup>C. Nhiệt độ xung quanh (+ 5)<sup>o</sup>C đến 0<sup>o</sup>C.</span></p>\r\n<p><span style=\"font-family: terminal,monaco; font-size: medium;\">(*) Việc kiểm tra vật liệu cao su ở nhiệt độ thấp dưới 0<sup>o</sup>C sẽ được lưu lại ở dạng văn bản v&agrave; những kết luận từ việc kiểm tra, c&oacute; sử dụng c&aacute;c loại m&aacute;y kiểm tra ở nhiệt độ thấp của SATRA sẽ&nbsp; quan trọng cho việc ph&aacute;t triển phương ph&aacute;p khử ozone trong tương lai.</span></p>\r\n<p><span style=\"font-family: terminal,monaco; font-size: medium;\">Kiểm so&aacute;t nhiệt độ: &plusmn; 1<sup>o</sup>C ở mức 40<sup>o</sup>C v&agrave; &plusmn; 3<sup>o</sup>C nếu ở mức 70<sup>o</sup>C. Thời gian toả nhiệt v&agrave; kh&iacute; ozone tuỳ thuộc v&agrave;o việc đặt mẫu thử, &lt;10% thời gian đ&atilde; c&agrave;i đặt sau 15 ph&uacute;t v&agrave; 4% sau 30 ph&uacute;t (thời gian bắt đầu l&agrave;m lạnh sẽ rất kh&aacute;c nhau).</span></p>\r\n<p><span style=\"font-family: terminal,monaco; font-size: medium;\">Nguồn điện cho ph&eacute;p 220-240/1/50/60, c&ocirc;ng suất 2kVA v&agrave; kh&ocirc;ng bị ảnh hưởng do sự biến thi&ecirc;n 10% so với b&igrave;nh thường.</span></p>\r\n<p><span style=\"text-decoration: underline; font-family: terminal,monaco; font-size: medium;\"><strong><span style=\"text-decoration: underline; font-family: terminal,monaco; font-size: medium;\">M&aacute;y thử ozone HTE 903</span></strong></span></p>\r\n<p><span style=\"font-family: terminal,monaco; font-size: medium;\">Nhiệt độ cho mẫu m&aacute;y 903: 23<sup>o</sup>C đến 70<sup>o</sup>C. Tất cả c&aacute;c mức nhiệt độ sẽ được tự động kiểm so&aacute;t bằng một bộ điều khiển tỷ lệ nhiệt độ kỹ thuật số hiển thị v&agrave; được lưu lại tr&ecirc;n đồ thị.</span></p>\r\n<p><span style=\"font-family: terminal,monaco; font-size: medium;\">Kiểm so&aacute;t độ ẩm cho m&aacute;y 903: 50% đến 80% RH tr&ecirc;n nền nhiệt độ của m&aacute;y từ 23<sup>o</sup>C đến 40<sup>o</sup>C.</span></p>\r\n<p><span style=\"font-family: terminal,monaco; font-size: medium;\">Kiểm so&aacute;t ở mức &plusmn; 5% RH nếu nhiệt độ kh&ocirc;ng thay đổi. Bộ điều khiển kỹ thuật số gắn với 03 thiết bị lưu đồ thị.</span></p>\r\n<p><span style=\"font-family: terminal,monaco; font-size: medium;\">Nguồn nước: nhiệt độ tối đa 15<sup>o</sup>C. &Aacute;p suất tối thiểu l&ecirc;n 02 thanh (minimum pressure 2 bars). D&ograve;ng chảy tối đa phải đạt 80L/giờ. Nếu như l&agrave; loại nước cứng, n&ecirc;n sử dụng một l&ograve; nung v&agrave; nếu kh&ocirc;ng thể duy tr&igrave; nhiệt độ nước tối đa 15<sup>o</sup>C th&igrave; cần phải sử dụng một hệ thống l&agrave;m lạnh tuần ho&agrave;n.</span></p>\r\n<p><span style=\"font-family: terminal,monaco; font-size: medium;\">Nguồn điện cho ph&eacute;p 220-240/1/50/60 c&oacute; c&ocirc;ng suất 3kVA v&agrave; kh&ocirc;ng bị ảnh hưởng do sự biến thi&ecirc;n 10% so với b&igrave;nh thường.</span></p>', '<p style=\"text-align: center;\">&nbsp;</p>\r\n<p style=\"text-align: justify;\"><span style=\"font-family: tahoma,arial,helvetica,sans-serif; font-size: small; color: #000000;\"><img src=\"data:image/png;base64,[BLOB]\" alt=\"\" width=\"200\" /></span></p>\r\n<p style=\"text-align: justify;\"><span style=\"font-family: tahoma,arial,helvetica,sans-serif; font-size: small; color: #000000;\">&nbsp;</span></p>\r\n<p style=\"text-align: justify;\"><span style=\"font-family: tahoma,arial,helvetica,sans-serif; font-size: small; color: #000000;\">SATRA ozone testing technology has evolved as a result of more than 30 years of experience. Stateof- the-art technology and construction techniques have been combined with expertise to produce a reliable, accurate, fully automated, labour and cost-saving unit which is truly environmentally safe.</span></p>\r\n<p style=\"text-align: justify;\">&nbsp;</p>\r\n<p style=\"text-align: justify;\"><span style=\"font-family: tahoma,arial,helvetica,sans-serif; font-size: small; color: #000000;\">An integral closed loop air-ozone system ensures that hazardous ozone gas is contained internally &ndash; eliminating the need to provide additional external venting and filtering of the spent gases.</span></p>\r\n<p style=\"text-align: justify;\">&nbsp;</p>\r\n<p style=\"text-align: justify;\"><span style=\"font-family: tahoma,arial,helvetica,sans-serif; font-size: small; color: #000000;\">The heavy duty aluminum exposure chamber has an anti-corrosive interior and is complete with racking system to accept sample-mounting apparatus. A range of static and dynamic sample holders to international standards is available. Access is via a double-glazed, airtight and safety interlocked door. Entry to the test area is prevented until the interior environment reverts to safe ambient levels. Exterior lighting can be excluded from the test area via a shade, while the interior can be lit by the integral test inspection lamp.</span></p>\r\n<p style=\"text-align: justify;\">&nbsp;</p>\r\n<p style=\"text-align: justify;\"><span style=\"font-family: tahoma,arial,helvetica,sans-serif; font-size: small; color: #000000;\">Controls and digital displays are logically laid out on a control panel and reflect the simplicity of operation required to set up a test routine. The only requirement is to set the ozone concentration, temperature, airflow, relative humidity (model 903 chamber only), test start and finish time.</span></p>\r\n<p style=\"text-align: justify;\">&nbsp;</p>\r\n<p style=\"text-align: justify;\"><span style=\"font-family: tahoma,arial,helvetica,sans-serif; font-size: small; color: #000000;\">The ozone concentration is variable from 25-500 parts per hundred million (pphm) &ndash; 25 - 2,000 pphm option &ndash; and is automatically controlled and monitored. The set concentration and monitored concentration are digitally displayed, with the monitored concentration simultaneously output to PC (via Calcomms graphical software).</span></p>\r\n<p style=\"text-align: justify;\">&nbsp;</p>\r\n<p style=\"text-align: justify;\"><span style=\"font-family: tahoma,arial,helvetica,sans-serif; font-size: small; color: #000000;\">Ozone delivery accuracy of &plusmn;5 per cent nominal full scale delivery (FSD) or better, typically &plusmn; 2 pphm in 50 pphm, measured under stable absorption conditions. Typical recovery times after sample insertion: achieves 10 per cent of set value within 15 minutes.</span></p>\r\n<p style=\"text-align: justify;\">&nbsp;</p>\r\n<p style=\"text-align: justify;\"><span style=\"font-family: tahoma,arial,helvetica,sans-serif; font-size: small; color: #000000;\">Ozone generation is via UV ozone lamps with a maximum ozone generated output of 200 pphm at 250 litres/min, and there is a high ozone option of 2,000pphm. The ozonised air flow of 40-440 litres/min is infinitely variable, allowing a maximum of three air changes per minute and an effective velocity of 3.3-33.3mm/sec. The internal circulation fan can be switched on to give 600 mm/sec (2 feet/sec) according to ASTM D 1149. Ozone concentration measurement accuracy is &plusmn; 2 pphm. Control accuracy is 4 per cent of set point (&plusmn;2pphm at 50pphm).</span></p>\r\n<p style=\"text-align: justify;\">&nbsp;</p>\r\n<p style=\"text-align: justify;\"><span style=\"font-family: tahoma,arial,helvetica,sans-serif; font-size: small; color: #000000;\">The test timer provides digital programming of up to seven days, with test start and test stop.</span></p>', '', 'http://ninavietnam.com/khoitoan/product/rubber-plastic-70.html', 'MÁY THỬ OZONE', 'MÁY THỬ OZONE', 'MÁY THỬ OZONE', '', '70277.png', '70277_139.318885449x150.png', 1, 1, 0, 0, 4392);
