-- https://www.phpmyadmin.net/
--

START TRANSACTION;



--
-- Database: `vncode_huyt`
--

-- --------------------------------------------------------

--
-- Table structure for table `counter`
--

CREATE TABLE `counter` (
  `id` int(11) NOT NULL,
  `tm` int(11) NOT NULL,
  `ip` varchar(16) NOT NULL DEFAULT '0.0.0.0'
) ENGINE=MyISAM DEFAULT CHARSET=utf8;

--
-- Dumping data for table `counter`
--

INSERT INTO `counter` (`id`, `tm`, `ip`) VALUES
(1000, 1589592259, '::1'),
(1001, 1589596814, '::1'),
(1002, 1589598525, '::1'),
(1003, 1589599594, '::1'),
(1004, 1589600563, '::1'),
(1005, 1589601502, '::1'),
(1006, 1589602434, '::1'),
(1007, 1589604992, '::1'),
(1008, 1589765526, '::1'),
(1009, 1589766621, '::1'),
(1010, 1589768317, '::1'),
(1011, 1589769274, '::1'),
(1012, 1589771413, '::1'),
(1013, 1589773815, '::1'),
(1014, 1589775174, '::1'),
(1015, 1589776194, '::1'),
(1016, 1589777394, '::1'),
(1017, 1589788917, '::1'),
(1018, 1589789842, '::1'),
(1019, 1589850370, '::1'),
(1020, 1589851625, '::1'),
(1021, 1589852546, '::1'),
(1022, 1589854083, '::1'),
(1023, 1589855079, '::1'),
(1024, 1589856041, '::1'),
(1025, 1589857658, '::1'),
(1026, 1589870647, '::1'),
(1027, 1589872333, '::1'),
(1028, 1589875183, '::1'),
(1029, 1589876661, '::1'),
(1030, 1589878205, '::1'),
(1031, 1589879199, '::1'),
(1032, 1589881203, '::1'),
(1033, 1589882156, '::1'),
(1034, 1589910209, '::1'),
(1035, 1589915133, '::1'),
(1036, 1589916155, '::1'),
(1037, 1590012134, '::1'),
(1038, 1590014341, '::1'),
(1039, 1590015736, '::1'),
(1040, 1590016679, '::1'),
(1041, 1590090227, '::1'),
(1042, 1590092429, '::1'),
(1043, 1590094520, '::1'),
(1044, 1590096278, '::1'),
(1045, 1590152669, '::1'),
(1046, 1590293745, '::1'),
(1047, 1590294735, '::1'),
(1048, 1590297385, '::1'),
(1049, 1590525174, '::1'),
(1050, 1590528027, '::1'),
(1051, 1590530239, '::1'),
(1052, 1590617608, '::1'),
(1053, 1590618949, '::1'),
(1054, 1590620194, '::1'),
(1055, 1590665430, '::1'),
(1056, 1590666950, '::1'),
(1057, 1590671249, '::1'),
(1058, 1590687654, '::1'),
(1059, 1590691020, '::1'),
(1060, 1590691926, '::1'),
(1061, 1590692851, '::1'),
(1062, 1590693773, '::1'),
(1063, 1590894370, '::1'),
(1064, 1590912121, '::1'),
(1065, 1590913026, '::1'),
(1066, 1590924022, '::1'),
(1067, 1590954262, '::1'),
(1068, 1590958253, '::1'),
(1069, 1591298894, '::1'),
(1070, 1591300426, '::1'),
(1071, 1591301836, '::1'),
(1072, 1591309116, '::1'),
(1073, 1591310089, '::1'),
(1074, 1591311921, '::1'),
(1075, 1591355058, '::1'),
(1076, 1591356083, '::1'),
(1077, 1591358849, '::1'),
(1078, 1591359757, '::1'),
(1079, 1591361137, '::1'),
(1080, 1591428153, '::1'),
(1081, 1591432633, '::1'),
(1082, 1591433553, '::1'),
(1083, 1591434586, '::1'),
(1084, 1591435558, '::1'),
(1085, 1591436517, '::1'),
(1086, 1591438062, '::1'),
(1087, 1591440481, '::1'),
(1088, 1591441420, '::1'),
(1089, 1591442547, '::1'),
(1090, 1591443451, '::1'),
(1091, 1591444493, '42.117.204.49'),
(1092, 1591488085, '125.212.148.157'),
(1093, 1591488095, '66.102.8.148'),
(1094, 1591490263, '125.212.148.157'),
(1095, 1591491913, '125.212.148.157'),
(1096, 1591492841, '125.212.148.157'),
(1097, 1591525941, '::1'),
(1098, 1591527180, '::1'),
(1099, 1591709026, '::1'),
(1100, 1591710375, '::1'),
(1101, 1591714160, '::1'),
(1102, 1591716420, '::1'),
(1103, 1591717401, '::1'),
(1104, 1591720665, '::1'),
(1105, 1591790494, '::1'),
(1106, 1591792010, '::1'),
(1107, 1591792998, '::1'),
(1108, 1591793958, '::1'),
(1109, 1591801640, '::1'),
(1110, 1591803935, '::1'),
(1111, 1591805336, '::1'),
(1112, 1591806311, '::1'),
(1113, 1591874573, '::1'),
(1114, 1591875725, '::1'),
(1115, 1591881184, '::1'),
(1116, 1591883975, '::1'),
(1117, 1591886190, '::1'),
(1118, 1591887605, '::1'),
(1119, 1591889614, '27.64.50.235'),
(1120, 1591889629, '66.102.8.148'),
(1121, 1591892385, '27.64.50.235'),
(1122, 1591931517, '14.187.37.44'),
(1123, 1591938321, '14.187.37.44'),
(1124, 1591939614, '14.187.37.44'),
(1125, 1591940618, '14.187.37.44'),
(1126, 1591972067, '27.64.50.235'),
(1127, 1591973315, '27.64.50.235'),
(1128, 1591974306, '27.64.50.235'),
(1129, 1591975757, '27.64.50.235'),
(1130, 1591977002, '27.64.50.235'),
(1131, 1591979057, '27.64.50.235'),
(1132, 1591980016, '27.64.50.235'),
(1133, 1591981083, '27.64.50.235'),
(1134, 1592004005, '183.81.70.21'),
(1135, 1592018043, '14.187.37.44'),
(1136, 1592019419, '14.187.37.44'),
(1137, 1592020401, '14.187.37.44'),
(1138, 1592021424, '14.187.37.44'),
(1139, 1592022335, '14.187.37.44'),
(1140, 1592023708, '14.187.37.44'),
(1141, 1592034549, '14.187.37.44'),
(1142, 1592039981, '14.187.37.44'),
(1143, 1592061254, '::1'),
(1144, 1592062249, '::1'),
(1145, 1592064031, '::1'),
(1146, 1592074082, '::1'),
(1147, 1592075174, '::1'),
(1148, 1592077848, '::1'),
(1149, 1592106263, '::1'),
(1150, 1592107421, '::1'),
(1151, 1592109263, '::1'),
(1152, 1592118931, '::1'),
(1153, 1592240546, '::1'),
(1154, 1592400125, '::1'),
(1155, 1592431270, '::1'),
(1156, 1592432818, '::1'),
(1157, 1592434977, '::1'),
(1158, 1592435903, '::1'),
(1159, 1592436922, '::1'),
(1160, 1592481679, '::1'),
(1161, 1592482884, '::1'),
(1162, 1592484246, '::1'),
(1163, 1592493255, '::1'),
(1164, 1592494182, '::1'),
(1165, 1592495179, '::1'),
(1166, 1592496478, '::1'),
(1167, 1592497593, '183.81.70.21'),
(1168, 1592502917, '171.249.72.45'),
(1169, 1592502922, '66.102.8.152'),
(1170, 1592502923, '66.102.8.148'),
(1171, 1592540444, '14.187.37.44'),
(1172, 1592541519, '14.187.37.44'),
(1173, 1592542471, '14.187.37.44'),
(1174, 1592543453, '14.187.37.44'),
(1175, 1592544773, '14.187.37.44'),
(1176, 1592545708, '14.187.37.44'),
(1177, 1592546625, '14.187.37.44'),
(1178, 1592555849, '14.187.37.44'),
(1179, 1592565867, '183.81.70.21'),
(1180, 1592566808, '183.81.70.21'),
(1181, 1592570594, '171.249.72.45'),
(1182, 1592573804, '183.81.70.21'),
(1183, 1592576881, '171.249.72.45'),
(1184, 1592577013, '49.213.78.31'),
(1185, 1592577317, '27.65.196.72'),
(1186, 1592596142, '65.154.226.100'),
(1187, 1592709876, '1.53.94.224'),
(1188, 1592712332, '171.249.72.45'),
(1189, 1592712694, '1.53.94.224'),
(1190, 1592713165, '27.65.196.72'),
(1191, 1592714503, '171.249.72.45'),
(1192, 1592810558, '49.213.78.31'),
(1193, 1593003887, '::1'),
(1194, 1593020080, '::1'),
(1195, 1593021274, '::1'),
(1196, 1593089871, '::1'),
(1197, 1593091232, '::1'),
(1198, 1593093216, '::1'),
(1199, 1593094175, '::1'),
(1200, 1593170748, '::1'),
(1201, 1593173241, '::1'),
(1202, 1593175713, '::1'),
(1203, 1593183374, '::1'),
(1204, 1593188933, '::1'),
(1205, 1593189882, '::1'),
(1206, 1593190855, '::1'),
(1207, 1593191778, '::1'),
(1208, 1593223704, '14.187.37.44'),
(1209, 1593223713, '66.102.8.152'),
(1210, 1593225006, '14.187.37.44'),
(1211, 1593225911, '14.187.37.44'),
(1212, 1593227152, '14.187.37.44'),
(1213, 1593228116, '14.187.37.44'),
(1214, 1593229586, '14.187.37.44'),
(1215, 1593483093, '171.249.72.45'),
(1216, 1593483174, '139.99.122.87'),
(1217, 1593483864, '27.65.196.72'),
(1218, 1593835761, '27.64.102.46'),
(1219, 1593835765, '66.102.8.152'),
(1220, 1593835765, '66.102.8.150'),
(1221, 1594003015, '171.249.72.45'),
(1222, 1594003027, '66.102.8.152'),
(1223, 1594565030, '42.117.204.36'),
(1224, 1595300427, '14.187.37.44'),
(1225, 1595300436, '66.102.8.148'),
(1226, 1595300471, '139.99.62.149'),
(1227, 1595309528, '113.185.73.48'),
(1228, 1597232985, '118.69.139.182'),
(1229, 1598359009, '113.22.239.10'),
(1230, 1599802334, '113.161.88.45'),
(1231, 1603593141, '1.54.172.13'),
(1232, 1603593975, '139.99.122.1'),
(1233, 1603594273, '27.65.196.75');

-- --------------------------------------------------------

--
-- Table structure for table `table_about`
--

CREATE TABLE `table_about` (
  `id` int(10) UNSIGNED NOT NULL,
  `ten` varchar(225) NOT NULL,
  `tenkhongdau` varchar(255) NOT NULL,
  `mota` text NOT NULL,
  `noidung` text NOT NULL,
  `photo` varchar(100) NOT NULL,
  `thumb` varchar(255) NOT NULL,
  `stt` int(10) UNSIGNED NOT NULL DEFAULT 1,
  `hienthi` tinyint(1) NOT NULL DEFAULT 1,
  `ngaytao` int(11) NOT NULL DEFAULT 0,
  `ngaysua` int(11) NOT NULL DEFAULT 0,
  `title` varchar(100) NOT NULL,
  `description` varchar(1000) NOT NULL,
  `h3` varchar(200) NOT NULL,
  `h2` varchar(200) NOT NULL,
  `h1` varchar(200) NOT NULL,
  `keywords` varchar(200) NOT NULL,
  `type` varchar(100) NOT NULL,
  `tenen` varchar(225) NOT NULL,
  `motaen` text NOT NULL,
  `noidungen` text NOT NULL,
  `tencn` varchar(255) NOT NULL,
  `motacn` text NOT NULL,
  `noidungcn` text NOT NULL,
  `link` varchar(255) NOT NULL,
  `mota2` text NOT NULL,
  `mota2en` text NOT NULL,
  `mota2cn` text NOT NULL,
  `ten2` varchar(255) NOT NULL,
  `ten2en` varchar(255) NOT NULL,
  `ten2cn` varchar(255) NOT NULL
) ENGINE=MyISAM DEFAULT CHARSET=utf8;

--
-- Dumping data for table `table_about`
--

INSERT INTO `table_about` (`id`, `ten`, `tenkhongdau`, `mota`, `noidung`, `photo`, `thumb`, `stt`, `hienthi`, `ngaytao`, `ngaysua`, `title`, `description`, `h3`, `h2`, `h1`, `keywords`, `type`, `tenen`, `motaen`, `noidungen`, `tencn`, `motacn`, `noidungcn`, `link`, `mota2`, `mota2en`, `mota2cn`, `ten2`, `ten2en`, `ten2cn`) VALUES
(1, '', '', '', '', '', '', 1, 1, 1592496731, 0, '', '', '', '', '', '', 'gioi-thieu', '', '', '', '', '', '', '', '', '', '', '', '', ''),
(2, '', '', '', '<p><span style=\"font-size:18px;\"><strong>CÔNG TY TNHH SẢN XUẤT - THƯƠNG MẠI  HUY TOÀN</strong></span></p>\r\n\r\n<p><br />\r\n<strong>Văn phòng: </strong>B2-06 Phạm Thái Bường, P. Tân Phong, Quận 7, Tp. HCM</p>\r\n\r\n<p><strong>Xưởng sản xuất:</strong> B8/27B HƯNG NHƠN, ẤP 2, TÂN KIÊN, BÌNH CHÁNH, TP. HCM</p>\r\n\r\n<p><strong>Email:</strong> huytoan@hutoco.com</p>\r\n\r\n<p><strong>Điện thoại:</strong> (+84) 8 37562696   - <strong>Mobile:</strong> 0903807358 (Mr. HUY)     -   </p>\r\n\r\n<p><strong>Fax: </strong> (+84) 8 37562697 </p>\r\n\r\n<p><strong>Website:</strong> www.hutoco.com </p>\r\n', '', '', 1, 1, 1592497101, 1593227249, '', '', '', '', '', '', 'lienhe', '', '', '', '', '', '', '', '', '', '', '', '', ''),
(4, 'CÔNG Ty TNHH Sản Xuất - Thương Mại HUY HOÀN', 'cong-ty-tnhh-san-xuat--thuong-mai-huy-hoan', '', '', 'untitled-4-3656.jpg', 'untitled-4-3656-4814_560x430.jpg', 1, 1, 1593094155, 1593094170, '', '', '', '', '', '', 'txtnang-luc', '', '', '', '', '', '', '', '', '', '', '', '', '');

-- --------------------------------------------------------

--
-- Table structure for table `table_anhnen`
--

CREATE TABLE `table_anhnen` (
  `id` int(10) NOT NULL,
  `color` varchar(10) NOT NULL,
  `position_x` varchar(225) NOT NULL,
  `position_y` varchar(225) NOT NULL,
  `type` varchar(225) NOT NULL,
  `fixed` varchar(20) NOT NULL DEFAULT '0',
  `bgsize` varchar(225) NOT NULL,
  `photo` varchar(225) NOT NULL,
  `repea` varchar(225) NOT NULL,
  `hienthi` tinyint(4) NOT NULL
) ENGINE=MyISAM DEFAULT CHARSET=utf8;

--
-- Dumping data for table `table_anhnen`
--

INSERT INTO `table_anhnen` (`id`, `color`, `position_x`, `position_y`, `type`, `fixed`, `bgsize`, `photo`, `repea`, `hienthi`) VALUES
(1, '', '', '', '', '', '', '', '', 1),
(2, '#E81818', '', '', 'backgroundma', '', '', '', '', 0),
(3, '', '', '', 'xbackgroundma', '', '', '', '', 1);

-- --------------------------------------------------------

--
-- Table structure for table `table_background`
--

CREATE TABLE `table_background` (
  `id` int(10) UNSIGNED NOT NULL,
  `ten` varchar(225) NOT NULL,
  `tenkhongdau` varchar(255) NOT NULL,
  `mota` text NOT NULL,
  `noidung` text NOT NULL,
  `photo` varchar(100) NOT NULL,
  `thumb` varchar(255) NOT NULL,
  `stt` int(10) UNSIGNED NOT NULL DEFAULT 1,
  `hienthi` tinyint(1) NOT NULL DEFAULT 1,
  `ngaytao` int(11) NOT NULL DEFAULT 0,
  `ngaysua` int(11) NOT NULL DEFAULT 0,
  `title` varchar(100) NOT NULL,
  `description` varchar(1000) NOT NULL,
  `keywords` varchar(200) NOT NULL,
  `type` varchar(100) NOT NULL,
  `tenen` varchar(255) NOT NULL,
  `motaen` text NOT NULL,
  `noidungen` text NOT NULL,
  `photoen` varchar(255) NOT NULL,
  `link` varchar(255) NOT NULL,
  `photocn` varchar(255) NOT NULL,
  `tencn` varchar(255) NOT NULL,
  `noidungcn` text NOT NULL,
  `motacn` text NOT NULL
) ENGINE=MyISAM DEFAULT CHARSET=utf8;

--
-- Dumping data for table `table_background`
--

INSERT INTO `table_background` (`id`, `ten`, `tenkhongdau`, `mota`, `noidung`, `photo`, `thumb`, `stt`, `hienthi`, `ngaytao`, `ngaysua`, `title`, `description`, `keywords`, `type`, `tenen`, `motaen`, `noidungen`, `photoen`, `link`, `photocn`, `tencn`, `noidungcn`, `motacn`) VALUES
(1, '', '', '', '', '', '', 0, 1, 1564802013, 0, '', '', '', 'bgvisao', '', '', '', '', '', '', '', '', ''),
(2, '', '', '', '', '', '', 0, 1, 1564802019, 0, '', '', '', 'bgdathen', '', '', '', '', '', '', '', '', ''),
(3, '', '', '', '', 'untitled-10008logo-1551.png', 'untitled-10008logo-1551-1691_160x96.png', 0, 1, 1564803046, 1593020151, '', '', '', 'logo', '', '', '', 'untitled-10023logo-3870.png', '', '', '', '', ''),
(4, '', '', '', '', 'untitled-10007huy-toan-3090.png', 'untitled-10007huy-toan-3090-1130_340x90.png', 0, 1, 1564803058, 1593020192, '', '', '', 'banner', '', '', '', 'untitled-2-6990.png', '', '', '', '', ''),
(5, '', '', '', '', 'untitled-5-1513.jpg', 'untitled-5-1513-3523_1366x160.jpg', 0, 1, 1564803064, 1592393931, '', '', '', 'bgbn', '', '', '', '', '', '', '', '', ''),
(6, '', '', '', '', 'untitled-10-6199.jpg', '', 0, 1, 1564996911, 1579505518, '', '', '', 'bgft', '', '', '', '', '', '', '', '', ''),
(7, '', '', '', '', '', '', 0, 1, 1567676665, 0, '', '', '', '', '', '', '', '', '', '', '', '', ''),
(8, '', '', '', '', 'untitled-23-6805.jpg', '', 0, 1, 1567997794, 1567997800, '', '', '', 'bg-dt', '', '', '', '', '', '', '', '', ''),
(9, '', '', '', '', 'untitled-23-9037.png', '', 0, 1, 1567997803, 1567997809, '', '', '', 'logo-dt', '', '', '', '', '', '', '', '', ''),
(10, '', '', '', '', '', '', 1, 1, 1568617059, 0, '', '', '', 'favicon', '', '', '', '', '', '', '', '', ''),
(11, '', '', '', '', '550x480-2661.png', '', 1, 1, 1569811553, 1569812168, '', '', '', 'pupop', '', '', '', '', '', '', '', '', ''),
(12, '', '', '', '', '', '', 1, 1, 1573696383, 0, '', '', '', 'bnbg', '', '', '', '', '', '', '', '', '');

-- --------------------------------------------------------

--
-- Table structure for table `table_chitietdonhang`
--

CREATE TABLE `table_chitietdonhang` (
  `id` int(10) UNSIGNED NOT NULL,
  `ten` varchar(225) NOT NULL,
  `gia` int(11) NOT NULL,
  `soluong` int(11) NOT NULL,
  `size` varchar(30) NOT NULL,
  `tonggia` int(11) NOT NULL,
  `photo` varchar(100) NOT NULL,
  `stt` int(10) UNSIGNED NOT NULL DEFAULT 1,
  `hienthi` tinyint(1) NOT NULL DEFAULT 1,
  `ngaytao` int(10) UNSIGNED NOT NULL DEFAULT 0,
  `ngaysua` int(10) UNSIGNED NOT NULL DEFAULT 0,
  `madonhang` varchar(50) NOT NULL,
  `masp` varchar(200) NOT NULL,
  `id_donhang` int(11) NOT NULL,
  `giacu` int(11) NOT NULL,
  `id_sanpham` int(11) NOT NULL,
  `mausac` varchar(50) NOT NULL,
  `ngaysinh` int(11) NOT NULL,
  `gioitinh` tinyint(1) NOT NULL,
  `loai` tinyint(1) NOT NULL,
  `tuoi` tinyint(1) NOT NULL,
  `phong` tinyint(1) NOT NULL,
  `visa` tinyint(1) NOT NULL,
  `giaphong` varchar(255) NOT NULL,
  `giavisa` varchar(255) NOT NULL
) ENGINE=MyISAM DEFAULT CHARSET=utf8;

-- --------------------------------------------------------

--
-- Table structure for table `table_com`
--

CREATE TABLE `table_com` (
  `id` int(10) UNSIGNED NOT NULL,
  `noibat` tinyint(4) NOT NULL,
  `ten` varchar(225) NOT NULL,
  `tenkhongdau` varchar(255) NOT NULL,
  `photo` varchar(100) NOT NULL,
  `thumb` varchar(255) NOT NULL,
  `stt` int(10) UNSIGNED NOT NULL DEFAULT 1,
  `hienthi` tinyint(1) NOT NULL DEFAULT 1,
  `ngaytao` int(10) UNSIGNED NOT NULL DEFAULT 0,
  `ngaysua` int(10) UNSIGNED NOT NULL DEFAULT 0,
  `link` varchar(255) NOT NULL,
  `tenen` varchar(255) NOT NULL,
  `com` varchar(100) NOT NULL,
  `act` varchar(100) NOT NULL,
  `type` varchar(100) NOT NULL
) ENGINE=MyISAM DEFAULT CHARSET=utf8;

--
-- Dumping data for table `table_com`
--

INSERT INTO `table_com` (`id`, `noibat`, `ten`, `tenkhongdau`, `photo`, `thumb`, `stt`, `hienthi`, `ngaytao`, `ngaysua`, `link`, `tenen`, `com`, `act`, `type`) VALUES
(2, 0, 'Quản lý danh mục 3', 'quan-ly-danh-muc-3', '', '', 3, 1, 1432955333, 1473908677, '', '', 'product', 'man_cat', 'sanpham'),
(3, 0, 'Quản lý danh mục 2', 'quan-ly-danh-muc-2', '', '', 2, 1, 1432955365, 1473908619, '', '', 'product', 'man_list', 'sanpham'),
(4, 0, 'Quản lý danh mục 1', 'quan-ly-danh-muc-1', '', '', 1, 1, 1432955410, 1473908550, '', '', 'product', 'man_danhmuc', 'sanpham'),
(6, 0, 'Quản lý danh mục 4', 'quan-ly-danh-muc-4', '', '', 4, 1, 1473908704, 1473908715, '', '', 'product', 'man_item', 'sanpham'),
(7, 0, 'Quản lý đơn hàng', 'quan-ly-don-hang', '', '', 5, 1, 1473908763, 0, '', '', 'order', 'man', ''),
(8, 0, 'Quản lý sản phẩm', 'quan-ly-san-pham', '', '', 6, 1, 1473908796, 0, '', '', 'product', 'man', 'sanpham'),
(9, 0, 'Video', 'video', '', '', 7, 1, 1473908842, 0, '', '', 'video', 'man', ''),
(10, 0, 'Giới thiệu', 'gioi-thieu', '', '', 8, 1, 1473908876, 0, '', '', 'about', 'capnhat', 'about'),
(11, 0, 'Cập nhật liên hệ', 'cap-nhat-lien-he', '', '', 9, 1, 1473908906, 0, '', '', 'about', 'capnhat', 'lienhe'),
(12, 0, 'Cập nhật footer', 'cap-nhat-footer', '', '', 10, 1, 1473908930, 0, '', '', 'about', 'capnhat', 'footer'),
(13, 0, 'Quản lý Danh mục', 'quan-ly-danh-muc', '', '', 11, 1, 1473908980, 0, '', '', 'news', 'man_cat', 'tintuc'),
(14, 0, 'Quản lý tin tức', 'quan-ly-tin-tuc', '', '', 12, 1, 1473909001, 0, '', '', 'news', 'man', 'tintuc'),
(15, 0, 'Lấy tin từ Vnexpress', 'lay-tin-tu-vnexpress', '', '', 13, 1, 1473909027, 0, '', '', 'vnexpress', 'man', ''),
(16, 0, 'Quản lý liên kết web', 'quan-ly-lien-ket-web', '', '', 14, 1, 1473909057, 0, '', '', 'lkweb', 'man', ''),
(17, 0, 'Quản lý hỗ trợ trực tuyến', 'quan-ly-ho-tro-truc-tuyen', '', '', 15, 1, 1473909073, 0, '', '', 'yahoo', 'man', ''),
(18, 0, 'Quản lý Đăng ký nhận tin', 'quan-ly-dang-ky-nhan-tin', '', '', 16, 1, 1473909099, 0, '', '', 'newsletter', 'man', ''),
(19, 0, 'Cập nhật banner', 'cap-nhat-banner', '', '', 17, 1, 1473909173, 0, '', '', 'background', 'capnhat', 'banner'),
(20, 0, 'Cập nhật slider', 'cap-nhat-slider', '', '', 18, 1, 1473909201, 0, '', '', 'background', 'capnhat', 'slider'),
(21, 0, 'Quản lý đối tác', 'quan-ly-doi-tac', '', '', 19, 1, 1473909223, 0, '', '', 'background', 'capnhat', 'doitac'),
(22, 0, 'Quản lý quảng cáo', 'quan-ly-quang-cao', '', '', 20, 1, 1473909248, 0, '', '', 'background', 'capnhat', 'quangcao'),
(23, 0, 'Quản lý quảng cáo 2 bên', 'quan-ly-quang-cao-2-ben', '', '', 21, 1, 1473909498, 0, '', '', 'background', 'capnhat', 'letruot'),
(24, 0, 'Cập nhật pupop quảng cáo', 'cap-nhat-pupop-quang-cao', '', '', 22, 1, 1473909520, 0, '', '', 'background', 'capnhat', 'pupop'),
(25, 0, 'Cập nhật background', 'cap-nhat-background', '', '', 23, 1, 1473909546, 0, '', '', 'anhnen', 'capnhat', 'background'),
(26, 0, 'Quản lý Tỉnh thành', 'quan-ly-tinh-thanh', '', '', 24, 1, 1473909574, 0, '', '', 'place', 'man_city', ''),
(27, 0, 'Quản lý Quận huyện', 'quan-ly-quan-huyen', '', '', 25, 1, 1473909601, 0, '', '', 'place', 'man_dist', ''),
(28, 0, 'Quản lý Phường xã', 'quan-ly-phuong-xa', '', '', 26, 1, 1473909626, 0, '', '', 'place', 'man_ward', ''),
(29, 0, 'Quản lý Đường', 'quan-ly-duong', '', '', 27, 1, 1473909647, 0, '', '', 'place', 'man_street', ''),
(30, 0, 'Cập nhật thông tin công ty', 'cap-nhat-thong-tin-cong-ty', '', '', 28, 1, 1473909669, 0, '', '', 'company', 'capnhat', ''),
(31, 0, 'Cập nhật thông tin SEO website', 'cap-nhat-thong-tin-seo-website', '', '', 29, 1, 1473909694, 0, '', '', 'meta', 'capnhat', ''),
(32, 0, 'Quản lý Tài Khoản', 'quan-ly-tai-khoan', '', '', 30, 1, 1473909725, 0, '', '', 'user', 'admin_edit', ''),
(33, 0, 'Quản lý thành viên', 'quan-ly-thanh-vien', '', '', 31, 1, 1473909741, 0, '', '', 'user', 'man', ''),
(34, 0, 'Quản lý nhóm thành viên', 'quan-ly-nhom-thanh-vien', '', '', 32, 1, 1473909859, 1473916833, '', '', 'phanquyen', 'man', ''),
(35, 0, 'Quản lý dịch vụ', 'quan-ly-dich-vu', '', '', 12, 1, 1473933552, 0, '', '', 'news', 'man', 'dichvu');

-- --------------------------------------------------------

--
-- Table structure for table `table_comment`
--

CREATE TABLE `table_comment` (
  `id` int(11) NOT NULL,
  `product_id` int(11) NOT NULL,
  `parent_id` int(11) NOT NULL,
  `email` varchar(255) COLLATE utf8_unicode_ci NOT NULL,
  `like` text COLLATE utf8_unicode_ci NOT NULL,
  `ngaytao` int(11) NOT NULL,
  `ngaysua` int(11) NOT NULL,
  `hienthi` tinyint(4) NOT NULL DEFAULT 1,
  `stt` int(11) NOT NULL DEFAULT 1,
  `type` varchar(100) COLLATE utf8_unicode_ci NOT NULL,
  `ten` varchar(150) COLLATE utf8_unicode_ci NOT NULL,
  `tenen` varchar(150) COLLATE utf8_unicode_ci NOT NULL,
  `mota` text COLLATE utf8_unicode_ci NOT NULL,
  `motaen` text COLLATE utf8_unicode_ci NOT NULL,
  `noidung` text COLLATE utf8_unicode_ci NOT NULL,
  `noidungen` text COLLATE utf8_unicode_ci NOT NULL,
  `lang` varchar(50) COLLATE utf8_unicode_ci NOT NULL,
  `thumb` varchar(200) COLLATE utf8_unicode_ci NOT NULL,
  `photo` varchar(300) COLLATE utf8_unicode_ci NOT NULL,
  `tenkhongdau` varchar(300) COLLATE utf8_unicode_ci NOT NULL
) ENGINE=MyISAM DEFAULT CHARSET=utf8 COLLATE=utf8_unicode_ci;

-- --------------------------------------------------------

--
-- Table structure for table `table_company`
--

CREATE TABLE `table_company` (
  `id` int(10) NOT NULL,
  `ten` varchar(150) NOT NULL,
  `dienthoai` varchar(100) NOT NULL,
  `email` varchar(100) NOT NULL,
  `diachi` varchar(255) NOT NULL,
  `toado` varchar(50) NOT NULL,
  `fax` varchar(100) NOT NULL,
  `fanpage` varchar(255) NOT NULL,
  `website` varchar(50) NOT NULL,
  `giomo` varchar(255) NOT NULL,
  `tenen` varchar(255) NOT NULL,
  `diachien` varchar(500) NOT NULL,
  `favicon` varchar(255) NOT NULL,
  `faviconthumb` varchar(255) NOT NULL,
  `dongdau` varchar(255) NOT NULL,
  `dongdauthumb` varchar(255) NOT NULL,
  `codethem` text NOT NULL,
  `sitemap` varchar(20) NOT NULL,
  `soluong_sp` int(11) NOT NULL,
  `soluong_spk` int(11) NOT NULL,
  `soluong_tin` int(11) NOT NULL,
  `soluong_tink` int(11) NOT NULL,
  `lang_default` varchar(20) NOT NULL,
  `title` varchar(200) NOT NULL,
  `keywords` varchar(1000) NOT NULL,
  `description` varchar(300) NOT NULL,
  `h3` varchar(200) NOT NULL,
  `h2` varchar(200) NOT NULL,
  `h1` varchar(200) NOT NULL,
  `codethem2` text NOT NULL,
  `bando` text NOT NULL,
  `bct` varchar(255) NOT NULL,
  `slogan` varchar(200) NOT NULL,
  `sloganen` varchar(200) NOT NULL,
  `tencn` varchar(255) NOT NULL,
  `diachicn` varchar(255) NOT NULL,
  `slogancn` varchar(200) NOT NULL,
  `ngaytao` int(11) NOT NULL,
  `thuoctinh` text DEFAULT NULL
) ENGINE=MyISAM DEFAULT CHARSET=utf8;

--
-- Dumping data for table `table_company`
--

INSERT INTO `table_company` (`id`, `ten`, `dienthoai`, `email`, `diachi`, `toado`, `fax`, `fanpage`, `website`, `giomo`, `tenen`, `diachien`, `favicon`, `faviconthumb`, `dongdau`, `dongdauthumb`, `codethem`, `sitemap`, `soluong_sp`, `soluong_spk`, `soluong_tin`, `soluong_tink`, `lang_default`, `title`, `keywords`, `description`, `h3`, `h2`, `h1`, `codethem2`, `bando`, `bct`, `slogan`, `sloganen`, `tencn`, `diachicn`, `slogancn`, `ngaytao`, `thuoctinh`) VALUES
(1, 'CÔNG TY TNHH SẢN XUẤT - THƯƠNG MẠI HUY HOÀN', '0903807358 - (+082) 8 37562696', 'huytoan@hutoco.com', 'B2-06 Phạm Thái Bường, P. Tân Phong, Quận 7, Tp. HCM', '10.853741418142036,106.62834708220907', '(+84) 8 37562697 ', '', 'hutoco.com', '', 'DiO', '1358/28/159 Quang Trung, Phường 14, Quận Gò Vấp, Thành phố Hồ Chí Minh', 'untitled-10008logo-7725.png', 'untitled-24638_32x21.png', 'f00000-8245.png', 'f000005140_70x49.png', '                                                                                                                                                                                                                                                                                                                                ', 'sitemap.xml', 40, 16, 6, 10, '', 'CÔNG TY TNHH SẢN XUẤT - THƯƠNG MẠI HUY HOÀN', 'CÔNG TY TNHH SẢN XUẤT - THƯƠNG MẠI HUY HOÀN', 'CÔNG TY TNHH SẢN XUẤT - THƯƠNG MẠI HUY HOÀN', 'CÔNG TY TNHH SẢN XUẤT - THƯƠNG MẠI HUY HOÀN', 'CÔNG TY TNHH SẢN XUẤT - THƯƠNG MẠI HUY HOÀN', 'CÔNG TY TNHH SẢN XUẤT - THƯƠNG MẠI HUY HOÀN', '                                                                                                                                                                                                                                                                                                                        ', '<iframe src=\"https://www.google.com/maps/embed?pb=!1m18!1m12!1m3!1d3919.405984759786!2d106.59539931483654!3d10.780185262072003!2m3!1f0!2f0!3f0!3m2!1i1024!2i768!4f13.1!3m3!1m2!1s0x31752c6eef2e2af7%3A0xadbc79cb7ed55467!2zMSwgNzgvNSDEkMaw4budbmcgU-G7kSAxOEIsIELDrG5oIEjGsG5nIEjDsmEgQSwgQsOsbmggVMOibiwgSOG7kyBDaMOtIE1pbmgsIFZp4buHdCBOYW0!5e0!3m2!1svi!2s!4v1561518682841!5m2!1svi!2s\" width=\"600\" height=\"450\" frameborder=\"0\" style=\"border:0\" allowfullscreen></iframe>', '', '', '', '', '', '', 0, '{\"tt_zalo\":\"0903807358 \",\"tt_messenger\":\"\"}');

-- --------------------------------------------------------

--
-- Table structure for table `table_com_quyen`
--

CREATE TABLE `table_com_quyen` (
  `id` int(10) UNSIGNED NOT NULL,
  `stt` int(10) UNSIGNED NOT NULL DEFAULT 1,
  `hienthi` tinyint(1) NOT NULL DEFAULT 1,
  `ngaytao` int(10) UNSIGNED NOT NULL DEFAULT 0,
  `ngaysua` int(10) UNSIGNED NOT NULL DEFAULT 0,
  `com` varchar(100) NOT NULL,
  `act` varchar(400) NOT NULL,
  `type` varchar(100) NOT NULL,
  `id_quyen` int(11) NOT NULL,
  `act_cap` varchar(100) NOT NULL
) ENGINE=MyISAM DEFAULT CHARSET=utf8;

--
-- Dumping data for table `table_com_quyen`
--

INSERT INTO `table_com_quyen` (`id`, `stt`, `hienthi`, `ngaytao`, `ngaysua`, `com`, `act`, `type`, `id_quyen`, `act_cap`) VALUES
(10, 1, 1, 1473947975, 1473957730, 'news', 'man,add,edit,delete,save', 'dichvu', 4, ''),
(9, 1, 1, 1473947969, 1474627615, 'product', 'man_cat,add_cat,edit_cat,delete_cat,save_cat', 'sanpham', 4, 'man_cat'),
(8, 1, 1, 1473947966, 1473958588, 'product', 'man_list,add_list,edit_list,delete_list,save_list', 'sanpham', 4, 'man_list'),
(7, 1, 1, 1473947952, 1473958586, 'product', 'man_danhmuc,add_danhmuc,edit_danhmuc,delete_danhmuc,save_danhmuc', 'sanpham', 4, 'man_danhmuc'),
(11, 1, 1, 1473947980, 1473958624, 'news', 'man,add,edit,delete,save', 'tintuc', 4, ''),
(12, 1, 1, 1473948574, 0, 'video', 'man,add,edit,delete,save', '', 4, ''),
(13, 1, 1, 1473949851, 1473958620, 'news', 'man_cat,add_cat,edit_cat,delete_cat,save_cat', 'tintuc', 4, 'man_cat'),
(14, 1, 1, 1473954306, 1473958597, 'order', 'man,add,edit,delete,save', '', 4, ''),
(15, 1, 1, 1473954736, 1473958612, 'about', 'capnhat,add,edit,delete,save', 'about', 4, ''),
(16, 1, 1, 1473958279, 1473958602, 'product', 'man,add,edit,delete,save', 'sanpham', 4, ''),
(17, 1, 1, 1473958594, 0, 'product', 'man_item,add_item,edit_item,delete_item,save_item', 'sanpham', 4, 'man_item'),
(18, 1, 1, 1473958615, 0, 'about', 'capnhat,add,edit,delete,save', 'lienhe', 4, ''),
(19, 1, 1, 1473958617, 0, 'about', 'capnhat,add,edit,delete,save', 'footer', 4, ''),
(20, 1, 1, 1473958627, 0, 'vnexpress', 'man,add,edit,delete,save', '', 4, ''),
(21, 1, 1, 1473958631, 0, 'lkweb', 'man,add,edit,delete,save', '', 4, ''),
(22, 1, 1, 1473958634, 0, 'yahoo', 'man,add,edit,delete,save', '', 4, ''),
(23, 1, 1, 1473958636, 0, 'newsletter', 'man,add,edit,delete,save', '', 4, ''),
(24, 1, 1, 1473958638, 0, 'background', 'capnhat,add,edit,delete,save', 'banner', 4, ''),
(25, 1, 1, 1473958642, 0, 'background', 'capnhat,add,edit,delete,save', 'slider', 4, ''),
(26, 1, 1, 1473958645, 0, 'background', 'capnhat,add,edit,delete,save', 'doitac', 4, ''),
(27, 1, 1, 1473958648, 0, 'background', 'capnhat,add,edit,delete,save', 'quangcao', 4, ''),
(28, 1, 1, 1473958650, 0, 'background', 'capnhat,add,edit,delete,save', 'letruot', 4, ''),
(29, 1, 1, 1473958652, 0, 'background', 'capnhat,add,edit,delete,save', 'pupop', 4, ''),
(30, 1, 1, 1473958655, 0, 'anhnen', 'capnhat,add,edit,delete,save', 'background', 4, ''),
(31, 1, 1, 1473958658, 0, 'place', 'man_city,add_city,edit_city,delete_city,save_city', '', 4, 'man_city'),
(32, 1, 1, 1473958660, 0, 'place', 'man_dist,add_dist,edit_dist,delete_dist,save_dist', '', 4, 'man_dist'),
(33, 1, 1, 1473958663, 0, 'place', 'man_ward,add_ward,edit_ward,delete_ward,save_ward', '', 4, 'man_ward'),
(34, 1, 1, 1473958666, 0, 'place', 'man_street,add_street,edit_street,delete_street,save_street', '', 4, 'man_street'),
(35, 1, 1, 1473958669, 0, 'company', 'capnhat,add,edit,delete,save', '', 4, ''),
(36, 1, 1, 1473958671, 0, 'meta', 'capnhat,add,edit,delete,save', '', 4, ''),
(37, 1, 1, 1473958674, 1473958677, 'user', 'admin_edit', '', 4, 'admin_edit'),
(38, 1, 1, 1473958679, 0, 'user', 'man,add,edit,delete,save', '', 4, ''),
(39, 1, 1, 1473958682, 0, 'phanquyen', 'man,add,edit,delete,save', '', 4, ''),
(40, 1, 1, 1473958749, 1473992561, 'product', 'man_danhmuc,add_danhmuc,edit_danhmuc,delete_danhmuc,save_danhmuc', 'sanpham', 2, 'man_danhmuc'),
(41, 1, 1, 1473958752, 1473992536, 'product', 'man_list,add_list,edit_list,delete_list,save_list', 'sanpham', 2, 'man_list'),
(42, 1, 1, 1473958754, 0, 'product', 'man_cat,', 'sanpham', 2, 'man_cat'),
(43, 1, 1, 1473958757, 0, 'product', 'man_item,', 'sanpham', 2, 'man_item'),
(44, 1, 1, 1473958761, 0, 'order', 'man,', '', 2, ''),
(45, 1, 1, 1473958764, 0, 'product', 'man,', 'sanpham', 2, '');

-- --------------------------------------------------------

--
-- Table structure for table `table_danhgiasao`
--

CREATE TABLE `table_danhgiasao` (
  `id` int(10) UNSIGNED NOT NULL,
  `hienthi` tinyint(1) NOT NULL DEFAULT 1,
  `link` varchar(400) NOT NULL,
  `ip` varchar(100) NOT NULL,
  `time` int(11) NOT NULL,
  `giatri` int(11) NOT NULL,
  `code` varchar(100) NOT NULL,
  `id_sanpham` int(11) NOT NULL
) ENGINE=MyISAM DEFAULT CHARSET=utf8;

--
-- Dumping data for table `table_danhgiasao`
--

INSERT INTO `table_danhgiasao` (`id`, `hienthi`, `link`, `ip`, `time`, `giatri`, `code`, `id_sanpham`) VALUES
(1, 1, 'http://localhost/t1219/phamthiuyen_1769419/san-pham/doloremque-turpis-blandit-de-92.html', '', 1576825754, 4, 'vtb6ed2j12j4kc0bt17pqf0a9a', 92),
(2, 1, 'http://localhost/anna/san-pham/dam-nut-hoa-mau-xanh-la-ky-nghi-1-322.html', '', 1592484284, 4, 'ddb43pav5mouqghulaufc1enjg', 0),
(3, 1, 'http://demo.vncode.xyz/anna/san-pham/thoi-trang-danh-cho-nam-335.html', '', 1592545714, 5, '0c2ajpp4a4lj06lh2hr6meqv13', 0);

-- --------------------------------------------------------

--
-- Table structure for table `table_donhang`
--

CREATE TABLE `table_donhang` (
  `id` int(11) NOT NULL,
  `madonhang` varchar(20) NOT NULL,
  `hoten` varchar(255) NOT NULL,
  `dienthoai` varchar(255) NOT NULL,
  `diachi` varchar(255) NOT NULL,
  `email` varchar(255) NOT NULL,
  `httt` int(11) NOT NULL,
  `tonggia` int(11) NOT NULL,
  `noidung` text NOT NULL,
  `ghichu` text NOT NULL,
  `ngaytao` varchar(30) NOT NULL,
  `tinhtrang` int(11) NOT NULL,
  `thanhpho` int(11) NOT NULL,
  `quan` int(11) NOT NULL,
  `htgh` int(11) NOT NULL DEFAULT 1,
  `nguongoc` varchar(255) NOT NULL,
  `ngaycapnhat` int(11) NOT NULL,
  `ngaydi` varchar(30) NOT NULL,
  `ip` varchar(50) NOT NULL,
  `ngayin` varchar(300) NOT NULL,
  `export` tinyint(4) NOT NULL,
  `gioin` varchar(20) NOT NULL,
  `phi` int(11) NOT NULL,
  `phithem` int(11) NOT NULL,
  `thuve` int(11) NOT NULL,
  `id_user` int(11) NOT NULL,
  `phuong` int(11) NOT NULL,
  `id_sanpham` int(11) NOT NULL,
  `quoctich` varchar(255) NOT NULL,
  `ten` varchar(255) NOT NULL,
  `didong` varchar(20) NOT NULL,
  `ngaysinh` int(11) NOT NULL,
  `coupon` varchar(255) NOT NULL,
  `coupon_cost` varchar(255) NOT NULL
) ENGINE=MyISAM DEFAULT CHARSET=utf8;

-- --------------------------------------------------------

--
-- Table structure for table `table_hinhanh`
--

CREATE TABLE `table_hinhanh` (
  `id` int(10) UNSIGNED NOT NULL,
  `photo` varchar(225) NOT NULL,
  `ten` varchar(100) CHARACTER SET utf8 COLLATE utf8_unicode_ci NOT NULL,
  `mota` text NOT NULL,
  `link` varchar(255) NOT NULL,
  `stt` int(10) UNSIGNED NOT NULL DEFAULT 1,
  `hienthi` tinyint(1) NOT NULL DEFAULT 1,
  `thumb` varchar(255) NOT NULL,
  `type` varchar(100) NOT NULL,
  `id_hinhanh` int(11) NOT NULL,
  `noibat` tinyint(4) NOT NULL,
  `tenen` varchar(255) NOT NULL,
  `motaen` text NOT NULL,
  `tencn` varchar(255) NOT NULL,
  `motacn` text NOT NULL
) ENGINE=MyISAM DEFAULT CHARSET=utf8;

-- --------------------------------------------------------

--
-- Table structure for table `table_hinhthucgiaohang`
--

CREATE TABLE `table_hinhthucgiaohang` (
  `id` int(10) UNSIGNED NOT NULL,
  `id_item` int(11) NOT NULL,
  `noibat` tinyint(4) NOT NULL,
  `ten` varchar(225) NOT NULL,
  `tenkhongdau` varchar(255) NOT NULL,
  `mota` text NOT NULL,
  `noidung` text NOT NULL,
  `photo` varchar(100) NOT NULL,
  `thumb` varchar(255) NOT NULL,
  `stt` int(10) UNSIGNED NOT NULL DEFAULT 1,
  `hienthi` tinyint(1) NOT NULL DEFAULT 1,
  `ngaytao` int(10) UNSIGNED NOT NULL DEFAULT 0,
  `ngaysua` int(10) UNSIGNED NOT NULL DEFAULT 0,
  `title` varchar(100) NOT NULL,
  `keywords` varchar(1000) NOT NULL,
  `description` varchar(200) NOT NULL
) ENGINE=MyISAM DEFAULT CHARSET=utf8;

--
-- Dumping data for table `table_hinhthucgiaohang`
--

INSERT INTO `table_hinhthucgiaohang` (`id`, `id_item`, `noibat`, `ten`, `tenkhongdau`, `mota`, `noidung`, `photo`, `thumb`, `stt`, `hienthi`, `ngaytao`, `ngaysua`, `title`, `keywords`, `description`) VALUES
(1, 0, 0, 'Giao Hàng Tận Nơi', 'giao-hang-tan-noi', '', '', '', '', 1, 1, 1408034136, 1436756823, '', '', ''),
(2, 0, 0, 'Qua bưu điện', 'tu-giao-tan-nha', '', '', '', '', 2, 1, 1410860298, 0, '', '', '');

-- --------------------------------------------------------

--
-- Table structure for table `table_httt`
--

CREATE TABLE `table_httt` (
  `id` int(11) NOT NULL,
  `ten` varchar(255) CHARACTER SET utf8 COLLATE utf8_unicode_ci NOT NULL,
  `hienthi` int(11) NOT NULL DEFAULT 1,
  `noibat` int(11) NOT NULL,
  `stt` int(11) NOT NULL,
  `tenen` varchar(100) CHARACTER SET utf8 NOT NULL,
  `noidung` text CHARACTER SET utf8 NOT NULL,
  `noidungen` text CHARACTER SET utf8 NOT NULL
) ENGINE=MyISAM DEFAULT CHARSET=latin1;

--
-- Dumping data for table `table_httt`
--

INSERT INTO `table_httt` (`id`, `ten`, `hienthi`, `noibat`, `stt`, `tenen`, `noidung`, `noidungen`) VALUES
(1, 'Tiền mặt', 1, 0, 1, 'Cash', '<p>Tiền mặt Beatae tristique nulla, nesciunt veniam scelerisque non tempor proin feugiat tincidunt risus, turpis maiores proident laboriosam, hac turpis, dolor numquam eros, exercitation ipsa totam! Quisquam cubilia! Leo leo! Aperiam senectus curabit</p>\r\n', ''),
(2, 'Chuyển khoản', 1, 0, 2, 'Bank transfer', '<p>Chuyển khoản eatae tristique nulla, nesciunt veniam scelerisque non tempor proin feugiat tincidunt risus, turpis maiores proident laboriosam, hac turpis, dolor numquam eros, exercitation ipsa totam! Quisquam cubilia! Leo leo! Aperiam senectus curabit</p>\r\n', '');

-- --------------------------------------------------------

--
-- Table structure for table `table_lienhe`
--

CREATE TABLE `table_lienhe` (
  `id` int(10) UNSIGNED NOT NULL,
  `noibat` tinyint(4) NOT NULL,
  `ten` varchar(225) NOT NULL,
  `tenkhongdau` varchar(255) NOT NULL,
  `photo` varchar(100) NOT NULL,
  `thumb` varchar(255) NOT NULL,
  `stt` int(10) UNSIGNED NOT NULL DEFAULT 1,
  `hienthi` tinyint(1) NOT NULL DEFAULT 1,
  `ngaytao` int(10) UNSIGNED NOT NULL DEFAULT 0,
  `ngaysua` int(10) UNSIGNED NOT NULL DEFAULT 0,
  `link` varchar(255) NOT NULL,
  `tenen` varchar(255) NOT NULL,
  `type` varchar(100) NOT NULL,
  `diachi` varchar(200) NOT NULL,
  `dienthoai` varchar(100) NOT NULL,
  `email` varchar(100) NOT NULL,
  `chude` varchar(200) NOT NULL,
  `noidung` text NOT NULL,
  `diachien` varchar(200) NOT NULL,
  `noidungen` text NOT NULL,
  `chudeen` varchar(200) NOT NULL
) ENGINE=MyISAM DEFAULT CHARSET=utf8;

-- --------------------------------------------------------

--
-- Table structure for table `table_lkweb`
--

CREATE TABLE `table_lkweb` (
  `id` int(10) UNSIGNED NOT NULL,
  `noibat` tinyint(4) NOT NULL,
  `ten` varchar(225) NOT NULL,
  `tenkhongdau` varchar(255) NOT NULL,
  `photo` varchar(100) NOT NULL,
  `thumb` varchar(255) NOT NULL,
  `stt` int(10) UNSIGNED NOT NULL DEFAULT 1,
  `hienthi` tinyint(1) NOT NULL DEFAULT 1,
  `ngaytao` int(10) UNSIGNED NOT NULL DEFAULT 0,
  `ngaysua` int(10) UNSIGNED NOT NULL DEFAULT 0,
  `link` varchar(255) NOT NULL,
  `tenen` varchar(255) NOT NULL,
  `type` varchar(100) NOT NULL,
  `tencn` varchar(255) NOT NULL
) ENGINE=MyISAM DEFAULT CHARSET=utf8;

--
-- Dumping data for table `table_lkweb`
--

INSERT INTO `table_lkweb` (`id`, `noibat`, `ten`, `tenkhongdau`, `photo`, `thumb`, `stt`, `hienthi`, `ngaytao`, `ngaysua`, `link`, `tenen`, `type`, `tencn`) VALUES
(43, 0, 'Facebook', 'facebook', 'Untitled-1_0010_Layer-10.png.png', '', 1, 1, 1591792158, 1591974465, '', '', 'mxhft', ''),
(34, 0, 'Youtube ++', 'youtube-', 'Untitled-1_0009_Layer-11.png.png', '', 2, 1, 1582861349, 1591974474, '', '', 'mxhft', ''),
(37, 0, 'Instagram', 'instagram', 'Untitled-1_0008_Layer-12.png.png', '', 4, 1, 1587180563, 1591974482, '', '', 'mxhft', ''),
(38, 0, 'Twitter', 'twitter', 'Untitled-1_0007_Layer-13.png.png', '', 3, 1, 1587180578, 1591974491, '', '', 'mxhft', ''),
(39, 0, 'Tiktok', 'tiktok', 'Untitled-1_0006_Layer-14.png.png', '', 5, 1, 1587180586, 1591974498, '', '', 'mxhft', ''),
(41, 0, 'Youtube ++', 'youtube-', 'Untitled-1_0002_Layer-4.png.png', '', 1, 1, 1591299469, 1593191590, '', '', 'mxh', ''),
(42, 0, 'Pinterest', 'pinterest', 'Untitled-1_0000_Layer-6.png.png', '', 1, 1, 1591299479, 1593191582, '', '', 'mxh', ''),
(44, 0, 'Twitter', 'twitter', 'Untitled-1_0003_Layer-3.png.png', '', 1, 1, 1592394162, 1593191575, '', '', 'mxh', ''),
(45, 0, 'Facebook', 'facebook', 'Untitled-1_0001_Layer-5.png.png', '', 1, 1, 1592394167, 1593191567, '', '', 'mxh', '');

-- --------------------------------------------------------

--
-- Table structure for table `table_news`
--

CREATE TABLE `table_news` (
  `id` int(10) UNSIGNED NOT NULL,
  `id_list` int(11) NOT NULL,
  `id_item` int(10) NOT NULL,
  `id_cat` int(11) NOT NULL,
  `noibat` tinyint(4) NOT NULL,
  `photo` varchar(225) NOT NULL,
  `thumb` varchar(225) NOT NULL,
  `photo2` varchar(255) NOT NULL,
  `thumb2` varchar(255) NOT NULL,
  `taptin` varchar(255) NOT NULL,
  `ten` varchar(255) CHARACTER SET utf8 COLLATE utf8_unicode_ci NOT NULL,
  `tenkhongdau` varchar(255) NOT NULL,
  `mota` text NOT NULL,
  `noidung` longtext NOT NULL,
  `luotxem` int(11) NOT NULL,
  `stt` int(10) UNSIGNED NOT NULL DEFAULT 1,
  `hienthi` tinyint(1) NOT NULL DEFAULT 1,
  `spmoi` int(11) NOT NULL,
  `ngaytao` int(11) NOT NULL,
  `ngaysua` int(11) NOT NULL,
  `title` varchar(100) NOT NULL,
  `keywords` varchar(1000) NOT NULL,
  `description` varchar(200) NOT NULL,
  `h3` varchar(200) NOT NULL,
  `h2` varchar(200) NOT NULL,
  `h1` varchar(200) NOT NULL,
  `id_danhmuc` int(11) NOT NULL,
  `tenen` varchar(255) NOT NULL,
  `motaen` text NOT NULL,
  `noidungen` text NOT NULL,
  `tencn` varchar(255) NOT NULL,
  `motacn` text NOT NULL,
  `noidungcn` text NOT NULL,
  `type` varchar(255) NOT NULL,
  `tag` text NOT NULL,
  `chucvu` varchar(255) NOT NULL,
  `chucvuen` varchar(255) NOT NULL,
  `chucvucn` varchar(255) NOT NULL,
  `link` varchar(255) NOT NULL,
  `linken` varchar(255) NOT NULL,
  `linkcn` varchar(255) NOT NULL,
  `color` varchar(10) NOT NULL,
  `mota2` text NOT NULL,
  `mota2en` text NOT NULL,
  `mota2cn` text NOT NULL,
  `ten2` varchar(255) NOT NULL,
  `ten2en` varchar(255) NOT NULL,
  `ten2cn` varchar(255) NOT NULL,
  `gia` varchar(100) NOT NULL
) ENGINE=MyISAM DEFAULT CHARSET=utf8;

--
-- Dumping data for table `table_news`
--

INSERT INTO `table_news` (`id`, `id_list`, `id_item`, `id_cat`, `noibat`, `photo`, `thumb`, `photo2`, `thumb2`, `taptin`, `ten`, `tenkhongdau`, `mota`, `noidung`, `luotxem`, `stt`, `hienthi`, `spmoi`, `ngaytao`, `ngaysua`, `title`, `keywords`, `description`, `h3`, `h2`, `h1`, `id_danhmuc`, `tenen`, `motaen`, `noidungen`, `tencn`, `motacn`, `noidungcn`, `type`, `tag`, `chucvu`, `chucvuen`, `chucvucn`, `link`, `linken`, `linkcn`, `color`, `mota2`, `mota2en`, `mota2cn`, `ten2`, `ten2en`, `ten2cn`, `gia`) VALUES
(116, 0, 0, 0, 0, '', '', '', '', '', 'Tên tag 1', 'ten-tag-1', '', '', 0, 1, 1, 0, 1571385454, 0, '', '', '', '', '', '', 0, '', '', '', '', '', '', 'tags', '', '', '', '', '', '', '', '', '', '', '', '', '', '', ''),
(117, 0, 0, 0, 0, '', '', '', '', '', 'Tên tag 12', 'ten-tag-12', '', '', 0, 1, 1, 0, 1571385458, 0, '', '', '', '', '', '', 0, '', '', '', '', '', '', 'tags', '', '', '', '', '', '', '', '', '', '', '', '', '', '', ''),
(118, 0, 0, 0, 0, '', '', '', '', '', 'Tên tag 123', 'ten-tag-123', '', '', 0, 1, 1, 0, 1571385461, 0, '', '', '', '', '', '', 0, '', '', '', '', '', '', 'tags', '', '', '', '', '', '', '', '', '', '', '', '', '', '', ''),
(119, 0, 0, 0, 0, '', '', '', '', '', 'Tên tag 1234', 'ten-tag-1234', '', '', 0, 1, 1, 0, 1571385465, 0, '', '', '', '', '', '', 0, '', '', '', '', '', '', 'tags', '', '', '', '', '', '', '', '', '', '', '', '', '', '', ''),
(205, 0, 0, 0, 0, '400x300-7013.png', '400x3001197_200x150.png', '', '', '', 'Nulla turpis faucibus purus quam ma', 'nulla-turpis-faucibus-purus-quam-ma', 'Nulla turpis faucibus purus quam magnam vivamus officiis, facilis hymenaeos, mollis parturient suscipit, mi harum dolores, duis ullamco torquent error culpa vitae laudantium donec accusantium aliquip voluptatum neque? Cursus tristique proin interdum cillum, mollis bibendum similique. Magnam do! Cras sit beatae aperiam repellendus enim, scelerisque sunt aliqua adip', '', 1, 1, 1, 0, 1573704253, 0, '', '', '', '', '', '', 9, '', '', '', '', '', '', 'muctieu', '', '', '', '', '', '', '', '', '', '', '', '', '', '', ''),
(206, 0, 0, 0, 0, '400x300-4377.png', '400x3006185_200x150.png', '', '', '', 'Nulla turpis faucibus purus quam ma 1', 'nulla-turpis-faucibus-purus-quam-ma-1', 'Nulla turpis faucibus purus quam magnam vivamus officiis, facilis hymenaeos, mollis parturient suscipit, mi harum dolores, duis ullamco torquent error culpa vitae laudantium donec accusantium aliquip voluptatum neque? Cursus tristique proin interdum cillum, mollis bibendum similique. Magnam do! Cras sit beatae aperiam repellendus enim, scelerisque sunt aliqua adip', '', 0, 1, 1, 0, 1573704256, 0, '', '', '', '', '', '', 9, '', '', '', '', '', '', 'muctieu', '', '', '', '', '', '', '', '', '', '', '', '', '', '', ''),
(207, 0, 0, 0, 0, '400x300-9458.png', '400x3007711_200x150.png', '', '', '', 'Nulla turpis faucibus purus quam ma 12', 'nulla-turpis-faucibus-purus-quam-ma-12', 'Nulla turpis faucibus purus quam magnam vivamus officiis, facilis hymenaeos, mollis parturient suscipit, mi harum dolores, duis ullamco torquent error culpa vitae laudantium donec accusantium aliquip voluptatum neque? Cursus tristique proin interdum cillum, mollis bibendum similique. Magnam do! Cras sit beatae aperiam repellendus enim, scelerisque sunt aliqua adip', '', 0, 1, 1, 0, 1573704259, 0, '', '', '', '', '', '', 9, '', '', '', '', '', '', 'muctieu', '', '', '', '', '', '', '', '', '', '', '', '', '', '', ''),
(208, 0, 0, 0, 0, '400x300-1600.png', '400x3009214_200x150.png', '', '', '', 'Nulla turpis faucibus purus quam ma 123', 'nulla-turpis-faucibus-purus-quam-ma-123', 'Nulla turpis faucibus purus quam magnam vivamus officiis, facilis hymenaeos, mollis parturient suscipit, mi harum dolores, duis ullamco torquent error culpa vitae laudantium donec accusantium aliquip voluptatum neque? Cursus tristique proin interdum cillum, mollis bibendum similique. Magnam do! Cras sit beatae aperiam repellendus enim, scelerisque sunt aliqua adip', '', 0, 1, 1, 0, 1573704263, 0, '', '', '', '', '', '', 9, '', '', '', '', '', '', 'muctieu', '', '', '', '', '', '', '', '', '', '', '', '', '', '', ''),
(209, 0, 0, 0, 0, '400x300-4135.png', '400x3007067_200x150.png', '', '', '', 'Nulla turpis faucibus purus quam ma 1234', 'nulla-turpis-faucibus-purus-quam-ma-1234', 'Nulla turpis faucibus purus quam magnam vivamus officiis, facilis hymenaeos, mollis parturient suscipit, mi harum dolores, duis ullamco torquent error culpa vitae laudantium donec accusantium aliquip voluptatum neque? Cursus tristique proin interdum cillum, mollis bibendum similique. Magnam do! Cras sit beatae aperiam repellendus enim, scelerisque sunt aliqua adip', '', 0, 1, 1, 0, 1573704269, 0, '', '', '', '', '', '', 9, '', '', '', '', '', '', 'muctieu', '', '', '', '', '', '', '', '', '', '', '', '', '', '', ''),
(210, 0, 0, 0, 0, '400x300-7358.png', '400x3000043_200x150.png', '', '', '', 'Itaque aut elementum, vitae cursus, so', 'itaque-aut-elementum-vitae-cursus-so', 'Itaque aut elementum, vitae cursus, soluta incididunt numquam, ullamcorper eu tincidunt imperdiet, provident magnis, eum possimus lobortis metus ipsam laboriosam, dolores maiores gravida dis mattis malesuada, minima semper felis vivamus commodi voluptatibus blandit purus, diam quidem wisi', '', 0, 1, 1, 0, 1573704509, 0, '', '', '', '', '', '', 10, '', '', '', '', '', '', 'muctieu', '', '', '', '', '', '', '', '', '', '', '', '', '', '', ''),
(211, 0, 0, 0, 0, '400x300-3749.png', '400x3003758_200x150.png', '', '', '', 'Itaque aut elementum, vitae cursus, so 1', 'itaque-aut-elementum-vitae-cursus-so-1', 'Itaque aut elementum, vitae cursus, soluta incididunt numquam, ullamcorper eu tincidunt imperdiet, provident magnis, eum possimus lobortis metus ipsam laboriosam, dolores maiores gravida dis mattis malesuada, minima semper felis vivamus commodi voluptatibus blandit purus, diam quidem wisi', '', 0, 1, 1, 0, 1573704512, 0, '', '', '', '', '', '', 10, '', '', '', '', '', '', 'muctieu', '', '', '', '', '', '', '', '', '', '', '', '', '', '', ''),
(365, 0, 0, 0, 0, '', '', '', '', '', 'Catalogue', 'catalogue', '', '', 0, 1, 1, 0, 1576823393, 1576823924, '', '', '', '', '', '', 0, '', '', '', '', '', '', 'catalogue', '', '', '', '', '', '', '', '', '', '', '', '', '', '', ''),
(557, 0, 0, 0, 0, '', '', '', '', '', 'Iste wisi tenetur, q 1', 'iste-wisi-tenetur-q-1', '', '', 0, 1, 1, 0, 1582683900, 0, '', '', '', '', '', '', 0, '', '', '', '', '', '', 'chinhsach', '', '', '', '', '', '', '', '', '', '', '', '', '', '', ''),
(558, 0, 0, 0, 0, '', '', '', '', '', 'Iste wisi tenetur, q 12', 'iste-wisi-tenetur-q-12', '', '', 0, 1, 1, 0, 1582683903, 0, '', '', '', '', '', '', 0, '', '', '', '', '', '', 'chinhsach', '', '', '', '', '', '', '', '', '', '', '', '', '', '', ''),
(559, 0, 0, 0, 0, '', '', '', '', '', 'Iste wisi tenetur, q 123', 'iste-wisi-tenetur-q-123', '', '', 0, 1, 1, 0, 1582683906, 0, '', '', '', '', '', '', 0, '', '', '', '', '', '', 'chinhsach', '', '', '', '', '', '', '', '', '', '', '', '', '', '', ''),
(560, 0, 0, 0, 0, '', '', '', '', '', 'Iste wisi tenetur, q 1234', 'iste-wisi-tenetur-q-1234', '', '', 0, 1, 1, 0, 1582683908, 0, '', '', '', '', '', '', 0, '', '', '', '', '', '', 'chinhsach', '', '', '', '', '', '', '', '', '', '', '', '', '', '', ''),
(864, 0, 0, 0, 0, '', '', '', '', '', 'Tên a', 'ten-a', '', '', 0, 1, 1, 0, 1590529633, 0, '', '', '', '', '', '', 0, '', '', '', '', '', '', 'hotline', '', 'aaa@gmail.com', '', '', '0989898789', '', '', '', '', '', '', '', '', '', '0'),
(865, 0, 0, 0, 0, '', '', '', '', '', 'Tên ab', 'ten-ab', '', '', 0, 1, 1, 0, 1590529637, 0, '', '', '', '', '', '', 0, '', '', '', '', '', '', 'hotline', '', 'aaa@gmail.com', '', '', '0989898789', '', '', '', '', '', '', '', '', '', '0'),
(973, 0, 0, 0, 0, 'photo-1-1576662924387140450795-crop-1576663100041737725104-9336.jpg', 'photo-1-1576662924387140450795-crop-1576663100041737725104-9336-1417_400x300.jpg', '', '', '', 'Tổng quan ', 'tong-quang', 'Lịch sử, quá trình hình thành và phát triển của Công Ty TNHH Sàn Xuất - Thương Mại Huy Toàn.\r\n', '', 2, 1, 1, 0, 1593225435, 1593225435, 'Tổng quang', 'Tổng quang', 'Tổng quang', '', '', '', 0, '', '', '', '', '', '', 'gioi-thieu', '', '', '', '', '', '', '', '', '', '', '', '', '', '', '0'),
(974, 0, 0, 0, 0, 'phat-trien-nguon-nhan-luc-6249.jpg', 'phat-trien-nguon-nhan-luc-6249-6711_400x300.jpg', '', '', '', 'Lịch sử phát triển', 'lich-su-phat-trien', 'Lịch sử xây dựng, trưởng thành của Công Ty Huy Toàn là một chặng đường đầy gian nan thử thách nhưng cũng rất đỗi tự hào gắn với từng thời kỳ lịch sử bảo vệ và xây dựng đất nước của dân tộc Việt Nam...\r\n\r\n', '', 1, 2, 1, 0, 1593225586, 0, '', '', '', '', '', '', 0, '', '', '', '', '', '', 'gioi-thieu', '', '', '', '', '', '', '', '', '', '', '', '', '', '', '0'),
(975, 0, 0, 0, 0, 'organization-structure-chart-vector-1596533-9739.jpg', 'organization-structure-chart-vector-1596533-9739-7521_400x300.jpg', '', '', '', 'Sơ đồ tổ chức', 'so-do-to-chuc', 'Sơ đồ tổ chức doanh nghiệp xác định rõ nhiệm vụ và chức năng của mỗi bộ phận. Sơ đồ này giúp cho nhà quản lý có cái nhìn tổng thể về mối quan hệ trong chuỗi quyết định – thực thi – quản lý và cả văn hóa doanh nghiệp.\r\n\r\n', '<p><span style=\"color: rgb(147, 0, 0); font-family: Tahoma; font-size: 12px; font-weight: 700; background-color: rgb(255, 255, 255);\">XÂY DỰNG MÔ HÌNH CÔNG TY THEO TIÊU CHUẨN QL CHẤT LƯỢNG</span></p>\r\n\r\n<p><span style=\"color: rgb(147, 0, 0); font-family: Tahoma; font-size: 12px; font-weight: 700; background-color: rgb(255, 255, 255);\"><img alt=\"\" height=\"600\" src=\"http://demo.vncode.xyz/huytoan/upload/images/sodotochuccongty.png\" width=\"680\" /></span></p>\r\n', 1, 3, 1, 0, 1593226182, 1593226182, '', '', '', '', '', '', 0, '', '', '', '', '', '', 'gioi-thieu', '', '', '', '', '', '', '', '', '', '', '', '', '', '', '0'),
(976, 0, 0, 0, 0, '', '', '', '', '', 'Chính sách điều khoản và quy định', 'chinh-sach-dieu-khoan-va-quy-dinh', '', '', 0, 1, 1, 0, 1593227407, 0, '', '', '', '', '', '', 0, '', '', '', '', '', '', 'chinh-sach', '', '', '', '', '', '', '', '', '', '', '', '', '', '', '0'),
(977, 0, 0, 0, 0, '', '', '', '', '', 'Quy định và hình thức thanh toán', 'quy-dinh-va-hinh-thuc-thanh-toan', '', '', 0, 1, 1, 0, 1593227416, 0, 'Quy định và hình thức thanh toán', 'Quy định và hình thức thanh toán', 'Quy định và hình thức thanh toán', '', '', '', 0, '', '', '', '', '', '', 'chinh-sach', '', '', '', '', '', '', '', '', '', '', '', '', '', '', '0'),
(978, 0, 0, 0, 0, '', '', '', '', '', 'Chính sách vận chuyển, giao nhận', 'chinh-sach-van-chuyen-giao-nhan', '', '', 0, 1, 1, 0, 1593227424, 0, '', '', '', '', '', '', 0, '', '', '', '', '', '', 'chinh-sach', '', '', '', '', '', '', '', '', '', '', '', '', '', '', '0'),
(979, 0, 0, 0, 0, '', '', '', '', '', 'Chính sách bảo hành, bảo trì', 'chinh-sach-bao-hanh-bao-tri', '', '', 0, 1, 1, 0, 1593227431, 0, '', '', '', '', '', '', 0, '', '', '', '', '', '', 'chinh-sach', '', '', '', '', '', '', '', '', '', '', '', '', '', '', '0'),
(980, 0, 0, 0, 0, '', '', '', '', '', 'Chính sách đổi trả', 'chinh-sach-doi-tra', '', '', 0, 1, 1, 0, 1593227437, 0, '', '', '', '', '', '', 0, '', '', '', '', '', '', 'chinh-sach', '', '', '', '', '', '', '', '', '', '', '', '', '', '', '0'),
(981, 0, 0, 0, 0, '1-4503.png', '1-4503-4237_90x90.png', '', '', '', 'HOÀN CHỈNH HỆT HỐNG NHÀ XƯỞNG NHẰM ĐÁP ỨNG QUI MÔ SẢN XUẤT', 'hoan-chinh-het-hong-nha-xuong-nham-dap-ung-qui-mo-san-xuat', 'Trang thiết bị máy móc: \" luôn luôn đổi mới và  không ngừng đầu tư vào hệ thống trang thiết bị hiện đại nhằm nâng cao năng suất sản xuất sao cho đơn hàng của quý khách luôn được đáp ứng tiến độ giao hàng. \"\r\n\r\n', '', 0, 1, 1, 0, 1593228035, 1593228035, 'HOÀN CHỈNH HỆT HỐNG NHÀ XƯỞNG NHẰM ĐÁP ỨNG QUI MÔ SẢN XUẤT', 'HOÀN CHỈNH HỆT HỐNG NHÀ XƯỞNG NHẰM ĐÁP ỨNG QUI MÔ SẢN XUẤT', 'HOÀN CHỈNH HỆT HỐNG NHÀ XƯỞNG NHẰM ĐÁP ỨNG QUI MÔ SẢN XUẤT', '', '', '', 0, '', '', '', '', '', '', 'nang-luc', '', '', '', '', '', '', '', '', '', '', '', '', '', '', '0'),
(982, 0, 0, 0, 0, '2-95.png', '2-95-2181_90x90.png', '', '', '', 'TÁI ĐẦU TƯ THIẾT BỊ MÁY MÓC NHẰM NÂNG CAO NĂNG LỰC SẢN XUẤT', 'tai-dau-tu-thiet-bi-may-moc-nham-nang-cao-nang-luc-san-xuat', 'Trang thiết bị máy móc: \" luôn luôn đổi mới và  không ngừng đầu tư vào hệ thống trang thiết bị hiện đại nhằm nâng cao năng suất sản xuất sao cho đơn hàng của quý khách luôn được đáp ứng tiến độ giao hàng. \"\r\n\r\n', '', 0, 2, 1, 0, 1593228028, 1593228028, '', '', '', '', '', '', 0, '', '', '', '', '', '', 'nang-luc', '', '', '', '', '', '', '', '', '', '', '', '', '', '', '0'),
(983, 0, 0, 0, 0, 'millicon-9597.png', 'millicon-9597-6165_90x90.png', '', '', '', 'TÁI ĐẦU TƯ THIẾT BỊ NHẰM NÂNG CAO NĂNG SUẤT SẢN XUẤT', 'tai-dau-tu-thiet-bi-nham-nang-cao-nang-suat-san-xuat', 'Trang thiết bị máy móc: \" luôn luôn đổi mới và  không ngừng đầu tư vào hệ thống trang thiết bị hiện đại nhằm nâng cao năng suất sản xuất sao cho đơn hàng của quý khách luôn được đáp ứng tiến độ giao hàng. \"\r\n\r\n', '', 0, 3, 1, 0, 1593228019, 1593228019, 'TÁI ĐẦU TƯ THIẾT BỊ NHẰM NÂNG CAO NĂNG SUẤT SẢN XUẤT', 'TÁI ĐẦU TƯ THIẾT BỊ NHẰM NÂNG CAO NĂNG SUẤT SẢN XUẤT', 'TÁI ĐẦU TƯ THIẾT BỊ NHẰM NÂNG CAO NĂNG SUẤT SẢN XUẤT', '', '', '', 0, '', '', '', '', '', '', 'nang-luc', '', '', '', '', '', '', '', '', '', '', '', '', '', '', '0'),
(984, 0, 0, 0, 0, 'personnel-icon-34-3982.png', 'personnel-icon-34-3982-1754_90x90.png', '', '', '', 'TUYỂN DỤNG, ĐÀO TẠO VÀ SỬ DỤNG NHÂN LỰC HIỆU QUẢ', 'tuyen-dung-dao-tao-va-su-dung-nhan-luc-hieu-qua', 'Đội ngũ nhân viên chuyên nghiệp sẽ được tuyển chọn, đào tạo và  sử dụng hợp lý, nhân văn sao cho những sản phẩm của Huy Toàn luôn đạt được tính thẩm mỹ và tính kết cấu kỹ thuật cao.\"\r\n\r\n', '', 0, 4, 1, 0, 1593228003, 1593228003, '', '', '', '', '', '', 0, '', '', '', '', '', '', 'nang-luc', '', '', '', '', '', '', '', '', '', '', '', '', '', '', '0');

-- --------------------------------------------------------

--
-- Table structure for table `table_newsletter`
--

CREATE TABLE `table_newsletter` (
  `id` int(10) NOT NULL,
  `ten` varchar(200) NOT NULL,
  `noidung` text NOT NULL,
  `email` varchar(100) NOT NULL,
  `diachi` varchar(255) NOT NULL,
  `dienthoai` varchar(20) NOT NULL,
  `stt` int(10) NOT NULL,
  `hienthi` int(10) NOT NULL,
  `ngaytao` varchar(100) NOT NULL,
  `quantam` varchar(255) NOT NULL
) ENGINE=MyISAM DEFAULT CHARSET=utf8;

-- --------------------------------------------------------

--
-- Table structure for table `table_news_cat`
--

CREATE TABLE `table_news_cat` (
  `id` int(11) NOT NULL,
  `id_list` int(11) NOT NULL,
  `ten` varchar(255) NOT NULL,
  `tenkhongdau` varchar(255) NOT NULL,
  `photo` varchar(255) NOT NULL,
  `thumb` varchar(255) NOT NULL,
  `stt` int(11) NOT NULL,
  `hienthi` int(11) NOT NULL,
  `ngaytao` int(11) NOT NULL,
  `ngaysua` int(11) NOT NULL,
  `id_danhmuc` int(11) NOT NULL,
  `noibat` tinyint(4) NOT NULL,
  `noidung` text NOT NULL,
  `title` varchar(100) NOT NULL,
  `keywords` varchar(1000) NOT NULL,
  `description` varchar(200) NOT NULL,
  `h3` varchar(200) NOT NULL,
  `h2` varchar(200) NOT NULL,
  `h1` varchar(200) NOT NULL,
  `tenen` varchar(255) NOT NULL,
  `noidungen` text NOT NULL,
  `type` varchar(255) NOT NULL,
  `mota` text NOT NULL,
  `motaen` text NOT NULL
) ENGINE=MyISAM DEFAULT CHARSET=utf8;

-- --------------------------------------------------------

--
-- Table structure for table `table_news_danhmuc`
--

CREATE TABLE `table_news_danhmuc` (
  `id` int(11) NOT NULL,
  `keywords` varchar(1000) NOT NULL,
  `description` varchar(200) NOT NULL,
  `h3` varchar(200) NOT NULL,
  `h2` varchar(200) NOT NULL,
  `h1` varchar(200) NOT NULL,
  `ten` varchar(255) NOT NULL,
  `tenkhongdau` varchar(255) NOT NULL,
  `photo` varchar(255) NOT NULL,
  `thumb` varchar(255) NOT NULL,
  `stt` int(11) NOT NULL,
  `hienthi` int(11) NOT NULL,
  `ngaytao` int(11) NOT NULL,
  `ngaysua` int(11) NOT NULL,
  `title` varchar(100) NOT NULL,
  `noibat` tinyint(4) NOT NULL,
  `noidung` text NOT NULL,
  `tenen` varchar(255) NOT NULL,
  `noidungen` text NOT NULL,
  `type` varchar(255) NOT NULL,
  `mota` text NOT NULL,
  `motaen` text NOT NULL
) ENGINE=MyISAM DEFAULT CHARSET=utf8;

--
-- Dumping data for table `table_news_danhmuc`
--

INSERT INTO `table_news_danhmuc` (`id`, `keywords`, `description`, `h3`, `h2`, `h1`, `ten`, `tenkhongdau`, `photo`, `thumb`, `stt`, `hienthi`, `ngaytao`, `ngaysua`, `title`, `noibat`, `noidung`, `tenen`, `noidungen`, `type`, `mota`, `motaen`) VALUES
(9, '', '', '', '', '', 'Công ty', 'cong-ty', '', '', 1, 1, 1573704209, 0, '', 0, '', '', '', 'muctieu', '', ''),
(10, '', '', '', '', '', 'Doanh nghiệp', 'doanh-nghiep', '', '', 1, 1, 1573704219, 0, '', 0, '', '', '', 'muctieu', '', ''),
(11, '', '', '', '', '', 'Nhà hàng', 'nha-hang', '', '', 1, 1, 1573704225, 0, '', 0, '', '', '', 'muctieu', '', ''),
(12, '', '', '', '', '', 'Đại lý miền bắc', 'dai-ly-mien-bac', '', '', 1, 1, 1575255111, 0, '', 0, '', '', '', 'daily', '', ''),
(13, '', '', '', '', '', 'Đại lý miền nam', 'dai-ly-mien-nam', '', '', 1, 1, 1575255119, 0, '', 0, '', '', '', 'daily', '', '');

-- --------------------------------------------------------

--
-- Table structure for table `table_news_item`
--

CREATE TABLE `table_news_item` (
  `id` int(10) UNSIGNED NOT NULL,
  `id_list` int(11) NOT NULL,
  `id_cat` int(10) NOT NULL,
  `ten` varchar(100) CHARACTER SET utf8 COLLATE utf8_unicode_ci NOT NULL,
  `tenkhongdau` varchar(255) COLLATE latin1_general_ci NOT NULL,
  `photo` varchar(20) COLLATE latin1_general_ci NOT NULL,
  `thumb` varchar(255) COLLATE latin1_general_ci NOT NULL,
  `stt` int(2) NOT NULL,
  `hienthi` int(2) NOT NULL,
  `ngaysua` int(10) NOT NULL,
  `ngaytao` int(10) NOT NULL,
  `id_danhmuc` int(11) NOT NULL,
  `tenen` varchar(255) CHARACTER SET utf8 NOT NULL,
  `noidung` text CHARACTER SET utf8 NOT NULL,
  `noidungen` text CHARACTER SET utf8 NOT NULL,
  `type` varchar(255) COLLATE latin1_general_ci NOT NULL,
  `mota` text COLLATE latin1_general_ci NOT NULL,
  `motaen` text COLLATE latin1_general_ci NOT NULL,
  `noibat` int(11) NOT NULL,
  `keywords` text COLLATE latin1_general_ci NOT NULL,
  `title` text COLLATE latin1_general_ci NOT NULL,
  `description` text COLLATE latin1_general_ci NOT NULL,
  `h3` varchar(200) COLLATE latin1_general_ci NOT NULL,
  `h2` varchar(200) COLLATE latin1_general_ci NOT NULL,
  `h1` varchar(200) COLLATE latin1_general_ci NOT NULL
) ENGINE=MyISAM DEFAULT CHARSET=latin1 COLLATE=latin1_general_ci;

-- --------------------------------------------------------

--
-- Table structure for table `table_news_list`
--

CREATE TABLE `table_news_list` (
  `id` int(11) NOT NULL,
  `ten` varchar(255) NOT NULL,
  `tenkhongdau` varchar(255) NOT NULL,
  `photo` varchar(255) NOT NULL,
  `thumb` varchar(255) NOT NULL,
  `stt` int(11) NOT NULL,
  `hienthi` int(11) NOT NULL,
  `ngaytao` int(11) NOT NULL,
  `ngaysua` int(11) NOT NULL,
  `id_danhmuc` int(11) NOT NULL,
  `title` varchar(100) NOT NULL,
  `description` varchar(200) NOT NULL,
  `h3` varchar(200) NOT NULL,
  `h2` varchar(200) NOT NULL,
  `h1` varchar(200) NOT NULL,
  `keywords` varchar(1000) NOT NULL,
  `noibat` tinyint(4) NOT NULL,
  `noidung` text NOT NULL,
  `tenen` varchar(255) NOT NULL,
  `noidungen` text NOT NULL,
  `type` varchar(255) NOT NULL,
  `mota` text NOT NULL,
  `motaen` text NOT NULL
) ENGINE=MyISAM DEFAULT CHARSET=utf8;

-- --------------------------------------------------------

--
-- Table structure for table `table_phanquyen`
--

CREATE TABLE `table_phanquyen` (
  `id` int(10) UNSIGNED NOT NULL,
  `noibat` tinyint(4) NOT NULL,
  `ten` varchar(225) NOT NULL,
  `tenkhongdau` varchar(255) NOT NULL,
  `photo` varchar(100) NOT NULL,
  `thumb` varchar(255) NOT NULL,
  `stt` int(10) UNSIGNED NOT NULL DEFAULT 1,
  `hienthi` tinyint(1) NOT NULL DEFAULT 1,
  `ngaytao` int(10) UNSIGNED NOT NULL DEFAULT 0,
  `ngaysua` int(10) UNSIGNED NOT NULL DEFAULT 0,
  `link` varchar(255) NOT NULL,
  `tenen` varchar(255) NOT NULL
) ENGINE=MyISAM DEFAULT CHARSET=utf8;

--
-- Dumping data for table `table_phanquyen`
--

INSERT INTO `table_phanquyen` (`id`, `noibat`, `ten`, `tenkhongdau`, `photo`, `thumb`, `stt`, `hienthi`, `ngaytao`, `ngaysua`, `link`, `tenen`) VALUES
(2, 0, 'Quyền nhân viên', 'quyen-nhan-vien', '', '', 2, 1, 1432955333, 1473910556, '', ''),
(5, 0, 'Quyền thành viên', 'quyen-thanh-vien', '', '', 3, 1, 1432955365, 1473910538, '', ''),
(4, 0, 'Quyền cấp cao', 'quyen-cap-cao', '', '', 1, 1, 1432955410, 1473910530, '', '');

-- --------------------------------------------------------

--
-- Table structure for table `table_place_city`
--

CREATE TABLE `table_place_city` (
  `id` int(11) NOT NULL,
  `ten` varchar(255) NOT NULL,
  `tenkhongdau` varchar(255) NOT NULL,
  `stt` int(11) NOT NULL,
  `hienthi` int(11) NOT NULL,
  `ngaytao` int(11) NOT NULL,
  `ngaysua` int(11) NOT NULL
) ENGINE=MyISAM DEFAULT CHARSET=utf8;

--
-- Dumping data for table `table_place_city`
--

INSERT INTO `table_place_city` (`id`, `ten`, `tenkhongdau`, `stt`, `hienthi`, `ngaytao`, `ngaysua`) VALUES
(1, 'Hồ Chí Minh', 'ho-chi-minh', 1, 1, 1446429727, 1587721195),
(2, 'Hà Nội', 'ha-noi', 1, 1, 1446429727, 0),
(3, 'Bình Dương', 'binh-duong', 1, 1, 1446429727, 0),
(4, 'Đà Nẵng', 'da-nang', 1, 1, 1446429727, 0),
(5, 'Hải Phòng', 'hai-phong', 1, 1, 1446429727, 1587721513),
(6, 'Long An', 'long-an', 1, 1, 1446429727, 0),
(7, 'Bà Rịa Vũng Tàu', 'ba-ria-vung-tau', 1, 1, 1446429727, 0),
(8, 'An Giang', 'an-giang', 1, 1, 1446429727, 0),
(9, 'Bắc Giang', 'bac-giang', 1, 1, 1446429727, 0),
(10, 'Bắc Kạn', 'bac-kan', 1, 1, 1446429727, 0),
(11, 'Bạc Liêu', 'bac-lieu', 1, 1, 1446429727, 1459671825),
(12, 'Bắc Ninh', 'bac-ninh', 1, 1, 1446429727, 0),
(13, 'Bến Tre', 'ben-tre', 1, 1, 1446429727, 0),
(14, 'Bình Định', 'binh-dinh', 1, 1, 1446429727, 0),
(15, 'Bình Phước', 'binh-phuoc', 1, 1, 1446429727, 0),
(16, 'Bình Thuận  ', 'binh-thuan', 1, 1, 1446429727, 1558757794),
(17, 'Cà Mau', 'ca-mau', 1, 1, 1446429727, 0),
(18, 'Cần Thơ', 'can-tho', 1, 1, 1446429727, 0),
(19, 'Cao Bằng', 'cao-bang', 1, 1, 1446429727, 0),
(20, 'Đắk Lắk', 'dak-lak', 1, 1, 1446429727, 0),
(21, 'Đắk Nông', 'dak-nong', 1, 1, 1446429727, 0),
(22, 'Điện Biên', 'dien-bien', 1, 1, 1446429727, 0),
(23, 'Đồng Nai', 'dong-nai', 1, 1, 1446429727, 1587721244),
(24, 'Đồng Tháp', 'dong-thap', 1, 1, 1446429727, 1587721518),
(25, 'Gia Lai', 'gia-lai', 1, 1, 1446429727, 0),
(26, 'Hà Giang', 'ha-giang', 1, 1, 1446429727, 1587721532),
(27, 'Hà Nam', 'ha-nam', 1, 1, 1446429727, 0),
(28, 'Hà Tĩnh', 'ha-tinh', 1, 1, 1446429727, 0),
(29, 'Hải Dương', 'hai-duong', 1, 1, 1446429727, 0),
(30, 'Hậu Giang', 'hau-giang', 1, 1, 1446429727, 0),
(31, 'Hòa Bình', 'hoa-binh', 1, 1, 1446429727, 0),
(32, 'Hưng Yên', 'hung-yen', 1, 1, 1446429727, 0),
(33, 'Khánh Hòa', 'khanh-hoa', 1, 1, 1446429727, 0),
(34, 'Kiên Giang', 'kien-giang', 1, 1, 1446429727, 0),
(35, 'Kon Tum', 'kon-tum', 1, 1, 1446429727, 0),
(36, 'Lai Châu', 'lai-chau', 1, 1, 1446429727, 0),
(37, 'Lâm Đồng', 'lam-dong', 1, 1, 1446429727, 0),
(38, 'Lạng Sơn', 'lang-son', 1, 1, 1446429727, 1587721441),
(39, 'Lào Cai', 'lao-cai', 1, 1, 1446429727, 0),
(40, 'Nam Định', 'nam-dinh', 1, 1, 1446429727, 0),
(41, 'Nghệ An', 'nghe-an', 1, 1, 1446429727, 0),
(42, 'Ninh Bình', 'ninh-binh', 1, 1, 1446429727, 0),
(43, 'Ninh Thuận', 'ninh-thuan', 1, 1, 1446429727, 0),
(44, 'Phú Thọ', 'phu-tho', 1, 1, 1446429727, 0),
(45, 'Phú Yên', 'phu-yen', 1, 1, 1446429727, 0),
(46, 'Quảng Bình', 'quang-binh', 1, 1, 1446429727, 0),
(47, 'Quảng Nam', 'quang-nam', 1, 1, 1446429727, 0),
(48, 'Quảng Ngãi', 'quang-ngai', 1, 1, 1446429727, 0),
(49, 'Quảng Ninh', 'quang-ninh', 1, 1, 1446429727, 0),
(50, 'Quảng Trị', 'quang-tri', 1, 1, 1446429727, 0),
(51, 'Sóc Trăng', 'soc-trang', 1, 1, 1446429727, 0),
(52, 'Sơn La', 'son-la', 1, 1, 1446429727, 0),
(53, 'Tây Ninh', 'tay-ninh', 1, 1, 1446429727, 0),
(54, 'Thái Bình', 'thai-binh', 1, 1, 1446429727, 0),
(55, 'Thái Nguyên', 'thai-nguyen', 1, 1, 1446429727, 0),
(56, 'Thanh Hóa', 'thanh-hoa', 1, 1, 1446429727, 0),
(57, 'Thừa Thiên Huế', 'thua-thien-hue', 1, 1, 1446429727, 0),
(58, 'Tiền Giang', 'tien-giang', 1, 1, 1446429727, 0),
(59, 'Trà Vinh', 'tra-vinh', 1, 1, 1446429727, 0),
(60, 'Tuyên Quang', 'tuyen-quang', 1, 1, 1446429727, 0),
(61, 'Vĩnh Long', 'vinh-long', 1, 1, 1446429727, 0),
(62, 'Vĩnh Phúc', 'vinh-phuc', 1, 1, 1446429727, 1587721536),
(63, 'Yên Bái', 'yen-bai', 1, 1, 1446429727, 0);

-- --------------------------------------------------------

--
-- Table structure for table `table_place_dist`
--

CREATE TABLE `table_place_dist` (
  `id` int(11) NOT NULL,
  `id_city` int(11) NOT NULL,
  `ten` varchar(255) NOT NULL,
  `tenkhongdau` varchar(255) NOT NULL,
  `stt` int(11) NOT NULL,
  `hienthi` int(11) NOT NULL,
  `ngaytao` int(11) NOT NULL,
  `ngaysua` int(11) NOT NULL,
  `gia` int(11) NOT NULL
) ENGINE=MyISAM DEFAULT CHARSET=utf8;

--
-- Dumping data for table `table_place_dist`
--

INSERT INTO `table_place_dist` (`id`, `id_city`, `ten`, `tenkhongdau`, `stt`, `hienthi`, `ngaytao`, `ngaysua`, `gia`) VALUES
(1, 1, 'Bình Chánh', 'binh-chanh', 1, 1, 1446429779, 1553570486, 30000),
(2, 1, 'Bình Tân', 'binh-tan', 1, 1, 1446429779, 0, 0),
(3, 1, 'Bình Thạnh', 'binh-thanh', 1, 1, 1446429779, 1558920093, 0),
(4, 1, 'Cần Giờ', 'can-gio', 1, 1, 1446429779, 0, 0),
(5, 1, 'Củ Chi', 'cu-chi', 1, 1, 1446429779, 0, 0),
(6, 1, 'Gò Vấp', 'go-vap', 1, 1, 1446429779, 0, 0),
(7, 1, 'Hóc Môn', 'hoc-mon', 1, 1, 1446429779, 0, 0),
(8, 1, 'Nhà Bè', 'nha-be', 1, 1, 1446429779, 0, 0),
(9, 1, 'Phú Nhuận', 'phu-nhuan', 1, 1, 1446429779, 0, 0),
(10, 1, 'Quận 1', 'quan-1', 1, 1, 1446429779, 0, 0),
(11, 1, 'Quận 10', 'quan-10', 1, 1, 1446429779, 0, 0),
(12, 1, 'Quận 11', 'quan-11', 1, 1, 1446429779, 0, 0),
(13, 1, 'Quận 12', 'quan-12', 1, 1, 1446429779, 0, 0),
(14, 1, 'Quận 2', 'quan-2', 1, 1, 1446429779, 0, 0),
(15, 1, 'Quận 3', 'quan-3', 1, 1, 1446429779, 0, 0),
(16, 1, 'Quận 4', 'quan-4', 1, 1, 1446429779, 0, 0),
(17, 1, 'Quận 5', 'quan-5', 1, 1, 1446429779, 0, 0),
(18, 1, 'Quận 6', 'quan-6', 1, 1, 1446429779, 0, 0),
(19, 1, 'Quận 7', 'quan-7', 1, 1, 1446429779, 0, 0),
(20, 1, 'Quận 8', 'quan-8', 1, 1, 1446429779, 0, 0),
(21, 1, 'Quận 9', 'quan-9', 1, 1, 1446429779, 0, 0),
(22, 1, 'Thủ Đức', 'thu-duc', 1, 1, 1446429779, 0, 0),
(23, 1, 'Tân Bình', 'tan-binh', 1, 1, 1446429779, 0, 0),
(24, 1, 'Tân Phú', 'tan-phu', 1, 1, 1446429779, 0, 0),
(25, 2, 'Ba Đình', 'ba-dinh', 1, 1, 1446429779, 0, 0),
(26, 2, 'Ba Vì', 'ba-vi', 1, 1, 1446429779, 0, 0),
(27, 2, 'Bắc Từ Liêm', 'bac-tu-liem', 1, 1, 1446429779, 0, 0),
(28, 2, 'Cầu Giấy', 'cau-giay', 1, 1, 1446429779, 0, 0),
(29, 2, 'Chương Mỹ', 'chuong-my', 1, 1, 1446429779, 0, 0),
(30, 2, 'Đan Phượng', 'dan-phuong', 1, 1, 1446429779, 0, 0),
(31, 2, 'Đông Anh', 'dong-anh', 1, 1, 1446429779, 0, 0),
(32, 2, 'Đống Đa', 'dong-da', 1, 1, 1446429779, 0, 0),
(33, 2, 'Gia Lâm', 'gia-lam', 1, 1, 1446429779, 0, 0),
(34, 2, 'Hà Đông', 'ha-dong', 1, 1, 1446429779, 1558921827, 0),
(35, 2, 'Hai Bà Trưng', 'hai-ba-trung', 1, 1, 1446429779, 0, 0),
(36, 2, 'Hoài Đức', 'hoai-duc', 1, 1, 1446429779, 0, 0),
(37, 2, 'Hoàn Kiếm', 'hoan-kiem', 1, 1, 1446429779, 0, 0),
(38, 2, 'Hoàng Mai', 'hoang-mai', 1, 1, 1446429779, 0, 0),
(39, 2, 'Long Biên', 'long-bien', 1, 1, 1446429779, 0, 0),
(40, 2, 'Mê Linh', 'me-linh', 1, 1, 1446429779, 0, 0),
(41, 2, 'Mỹ Đức', 'my-duc', 1, 1, 1446429779, 0, 0),
(42, 2, 'Nam Từ Liêm', 'nam-tu-liem', 1, 1, 1446429779, 0, 0),
(43, 2, 'Phú Xuyên', 'phu-xuyen', 1, 1, 1446429779, 0, 0),
(44, 2, 'Phúc Thọ', 'phuc-tho', 1, 1, 1446429779, 0, 0),
(45, 2, 'Quốc Oai', 'quoc-oai', 1, 1, 1446429779, 0, 0),
(46, 2, 'Sóc Sơn', 'soc-son', 1, 1, 1446429779, 0, 0),
(47, 2, 'Sơn Tây', 'son-tay', 1, 1, 1446429779, 0, 0),
(48, 2, 'Tây Hồ', 'tay-ho', 1, 1, 1446429779, 0, 0),
(49, 2, 'Thạch Thất', 'thach-that', 1, 1, 1446429779, 0, 0),
(50, 2, 'Thanh Oai', 'thanh-oai', 1, 1, 1446429779, 0, 0),
(51, 2, 'Thanh Trì', 'thanh-tri', 1, 1, 1446429779, 0, 0),
(52, 2, 'Thanh Xuân', 'thanh-xuan', 1, 1, 1446429779, 0, 0),
(53, 2, 'Thường Tín', 'thuong-tin', 1, 1, 1446429779, 0, 0),
(54, 2, 'Ứng Hòa', 'ung-hoa', 1, 1, 1446429779, 1558920099, 0),
(55, 3, 'Bàu Bàng', 'bau-bang', 1, 1, 1446429779, 0, 0),
(56, 3, 'Bến Cát', 'ben-cat', 1, 1, 1446429779, 0, 0),
(57, 3, 'Dầu Tiếng', 'dau-tieng', 1, 1, 1446429779, 0, 0),
(58, 3, 'Tân Uyên', 'tan-uyen', 1, 1, 1446429779, 0, 0),
(59, 3, 'Dĩ An', 'di-an', 1, 1, 1446429779, 0, 0),
(60, 3, 'Phú Giáo', 'phu-giao', 1, 1, 1446429779, 0, 0),
(61, 3, 'Thủ Dầu Một', 'thu-dau-mot', 1, 1, 1446429779, 0, 0),
(62, 3, 'Thuận An', 'thuan-an', 1, 1, 1446429779, 0, 0),
(63, 4, 'Cẩm Lệ', 'cam-le', 1, 1, 1446429779, 0, 0),
(64, 4, 'Hải Châu', 'hai-chau', 1, 1, 1446429779, 0, 0),
(65, 4, 'Hòa Vang', 'hoa-vang', 1, 1, 1446429779, 0, 0),
(66, 4, 'Hoàng Sa', 'hoang-sa', 1, 1, 1446429779, 0, 0),
(67, 4, 'Liên Chiểu', 'lien-chieu', 1, 1, 1446429779, 0, 0),
(68, 4, 'Ngũ Hành Sơn', 'ngu-hanh-son', 1, 1, 1446429779, 0, 0),
(69, 4, 'Sơn Trà', 'son-tra', 1, 1, 1446429779, 0, 0),
(70, 4, 'Thanh Khê', 'thanh-khe', 1, 1, 1446429779, 0, 0),
(71, 5, 'An Dương', 'an-duong', 1, 1, 1446429779, 0, 0),
(72, 5, 'An Lão', 'an-lao', 1, 1, 1446429779, 0, 0),
(73, 5, 'Bạch Long Vĩ', 'bach-long-vi', 1, 1, 1446429779, 0, 0),
(74, 5, 'Cát Hải', 'cat-hai', 1, 1, 1446429779, 0, 0),
(75, 5, 'Đồ Sơn', 'do-son', 1, 1, 1446429779, 0, 0),
(76, 5, 'Dương Kinh', 'duong-kinh', 1, 1, 1446429779, 0, 0),
(77, 5, 'Hải An', 'hai-an', 1, 1, 1446429779, 0, 0),
(78, 5, 'Hồng Bàng', 'hong-bang', 1, 1, 1446429779, 0, 0),
(79, 5, 'Kiến An', 'kien-an', 1, 1, 1446429779, 0, 0),
(80, 5, 'Kiến Thụy', 'kien-thuy', 1, 1, 1446429779, 0, 0),
(81, 5, 'Lê Chân', 'le-chan', 1, 1, 1446429779, 0, 0),
(82, 5, 'Ngô Quyền', 'ngo-quyen', 1, 1, 1446429779, 0, 0),
(83, 5, 'Thủy Nguyên', 'thuy-nguyen', 1, 1, 1446429779, 0, 0),
(84, 5, 'Tiên Lãng', 'tien-lang', 1, 1, 1446429779, 0, 0),
(85, 5, 'Vĩnh Bảo', 'vinh-bao', 1, 1, 1446429779, 0, 0),
(86, 6, 'Bến Lức', 'ben-luc', 1, 1, 1446429779, 0, 0),
(87, 6, 'Cần Đước', 'can-duoc', 1, 1, 1446429779, 0, 0),
(88, 6, 'Cần Giuộc', 'can-giuoc', 1, 1, 1446429779, 0, 0),
(89, 6, 'Châu Thành', 'chau-thanh', 1, 1, 1446429779, 0, 0),
(90, 6, 'Đức Hòa', 'duc-hoa', 1, 1, 1446429779, 0, 0),
(91, 6, 'Đức Huệ', 'duc-hue', 1, 1, 1446429779, 0, 0),
(92, 6, 'Kiến Tường', 'kien-tuong', 1, 1, 1446429779, 0, 0),
(93, 6, 'Mộc Hóa', 'moc-hoa', 1, 1, 1446429779, 0, 0),
(94, 6, 'Tân An', 'tan-an', 1, 1, 1446429779, 0, 0),
(95, 6, 'Tân Hưng', 'tan-hung', 1, 1, 1446429779, 0, 0),
(96, 6, 'Tân Thạnh', 'tan-thanh', 1, 1, 1446429779, 0, 0),
(97, 6, 'Tân Trụ', 'tan-tru', 1, 1, 1446429779, 0, 0),
(98, 6, 'Thạnh Hóa', 'thanh-hoa', 1, 1, 1446429779, 0, 0),
(99, 6, 'Thủ Thừa', 'thu-thua', 1, 1, 1446429779, 0, 0),
(100, 6, 'Vĩnh Hưng', 'vinh-hung', 1, 1, 1446429779, 0, 0),
(101, 7, 'Bà Rịa', 'ba-ria', 1, 1, 1446429779, 0, 0),
(102, 7, 'Châu Đức', 'chau-duc', 1, 1, 1446429779, 0, 0),
(103, 7, 'Côn Đảo', 'con-dao', 1, 1, 1446429779, 0, 0),
(104, 7, 'Đất Đỏ', 'dat-do', 1, 1, 1446429779, 0, 0),
(105, 7, 'Long Điền', 'long-dien', 1, 1, 1446429779, 0, 0),
(106, 7, 'Tân Thành', 'tan-thanh', 1, 1, 1446429779, 0, 0),
(107, 7, 'Vũng Tàu', 'vung-tau', 1, 1, 1446429779, 0, 0),
(108, 7, 'Xuyên Mộc', 'xuyen-moc', 1, 1, 1446429779, 0, 0),
(109, 8, 'An Phú', 'an-phu', 1, 1, 1446429779, 0, 0),
(110, 8, 'Châu Đốc', 'chau-doc', 1, 1, 1446429779, 0, 0),
(111, 8, 'Châu Phú', 'chau-phu', 1, 1, 1446429779, 0, 0),
(112, 8, 'Châu Thành', 'chau-thanh', 1, 1, 1446429779, 0, 0),
(113, 8, 'Chợ Mới', 'cho-moi', 1, 1, 1446429779, 0, 0),
(114, 8, 'Long Xuyên', 'long-xuyen', 1, 1, 1446429779, 0, 0),
(115, 8, 'Phú Tân', 'phu-tan', 1, 1, 1446429779, 0, 0),
(116, 8, 'Tân Châu', 'tan-chau', 1, 1, 1446429779, 0, 0),
(117, 8, 'Thoại Sơn', 'thoai-son', 1, 1, 1446429779, 0, 0),
(118, 8, 'Tịnh Biên', 'tinh-bien', 1, 1, 1446429779, 0, 0),
(119, 8, 'Tri Tôn', 'tri-ton', 1, 1, 1446429779, 0, 0),
(120, 9, 'Bắc Giang', 'bac-giang', 1, 1, 1446429779, 0, 0),
(121, 9, 'Hiệp Hòa', 'hiep-hoa', 1, 1, 1446429779, 0, 0),
(122, 9, 'Lạng Giang', 'lang-giang', 1, 1, 1446429779, 0, 0),
(123, 9, 'Lục Nam', 'luc-nam', 1, 1, 1446429779, 0, 0),
(124, 9, 'Lục Ngạn', 'luc-ngan', 1, 1, 1446429779, 0, 0),
(125, 9, 'Sơn Động', 'son-dong', 1, 1, 1446429779, 0, 0),
(126, 9, 'Tân Yên', 'tan-yen', 1, 1, 1446429779, 0, 0),
(127, 9, 'Việt Yên', 'viet-yen', 1, 1, 1446429779, 0, 0),
(128, 9, 'Yên Dũng', 'yen-dung', 1, 1, 1446429779, 0, 0),
(129, 9, 'Yên Thế', 'yen-the', 1, 1, 1446429779, 0, 0),
(130, 10, 'Ba Bể', 'ba-be', 1, 1, 1446429779, 0, 0),
(131, 10, 'Bắc Kạn', 'bac-kan', 1, 1, 1446429779, 0, 0),
(132, 10, 'Bạch Thông', 'bach-thong', 1, 1, 1446429779, 0, 0),
(133, 10, 'Chợ Đồn', 'cho-don', 1, 1, 1446429779, 0, 0),
(134, 10, 'Chợ Mới', 'cho-moi', 1, 1, 1446429779, 0, 0),
(135, 10, 'Na Rì', 'na-ri', 1, 1, 1446429779, 0, 0),
(136, 10, 'Ngân Sơn', 'ngan-son', 1, 1, 1446429779, 0, 0),
(137, 10, 'Pác Nặm', 'pac-nam', 1, 1, 1446429779, 0, 0),
(138, 11, 'Bạc Liêu', 'bac-lieu', 1, 1, 1446429779, 0, 0),
(139, 11, 'Đông Hải', 'dong-hai', 1, 1, 1446429779, 0, 0),
(140, 11, 'Giá Rai', 'gia-rai', 1, 1, 1446429779, 0, 0),
(141, 11, 'Hòa Bình', 'hoa-binh', 1, 1, 1446429779, 0, 0),
(142, 11, 'Hồng Dân', 'hong-dan', 1, 1, 1446429779, 0, 0),
(143, 11, 'Phước Long', 'phuoc-long', 1, 1, 1446429779, 0, 0),
(144, 11, 'Vĩnh Lợi', 'vinh-loi', 1, 1, 1446429779, 0, 0),
(145, 12, 'Bắc Ninh', 'bac-ninh', 1, 1, 1446429779, 0, 0),
(146, 12, 'Gia Bình', 'gia-binh', 1, 1, 1446429779, 0, 0),
(147, 12, 'Quế Võ', 'que-vo', 1, 1, 1446429779, 0, 0),
(148, 12, 'Thuận Thành', 'thuan-thanh', 1, 1, 1446429779, 0, 0),
(149, 12, 'Lương Tài', 'luong-tai', 1, 1, 1446429779, 0, 0),
(150, 12, 'Tiên Du', 'tien-du', 1, 1, 1446429779, 0, 0),
(151, 12, 'Từ Sơn', 'tu-son', 1, 1, 1446429779, 0, 0),
(152, 12, 'Yên Phong', 'yen-phong', 1, 1, 1446429779, 0, 0),
(153, 13, 'Ba Tri', 'ba-tri', 1, 1, 1446429779, 0, 0),
(154, 13, 'Bến Tre', 'ben-tre', 1, 1, 1446429779, 0, 0),
(155, 13, 'Bình Đại', 'binh-dai', 1, 1, 1446429779, 0, 0),
(156, 13, 'Châu Thành', 'chau-thanh', 1, 1, 1446429779, 0, 0),
(157, 13, 'Chợ Lách', 'cho-lach', 1, 1, 1446429779, 0, 0),
(158, 13, 'Giồng Trôm', 'giong-trom', 1, 1, 1446429779, 0, 0),
(159, 13, 'Mỏ Cày Bắc', 'mo-cay-bac', 1, 1, 1446429779, 0, 0),
(160, 13, 'Mỏ Cày Nam', 'mo-cay-nam', 1, 1, 1446429779, 0, 0),
(161, 13, 'Thạnh Phú', 'thanh-phu', 1, 1, 1446429779, 0, 0),
(162, 14, 'An Lão', 'an-lao', 1, 1, 1446429779, 0, 0),
(163, 14, 'An Nhơn', 'an-nhon', 1, 1, 1446429779, 0, 0),
(164, 14, 'Hoài Ân', 'hoai-an', 1, 1, 1446429779, 0, 0),
(165, 14, 'Phù Mỹ', 'phu-my', 1, 1, 1446429779, 0, 0),
(166, 14, 'Phù Cát', 'phu-cat', 1, 1, 1446429779, 0, 0),
(167, 14, 'Hoài Nhơn', 'hoai-nhon', 1, 1, 1446429779, 0, 0),
(168, 14, 'Quy Nhơn', 'quy-nhon', 1, 1, 1446429779, 0, 0),
(169, 14, 'Tây Sơn', 'tay-son', 1, 1, 1446429779, 0, 0),
(170, 14, 'Tuy Phước', 'tuy-phuoc', 1, 1, 1446429779, 0, 0),
(171, 14, 'Vân Canh', 'van-canh', 1, 1, 1446429779, 0, 0),
(172, 14, 'Vĩnh Thạnh', 'vinh-thanh', 1, 1, 1446429779, 0, 0),
(173, 15, 'Bình Long', 'binh-long', 1, 1, 1446429779, 0, 0),
(174, 15, 'Bù Đăng', 'bu-dang', 1, 1, 1446429779, 0, 0),
(175, 15, 'Bù Đốp', 'bu-dop', 1, 1, 1446429779, 0, 0),
(176, 15, 'Bù Gia Mập', 'bu-gia-map', 1, 1, 1446429779, 0, 0),
(177, 15, 'Chơn Thành', 'chon-thanh', 1, 1, 1446429779, 0, 0),
(178, 15, 'Đồng Phú', 'dong-phu', 1, 1, 1446429779, 0, 0),
(179, 15, 'Đồng Xoài', 'dong-xoai', 1, 1, 1446429779, 0, 0),
(180, 15, 'Hớn Quản', 'hon-quan', 1, 1, 1446429779, 0, 0),
(181, 15, 'Lộc Ninh', 'loc-ninh', 1, 1, 1446429779, 0, 0),
(182, 15, 'Phú Riềng', 'phu-rieng', 1, 1, 1446429779, 0, 0),
(183, 15, 'Phước Long', 'phuoc-long', 1, 1, 1446429779, 0, 0),
(184, 16, 'Bắc Bình', 'bac-binh', 1, 1, 1446429779, 0, 0),
(185, 16, 'Đảo Phú Quý', 'dao-phu-quy', 1, 1, 1446429779, 0, 0),
(186, 16, 'Đức Linh', 'duc-linh', 1, 1, 1446429779, 0, 0),
(187, 16, 'Hàm Thuận Bắc', 'ham-thuan-bac', 1, 1, 1446429779, 0, 0),
(188, 16, 'Hàm Thuận Nam', 'ham-thuan-nam', 1, 1, 1446429779, 0, 0),
(189, 16, 'Hàm Tân', 'ham-tan', 1, 1, 1446429779, 0, 0),
(190, 16, 'La Gi', 'la-gi', 1, 1, 1446429779, 0, 0),
(191, 16, 'Phan Thiết', 'phan-thiet', 1, 1, 1446429779, 0, 0),
(192, 16, 'Tánh Linh', 'tanh-linh', 1, 1, 1446429779, 0, 0),
(193, 16, 'Tuy Phong', 'tuy-phong', 1, 1, 1446429779, 0, 0),
(194, 17, 'Cà Mau', 'ca-mau', 1, 1, 1446429779, 0, 0),
(195, 17, 'Cái Nước', 'cai-nuoc', 1, 1, 1446429779, 0, 0),
(196, 17, 'Đầm Dơi', 'dam-doi', 1, 1, 1446429779, 0, 0),
(197, 17, 'Năm Căn', 'nam-can', 1, 1, 1446429779, 0, 0),
(198, 17, 'Ngọc Hiển', 'ngoc-hien', 1, 1, 1446429779, 0, 0),
(199, 17, 'Phú Tân', 'phu-tan', 1, 1, 1446429779, 0, 0),
(200, 17, 'Thới Bình', 'thoi-binh', 1, 1, 1446429779, 0, 0),
(201, 17, 'Trần Văn Thời', 'tran-van-thoi', 1, 1, 1446429779, 0, 0),
(202, 17, 'U Minh', 'u-minh', 1, 1, 1446429779, 0, 0),
(203, 18, ' Thới Lai', 'thoi-lai', 1, 1, 1446429779, 0, 0),
(204, 18, 'Bình Thủy', 'binh-thuy', 1, 1, 1446429779, 0, 0),
(205, 18, 'Cái Răng', 'cai-rang', 1, 1, 1446429779, 0, 0),
(206, 18, 'Ô Môn', 'o-mon', 1, 1, 1446429779, 0, 0),
(207, 18, 'Cờ Đỏ', 'co-do', 1, 1, 1446429779, 0, 0),
(208, 18, 'Phong Điền', 'phong-dien', 1, 1, 1446429779, 0, 0),
(209, 18, 'Ninh Kiều', 'ninh-kieu', 1, 1, 1446429779, 0, 0),
(210, 18, 'Thốt Nốt', 'thot-not', 1, 1, 1446429779, 0, 0),
(211, 18, 'Vĩnh Thạnh', 'vinh-thanh', 1, 1, 1446429779, 0, 0),
(212, 19, 'Bảo Lạc', 'bao-lac', 1, 1, 1446429779, 0, 0),
(213, 19, 'Bảo Lâm', 'bao-lam', 1, 1, 1446429779, 0, 0),
(214, 19, 'Cao Bằng', 'cao-bang', 1, 1, 1446429779, 0, 0),
(215, 19, 'Hạ Lang', 'ha-lang', 1, 1, 1446429779, 0, 0),
(216, 19, 'Hà Quảng', 'ha-quang', 1, 1, 1446429779, 0, 0),
(217, 19, 'Hòa An', 'hoa-an', 1, 1, 1446429779, 0, 0),
(218, 19, 'Nguyên Bình', 'nguyen-binh', 1, 1, 1446429779, 0, 0),
(219, 19, 'Phục Hòa', 'phuc-hoa', 1, 1, 1446429779, 0, 0),
(220, 19, 'Quảng Uyên', 'quang-uyen', 1, 1, 1446429779, 0, 0),
(221, 19, 'Thạch An', 'thach-an', 1, 1, 1446429779, 0, 0),
(222, 19, 'Thông Nông', 'thong-nong', 1, 1, 1446429779, 0, 0),
(223, 19, 'Trà Lĩnh', 'tra-linh', 1, 1, 1446429779, 0, 0),
(224, 19, 'Trùng Khánh', 'trung-khanh', 1, 1, 1446429779, 0, 0),
(225, 20, 'Buôn Đôn', 'buon-don', 1, 1, 1446429779, 0, 0),
(226, 20, 'Buôn Hồ', 'buon-ho', 1, 1, 1446429779, 0, 0),
(227, 20, 'Buôn Ma Thuột', 'buon-ma-thuot', 1, 1, 1446429779, 0, 0),
(228, 20, 'Cư Kuin', 'cu-kuin', 1, 1, 1446429779, 0, 0),
(229, 20, 'Ea Kar', 'ea-kar', 1, 1, 1446429779, 0, 0),
(230, 20, 'Ea Súp', 'ea-sup', 1, 1, 1446429779, 0, 0),
(231, 20, 'Krông Ana', 'krong-ana', 1, 1, 1446429779, 0, 0),
(232, 20, 'Krông Bông', 'krong-bong', 1, 1, 1446429779, 0, 0),
(233, 20, 'Krông Buk', 'krong-buk', 1, 1, 1446429779, 0, 0),
(234, 20, 'Krông Năng', 'krong-nang', 1, 1, 1446429779, 0, 0),
(235, 20, 'Krông Pắc', 'krong-pac', 1, 1, 1446429779, 0, 0),
(236, 20, 'Lăk', 'lak', 1, 1, 1446429779, 0, 0),
(237, 21, 'Cư Jút', 'cu-jut', 1, 1, 1446429779, 0, 0),
(238, 21, 'Dăk GLong', 'dak-glong', 1, 1, 1446429779, 0, 0),
(239, 21, 'Dăk Mil', 'dak-mil', 1, 1, 1446429779, 0, 0),
(240, 21, 'Dăk Song', 'dak-song', 1, 1, 1446429779, 0, 0),
(241, 21, 'Gia Nghĩa', 'gia-nghia', 1, 1, 1446429779, 0, 0),
(242, 21, 'Krông Nô', 'krong-no', 1, 1, 1446429779, 0, 0),
(243, 21, 'Tuy Đức', 'tuy-duc', 1, 1, 1446429779, 0, 0),
(244, 22, 'Điện Biên', 'dien-bien', 1, 1, 1446429779, 0, 0),
(245, 22, 'Điện Biên Đông', 'dien-bien-dong', 1, 1, 1446429779, 0, 0),
(246, 22, 'Mường Ảng', 'muong-ang', 1, 1, 1446429779, 0, 0),
(247, 22, 'Mường Chà', 'muong-cha', 1, 1, 1446429779, 0, 0),
(248, 22, 'Mường Lay', 'muong-lay', 1, 1, 1446429779, 0, 0),
(249, 22, 'Điện Biên Phủ', 'dien-bien-phu', 1, 1, 1446429779, 0, 0),
(250, 22, 'Mường Nhé', 'muong-nhe', 1, 1, 1446429779, 0, 0),
(251, 22, 'Nậm Pồ', 'nam-po', 1, 1, 1446429779, 0, 0),
(252, 22, 'Tủa Chùa', 'tua-chua', 1, 1, 1446429779, 0, 0),
(253, 22, 'Tuần Giáo', 'tuan-giao', 1, 1, 1446429779, 0, 0),
(254, 23, 'Biên Hòa', 'bien-hoa', 1, 1, 1446429779, 0, 0),
(255, 23, 'Cẩm Mỹ', 'cam-my', 1, 1, 1446429779, 0, 0),
(256, 23, 'Định Quán', 'dinh-quan', 1, 1, 1446429779, 0, 0),
(257, 23, 'Long Thành', 'long-thanh', 1, 1, 1446429779, 0, 0),
(258, 23, 'Nhơn Trạch', 'nhon-trach', 1, 1, 1446429779, 0, 0),
(259, 23, 'Long Khánh', 'long-khanh', 1, 1, 1446429779, 0, 0),
(260, 23, 'Tân Phú', 'tan-phu', 1, 1, 1446429779, 0, 0),
(261, 23, 'Thống Nhất', 'thong-nhat', 1, 1, 1446429779, 0, 0),
(262, 23, 'Trảng Bom', 'trang-bom', 1, 1, 1446429779, 0, 0),
(263, 23, 'Vĩnh Cửu', 'vinh-cuu', 1, 1, 1446429779, 0, 0),
(264, 23, 'Xuân Lộc', 'xuan-loc', 1, 1, 1446429779, 0, 0),
(265, 24, 'Châu Thành', 'chau-thanh', 1, 1, 1446429779, 0, 0),
(266, 24, 'Huyện Cao Lãnh', 'huyen-cao-lanh', 1, 1, 1446429779, 0, 0),
(267, 24, 'Huyện Hồng Ngự', 'huyen-hong-ngu', 1, 1, 1446429779, 0, 0),
(268, 24, 'Lai Vung', 'lai-vung', 1, 1, 1446429779, 0, 0),
(269, 24, 'Lấp Vò', 'lap-vo', 1, 1, 1446429779, 0, 0),
(270, 24, 'Sa Đéc', 'sa-dec', 1, 1, 1446429779, 0, 0),
(271, 24, 'Tam Nông', 'tam-nong', 1, 1, 1446429779, 0, 0),
(272, 24, 'Tân Hồng', 'tan-hong', 1, 1, 1446429779, 0, 0),
(273, 24, 'Thanh Bình', 'thanh-binh', 1, 1, 1446429779, 0, 0),
(274, 24, 'Tháp Mười', 'thap-muoi', 1, 1, 1446429779, 0, 0),
(275, 24, 'Thị xã Hồng Ngự', 'thi-xa-hong-ngu', 1, 1, 1446429779, 0, 0),
(276, 24, 'Tp. Cao Lãnh', 'tp-cao-lanh', 1, 1, 1446429779, 0, 0),
(277, 25, 'An Khê', 'an-khe', 1, 1, 1446429779, 0, 0),
(278, 25, 'AYun Pa', 'ayun-pa', 1, 1, 1446429779, 0, 0),
(279, 25, 'Chư Păh', 'chu-pah', 1, 1, 1446429779, 0, 0),
(280, 25, 'Chư Pưh', 'chu-puh', 1, 1, 1446429779, 0, 0),
(281, 25, 'Chư Sê', 'chu-se', 1, 1, 1446429779, 0, 0),
(282, 25, 'ChưPRông', 'chuprong', 1, 1, 1446429779, 0, 0),
(283, 25, 'Đăk Đoa', 'dak-doa', 1, 1, 1446429779, 0, 0),
(284, 25, 'Đăk Pơ', 'dak-po', 1, 1, 1446429779, 0, 0),
(285, 25, 'Đức Cơ', 'duc-co', 1, 1, 1446429779, 0, 0),
(286, 25, 'Ia Grai', 'ia-grai', 1, 1, 1446429779, 0, 0),
(287, 25, 'Ia Pa', 'ia-pa', 1, 1, 1446429779, 0, 0),
(288, 25, 'KBang', 'kbang', 1, 1, 1446429779, 0, 0),
(289, 25, 'Kông Chro', 'kong-chro', 1, 1, 1446429779, 0, 0),
(290, 25, 'Krông Pa', 'krong-pa', 1, 1, 1446429779, 0, 0),
(291, 25, 'Mang Yang', 'mang-yang', 1, 1, 1446429779, 0, 0),
(292, 25, 'Phú Thiện', 'phu-thien', 1, 1, 1446429779, 0, 0),
(293, 25, 'Plei Ku', 'plei-ku', 1, 1, 1446429779, 0, 0),
(294, 26, 'Bắc Mê', 'bac-me', 1, 1, 1446429779, 0, 0),
(295, 26, 'Bắc Quang', 'bac-quang', 1, 1, 1446429779, 0, 0),
(296, 26, 'Đồng Văn', 'dong-van', 1, 1, 1446429779, 0, 0),
(297, 26, 'Hà Giang', 'ha-giang', 1, 1, 1446429779, 0, 0),
(298, 26, 'Hoàng Su Phì', 'hoang-su-phi', 1, 1, 1446429779, 0, 0),
(299, 26, 'Mèo Vạc', 'meo-vac', 1, 1, 1446429779, 0, 0),
(300, 26, 'Quản Bạ', 'quan-ba', 1, 1, 1446429779, 0, 0),
(301, 26, 'Quang Bình', 'quang-binh', 1, 1, 1446429779, 0, 0),
(302, 26, 'Vị Xuyên', 'vi-xuyen', 1, 1, 1446429779, 0, 0),
(303, 26, 'Xín Mần', 'xin-man', 1, 1, 1446429779, 0, 0),
(304, 26, 'Yên Minh', 'yen-minh', 1, 1, 1446429779, 0, 0),
(305, 27, 'Bình Lục', 'binh-luc', 1, 1, 1446429779, 0, 0),
(306, 27, 'Duy Tiên', 'duy-tien', 1, 1, 1446429779, 0, 0),
(307, 27, 'Kim Bảng', 'kim-bang', 1, 1, 1446429779, 0, 0),
(308, 27, 'Lý Nhân', 'ly-nhan', 1, 1, 1446429779, 0, 0),
(309, 27, 'Phủ Lý', 'phu-ly', 1, 1, 1446429779, 0, 0),
(310, 27, 'Thanh Liêm', 'thanh-liem', 1, 1, 1446429779, 0, 0),
(311, 28, 'Cẩm Xuyên', 'cam-xuyen', 1, 1, 1446429779, 0, 0),
(312, 28, 'Can Lộc', 'can-loc', 1, 1, 1446429779, 0, 0),
(313, 28, 'Đức Thọ', 'duc-tho', 1, 1, 1446429779, 0, 0),
(314, 28, 'Hà Tĩnh', 'ha-tinh', 1, 1, 1446429779, 0, 0),
(315, 28, 'Hồng Lĩnh', 'hong-linh', 1, 1, 1446429779, 0, 0),
(316, 28, 'Hương Khê', 'huong-khe', 1, 1, 1446429779, 0, 0),
(317, 28, 'Hương Sơn', 'huong-son', 1, 1, 1446429779, 0, 0),
(318, 28, 'Kỳ Anh', 'ky-anh', 1, 1, 1446429779, 0, 0),
(319, 28, 'Lộc Hà', 'loc-ha', 1, 1, 1446429779, 0, 0),
(320, 28, 'Nghi Xuân', 'nghi-xuan', 1, 1, 1446429779, 0, 0),
(321, 28, 'Thạch Hà', 'thach-ha', 1, 1, 1446429779, 0, 0),
(322, 28, 'Vũ Quang', 'vu-quang', 1, 1, 1446429779, 0, 0),
(323, 29, 'Bình Giang', 'binh-giang', 1, 1, 1446429779, 0, 0),
(324, 29, 'Cẩm Giàng', 'cam-giang', 1, 1, 1446429779, 0, 0),
(325, 29, 'Chí Linh', 'chi-linh', 1, 1, 1446429779, 0, 0),
(326, 29, 'Gia Lộc', 'gia-loc', 1, 1, 1446429779, 0, 0),
(327, 29, 'Kim Thành', 'kim-thanh', 1, 1, 1446429779, 0, 0),
(328, 29, 'Kinh Môn', 'kinh-mon', 1, 1, 1446429779, 0, 0),
(329, 29, 'Hải Dương', 'hai-duong', 1, 1, 1446429779, 0, 0),
(330, 29, 'Nam Sách', 'nam-sach', 1, 1, 1446429779, 0, 0),
(331, 29, 'Ninh Giang', 'ninh-giang', 1, 1, 1446429779, 0, 0),
(332, 29, 'Thanh Hà', 'thanh-ha', 1, 1, 1446429779, 0, 0),
(333, 29, 'Thanh Miện', 'thanh-mien', 1, 1, 1446429779, 0, 0),
(334, 29, 'Tứ Kỳ', 'tu-ky', 1, 1, 1446429779, 0, 0),
(335, 30, 'Châu Thành', 'chau-thanh', 1, 1, 1446429779, 0, 0),
(336, 30, 'Châu Thành A', 'chau-thanh-a', 1, 1, 1446429779, 0, 0),
(337, 30, 'Long Mỹ', 'long-my', 1, 1, 1446429779, 0, 0),
(338, 30, 'Ngã Bảy', 'nga-bay', 1, 1, 1446429779, 0, 0),
(339, 30, 'Phụng Hiệp', 'phung-hiep', 1, 1, 1446429779, 0, 0),
(340, 30, 'Vị Thanh', 'vi-thanh', 1, 1, 1446429779, 0, 0),
(341, 30, 'Vị Thủy', 'vi-thuy', 1, 1, 1446429779, 0, 0),
(342, 31, 'Cao Phong', 'cao-phong', 1, 1, 1446429779, 0, 0),
(343, 31, 'Đà Bắc', 'da-bac', 1, 1, 1446429779, 0, 0),
(344, 31, 'Hòa Bình', 'hoa-binh', 1, 1, 1446429779, 0, 0),
(345, 31, 'Kim Bôi', 'kim-boi', 1, 1, 1446429779, 0, 0),
(346, 31, 'Kỳ Sơn', 'ky-son', 1, 1, 1446429779, 0, 0),
(347, 31, 'Lạc Sơn', 'lac-son', 1, 1, 1446429779, 0, 0),
(348, 31, 'Lạc Thủy', 'lac-thuy', 1, 1, 1446429779, 0, 0),
(349, 31, 'Lương Sơn', 'luong-son', 1, 1, 1446429779, 0, 0),
(350, 31, 'Mai Châu', 'mai-chau', 1, 1, 1446429779, 0, 0),
(351, 31, 'Tân Lạc', 'tan-lac', 1, 1, 1446429779, 0, 0),
(352, 31, 'Yên Thủy', 'yen-thuy', 1, 1, 1446429779, 0, 0),
(353, 32, 'Ân Thi', 'an-thi', 1, 1, 1446429779, 0, 0),
(354, 32, 'Hưng Yên', 'hung-yen', 1, 1, 1446429779, 0, 0),
(355, 32, 'Khoái Châu', 'khoai-chau', 1, 1, 1446429779, 0, 0),
(356, 32, 'Mỹ Hào', 'my-hao', 1, 1, 1446429779, 0, 0),
(357, 32, 'Kim Động', 'kim-dong', 1, 1, 1446429779, 0, 0),
(358, 32, 'Phù Cừ', 'phu-cu', 1, 1, 1446429779, 0, 0),
(359, 32, 'Tiên Lữ', 'tien-lu', 1, 1, 1446429779, 0, 0),
(360, 32, 'Văn Giang', 'van-giang', 1, 1, 1446429779, 0, 0),
(361, 32, 'Văn Lâm', 'van-lam', 1, 1, 1446429779, 0, 0),
(362, 32, 'Yên Mỹ', 'yen-my', 1, 1, 1446429779, 0, 0),
(363, 33, 'Cam Lâm', 'cam-lam', 1, 1, 1446429779, 0, 0),
(364, 33, 'Cam Ranh', 'cam-ranh', 1, 1, 1446429779, 0, 0),
(365, 33, 'Diên Khánh', 'dien-khanh', 1, 1, 1446429779, 0, 0),
(366, 33, 'Khánh Sơn', 'khanh-son', 1, 1, 1446429779, 0, 0),
(367, 33, 'Khánh Vĩnh', 'khanh-vinh', 1, 1, 1446429779, 0, 0),
(368, 33, 'Nha Trang', 'nha-trang', 1, 1, 1446429779, 0, 0),
(369, 33, 'Ninh Hòa', 'ninh-hoa', 1, 1, 1446429779, 0, 0),
(370, 33, 'Trường Sa', 'truong-sa', 1, 1, 1446429779, 0, 0),
(371, 33, 'Vạn Ninh', 'van-ninh', 1, 1, 1446429779, 0, 0),
(372, 34, 'An Biên', 'an-bien', 1, 1, 1446429779, 0, 0),
(373, 34, 'An Minh', 'an-minh', 1, 1, 1446429779, 0, 0),
(374, 34, 'Châu Thành', 'chau-thanh', 1, 1, 1446429779, 0, 0),
(375, 34, 'Giang Thành', 'giang-thanh', 1, 1, 1446429779, 0, 0),
(376, 34, 'Giồng Riềng', 'giong-rieng', 1, 1, 1446429779, 0, 0),
(377, 34, 'Gò Quao', 'go-quao', 1, 1, 1446429779, 0, 0),
(378, 34, 'Hà Tiên', 'ha-tien', 1, 1, 1446429779, 0, 0),
(379, 34, 'Kiên Hải', 'kien-hai', 1, 1, 1446429779, 0, 0),
(380, 34, 'Hòn Đất', 'hon-dat', 1, 1, 1446429779, 0, 0),
(381, 34, 'Kiên Lương', 'kien-luong', 1, 1, 1446429779, 0, 0),
(382, 34, 'Phú Quốc', 'phu-quoc', 1, 1, 1446429779, 0, 0),
(383, 34, 'Rạch Giá', 'rach-gia', 1, 1, 1446429779, 0, 0),
(384, 34, 'Tân Hiệp', 'tan-hiep', 1, 1, 1446429779, 0, 0),
(385, 34, 'U minh Thượng', 'u-minh-thuong', 1, 1, 1446429779, 0, 0),
(386, 34, 'Vĩnh Thuận', 'vinh-thuan', 1, 1, 1446429779, 0, 0),
(387, 35, 'Đăk Glei', 'dak-glei', 1, 1, 1446429779, 0, 0),
(388, 35, 'Đăk Hà', 'dak-ha', 1, 1, 1446429779, 0, 0),
(389, 35, 'Kon Rẫy', 'kon-ray', 1, 1, 1446429779, 0, 0),
(390, 35, 'Đăk Tô', 'dak-to', 1, 1, 1446429779, 0, 0),
(391, 35, 'Kon Plông', 'kon-plong', 1, 1, 1446429779, 0, 0),
(392, 35, 'KonTum', 'kontum', 1, 1, 1446429779, 0, 0),
(393, 35, 'Ngọc Hồi', 'ngoc-hoi', 1, 1, 1446429779, 0, 0),
(394, 35, 'Sa Thầy', 'sa-thay', 1, 1, 1446429779, 0, 0),
(395, 35, 'Tu Mơ Rông', 'tu-mo-rong', 1, 1, 1446429779, 0, 0),
(396, 36, 'Lai Châu', 'lai-chau', 1, 1, 1446429779, 0, 0),
(397, 36, 'Mường Tè', 'muong-te', 1, 1, 1446429779, 0, 0),
(398, 36, 'Nậm Nhùn', 'nam-nhun', 1, 1, 1446429779, 0, 0),
(399, 36, 'Phong Thổ', 'phong-tho', 1, 1, 1446429779, 0, 0),
(400, 36, 'Sìn Hồ', 'sin-ho', 1, 1, 1446429779, 0, 0),
(401, 36, 'Tam Đường', 'tam-duong', 1, 1, 1446429779, 0, 0),
(402, 36, 'Tân Uyên', 'tan-uyen', 1, 1, 1446429779, 0, 0),
(403, 36, 'Than Uyên', 'than-uyen', 1, 1, 1446429779, 0, 0),
(404, 37, 'Bảo Lâm', 'bao-lam', 1, 1, 1446429779, 0, 0),
(405, 37, 'Bảo Lộc', 'bao-loc', 1, 1, 1446429779, 0, 0),
(406, 37, 'Cát Tiên', 'cat-tien', 1, 1, 1446429779, 0, 0),
(407, 37, 'Đam Rông', 'dam-rong', 1, 1, 1446429779, 0, 0),
(408, 37, 'Đạ Tẻh', 'da-teh', 1, 1, 1446429779, 0, 0),
(409, 37, 'Đà Lạt', 'da-lat', 1, 1, 1446429779, 0, 0),
(410, 37, 'Di Linh', 'di-linh', 1, 1, 1446429779, 0, 0),
(411, 37, 'Đạ Huoai', 'da-huoai', 1, 1, 1446429779, 0, 0),
(412, 37, 'Đơn Dương', 'don-duong', 1, 1, 1446429779, 0, 0),
(413, 37, 'Đức Trọng', 'duc-trong', 1, 1, 1446429779, 0, 0),
(414, 37, 'Lạc Dương', 'lac-duong', 1, 1, 1446429779, 0, 0),
(415, 37, 'Lâm Hà', 'lam-ha', 1, 1, 1446429779, 0, 0),
(416, 38, 'Bắc Sơn', 'bac-son', 1, 1, 1446429779, 0, 0),
(417, 38, 'Bình Gia', 'binh-gia', 1, 1, 1446429779, 0, 0),
(418, 38, 'Cao Lộc', 'cao-loc', 1, 1, 1446429779, 0, 0),
(419, 38, 'Chi Lăng', 'chi-lang', 1, 1, 1446429779, 0, 0),
(420, 38, 'Đình Lập', 'dinh-lap', 1, 1, 1446429779, 0, 0),
(421, 38, 'Lạng Sơn', 'lang-son', 1, 1, 1446429779, 0, 0),
(422, 38, 'Hữu Lũng', 'huu-lung', 1, 1, 1446429779, 0, 0),
(423, 38, 'Lộc Bình', 'loc-binh', 1, 1, 1446429779, 0, 0),
(424, 38, 'Tràng Định', 'trang-dinh', 1, 1, 1446429779, 0, 0),
(425, 38, 'Văn Lãng', 'van-lang', 1, 1, 1446429779, 0, 0),
(426, 38, 'Văn Quan', 'van-quan', 1, 1, 1446429779, 0, 0),
(427, 39, 'Bắc Hà', 'bac-ha', 1, 1, 1446429779, 0, 0),
(428, 39, 'Bảo Thắng', 'bao-thang', 1, 1, 1446429779, 0, 0),
(429, 39, 'Lào Cai', 'lao-cai', 1, 1, 1446429779, 0, 0),
(430, 39, 'Bát Xát', 'bat-xat', 1, 1, 1446429779, 0, 0),
(431, 39, 'Bảo Yên', 'bao-yen', 1, 1, 1446429779, 0, 0),
(432, 39, 'Mường Khương', 'muong-khuong', 1, 1, 1446429779, 0, 0),
(433, 39, 'Sa Pa', 'sa-pa', 1, 1, 1446429779, 0, 0),
(434, 39, 'Văn Bàn', 'van-ban', 1, 1, 1446429779, 0, 0),
(435, 39, 'Xi Ma Cai', 'xi-ma-cai', 1, 1, 1446429779, 0, 0),
(436, 40, 'Giao Thủy', 'giao-thuy', 1, 1, 1446429779, 0, 0),
(437, 40, 'Hải Hậu', 'hai-hau', 1, 1, 1446429779, 0, 0),
(438, 40, 'Mỹ Lộc', 'my-loc', 1, 1, 1446429779, 0, 0),
(439, 40, 'Trực Ninh', 'truc-ninh', 1, 1, 1446429779, 0, 0),
(440, 40, 'Nghĩa Hưng', 'nghia-hung', 1, 1, 1446429779, 0, 0),
(441, 40, 'Nam Trực', 'nam-truc', 1, 1, 1446429779, 0, 0),
(442, 40, 'Nam Định', 'nam-dinh', 1, 1, 1446429779, 0, 0),
(443, 40, 'Vụ Bản', 'vu-ban', 1, 1, 1446429779, 0, 0),
(444, 40, 'Xuân Trường', 'xuan-truong', 1, 1, 1446429779, 0, 0),
(445, 40, 'Ý Yên', 'y-yen', 1, 1, 1446429779, 0, 0),
(446, 41, 'Anh Sơn', 'anh-son', 1, 1, 1446429779, 0, 0),
(447, 41, 'Con Cuông', 'con-cuong', 1, 1, 1446429779, 0, 0),
(448, 41, 'Cửa Lò', 'cua-lo', 1, 1, 1446429779, 0, 0),
(449, 41, 'Diễn Châu', 'dien-chau', 1, 1, 1446429779, 0, 0),
(450, 41, 'Đô Lương', 'do-luong', 1, 1, 1446429779, 0, 0),
(451, 41, 'Hoàng Mai', 'hoang-mai', 1, 1, 1446429779, 0, 0),
(452, 41, 'Hưng Nguyên', 'hung-nguyen', 1, 1, 1446429779, 0, 0),
(453, 41, 'Kỳ Sơn', 'ky-son', 1, 1, 1446429779, 0, 0),
(454, 41, 'Nam Đàn', 'nam-dan', 1, 1, 1446429779, 0, 0),
(455, 41, 'Nghi Lộc', 'nghi-loc', 1, 1, 1446429779, 0, 0),
(456, 41, 'Nghĩa Đàn', 'nghia-dan', 1, 1, 1446429779, 0, 0),
(457, 41, 'Quế Phong', 'que-phong', 1, 1, 1446429779, 0, 0),
(458, 41, 'Quỳ Châu', 'quy-chau', 1, 1, 1446429779, 0, 0),
(459, 41, 'Quỳ Hợp', 'quy-hop', 1, 1, 1446429779, 0, 0),
(460, 41, 'Quỳnh Lưu', 'quynh-luu', 1, 1, 1446429779, 0, 0),
(461, 41, 'Tân Kỳ', 'tan-ky', 1, 1, 1446429779, 0, 0),
(462, 41, 'Thái Hòa', 'thai-hoa', 1, 1, 1446429779, 0, 0),
(463, 41, 'Thanh Chương', 'thanh-chuong', 1, 1, 1446429779, 0, 0),
(464, 41, 'Tương Dương', 'tuong-duong', 1, 1, 1446429779, 0, 0),
(465, 41, 'Vinh', 'vinh', 1, 1, 1446429779, 0, 0),
(466, 41, 'Yên Thành', 'yen-thanh', 1, 1, 1446429779, 0, 0),
(467, 42, 'Gia Viễn', 'gia-vien', 1, 1, 1446429779, 0, 0),
(468, 42, 'Hoa Lư', 'hoa-lu', 1, 1, 1446429779, 0, 0),
(469, 42, 'Kim Sơn', 'kim-son', 1, 1, 1446429779, 0, 0),
(470, 42, 'Nho Quan', 'nho-quan', 1, 1, 1446429779, 0, 0),
(471, 42, 'Ninh Bình', 'ninh-binh', 1, 1, 1446429779, 0, 0),
(472, 42, 'Tam Điệp', 'tam-diep', 1, 1, 1446429779, 0, 0),
(473, 42, 'Yên Khánh', 'yen-khanh', 1, 1, 1446429779, 0, 0),
(474, 42, 'Yên Mô', 'yen-mo', 1, 1, 1446429779, 0, 0),
(475, 43, 'Bác Ái', 'bac-ai', 1, 1, 1446429779, 0, 0),
(476, 43, 'Ninh Hải', 'ninh-hai', 1, 1, 1446429779, 0, 0),
(477, 43, 'Ninh Phước', 'ninh-phuoc', 1, 1, 1446429779, 0, 0),
(478, 43, 'Ninh Sơn', 'ninh-son', 1, 1, 1446429779, 0, 0),
(479, 43, 'Phan Rang - Tháp Chàm', 'phan-rang-thap-cham', 1, 1, 1446429779, 0, 0),
(480, 43, 'Thuận Bắc', 'thuan-bac', 1, 1, 1446429779, 0, 0),
(481, 43, 'Thuận Nam', 'thuan-nam', 1, 1, 1446429779, 0, 0),
(482, 44, 'Cẩm Khê', 'cam-khe', 1, 1, 1446429779, 0, 0),
(483, 44, 'Đoan Hùng', 'doan-hung', 1, 1, 1446429779, 0, 0),
(484, 44, 'Hạ Hòa', 'ha-hoa', 1, 1, 1446429779, 0, 0),
(485, 44, 'Lâm Thao', 'lam-thao', 1, 1, 1446429779, 0, 0),
(486, 44, 'Phù Ninh', 'phu-ninh', 1, 1, 1446429779, 0, 0),
(487, 44, 'Phú Thọ', 'phu-tho', 1, 1, 1446429779, 0, 0),
(488, 44, 'Tam Nông', 'tam-nong', 1, 1, 1446429779, 0, 0),
(489, 44, 'Tân Sơn', 'tan-son', 1, 1, 1446429779, 0, 0),
(490, 44, 'Thanh Ba', 'thanh-ba', 1, 1, 1446429779, 0, 0),
(491, 44, 'Thanh Sơn', 'thanh-son', 1, 1, 1446429779, 0, 0),
(492, 44, 'Thanh Thủy', 'thanh-thuy', 1, 1, 1446429779, 0, 0),
(493, 44, 'Việt Trì', 'viet-tri', 1, 1, 1446429779, 0, 0),
(494, 44, 'Yên Lập', 'yen-lap', 1, 1, 1446429779, 0, 0),
(495, 45, 'Đông Hòa', 'dong-hoa', 1, 1, 1446429779, 0, 0),
(496, 45, 'Đồng Xuân', 'dong-xuan', 1, 1, 1446429779, 0, 0),
(497, 45, 'Sơn Hòa', 'son-hoa', 1, 1, 1446429779, 0, 0),
(498, 45, 'Sông Cầu', 'song-cau', 1, 1, 1446429779, 0, 0),
(499, 45, 'Sông Hinh', 'song-hinh', 1, 1, 1446429779, 0, 0),
(500, 45, 'Phú Hòa', 'phu-hoa', 1, 1, 1446429779, 0, 0),
(501, 45, 'Tây Hòa', 'tay-hoa', 1, 1, 1446429779, 0, 0),
(502, 45, 'Tuy An', 'tuy-an', 1, 1, 1446429779, 0, 0),
(503, 45, 'Tuy Hòa', 'tuy-hoa', 1, 1, 1446429779, 0, 0),
(504, 46, 'Ba Đồn', 'ba-don', 1, 1, 1446429779, 0, 0),
(505, 46, 'Bố Trạch', 'bo-trach', 1, 1, 1446429779, 0, 0),
(506, 46, 'Đồng Hới', 'dong-hoi', 1, 1, 1446429779, 0, 0),
(507, 46, 'Lệ Thủy', 'le-thuy', 1, 1, 1446429779, 0, 0),
(508, 46, 'Minh Hóa', 'minh-hoa', 1, 1, 1446429779, 0, 0),
(509, 46, 'Quảng Ninh', 'quang-ninh', 1, 1, 1446429779, 0, 0),
(510, 46, 'Quảng Trạch', 'quang-trach', 1, 1, 1446429779, 0, 0),
(511, 46, 'Tuyên Hóa', 'tuyen-hoa', 1, 1, 1446429779, 0, 0),
(512, 47, 'Bắc Trà My', 'bac-tra-my', 1, 1, 1446429779, 0, 0),
(513, 47, 'Đại Lộc', 'dai-loc', 1, 1, 1446429779, 0, 0),
(514, 47, 'Điện Bàn', 'dien-ban', 1, 1, 1446429779, 0, 0),
(515, 47, 'Đông Giang', 'dong-giang', 1, 1, 1446429779, 0, 0),
(516, 47, 'Hiệp Đức', 'hiep-duc', 1, 1, 1446429779, 0, 0),
(517, 47, 'Duy Xuyên', 'duy-xuyen', 1, 1, 1446429779, 0, 0),
(518, 47, 'Hội An', 'hoi-an', 1, 1, 1446429779, 0, 0),
(519, 47, 'Nam Giang', 'nam-giang', 1, 1, 1446429779, 0, 0),
(520, 47, 'Nam Trà My', 'nam-tra-my', 1, 1, 1446429779, 0, 0),
(521, 47, 'Nông Sơn', 'nong-son', 1, 1, 1446429779, 0, 0),
(522, 47, 'Núi Thành', 'nui-thanh', 1, 1, 1446429779, 0, 0),
(523, 47, 'Phú Ninh', 'phu-ninh', 1, 1, 1446429779, 0, 0),
(524, 47, 'Phước Sơn', 'phuoc-son', 1, 1, 1446429779, 0, 0),
(525, 47, 'Quế Sơn', 'que-son', 1, 1, 1446429779, 0, 0),
(526, 47, 'Tam Kỳ', 'tam-ky', 1, 1, 1446429779, 0, 0),
(527, 47, 'Tây Giang', 'tay-giang', 1, 1, 1446429779, 0, 0),
(528, 47, 'Thăng Bình', 'thang-binh', 1, 1, 1446429779, 0, 0),
(529, 47, 'Tiên Phước', 'tien-phuoc', 1, 1, 1446429779, 0, 0),
(530, 48, 'Ba Tơ', 'ba-to', 1, 1, 1446429779, 0, 0),
(531, 48, 'Bình Sơn', 'binh-son', 1, 1, 1446429779, 0, 0),
(532, 48, 'Đức Phổ', 'duc-pho', 1, 1, 1446429779, 0, 0),
(533, 48, 'Lý Sơn', 'ly-son', 1, 1, 1446429779, 0, 0),
(534, 48, 'Minh Long', 'minh-long', 1, 1, 1446429779, 0, 0),
(535, 48, 'Mộ Đức', 'mo-duc', 1, 1, 1446429779, 0, 0),
(536, 48, 'Nghĩa Hành', 'nghia-hanh', 1, 1, 1446429779, 0, 0),
(537, 48, 'Quảng Ngãi', 'quang-ngai', 1, 1, 1446429779, 0, 0),
(538, 48, 'Sơn Hà', 'son-ha', 1, 1, 1446429779, 0, 0),
(539, 48, 'Sơn Tây', 'son-tay', 1, 1, 1446429779, 0, 0),
(540, 48, 'Sơn Tịnh', 'son-tinh', 1, 1, 1446429779, 0, 0),
(541, 48, 'Tây Trà', 'tay-tra', 1, 1, 1446429779, 0, 0),
(542, 48, 'Trà Bồng', 'tra-bong', 1, 1, 1446429779, 0, 0),
(543, 48, 'Tư Nghĩa', 'tu-nghia', 1, 1, 1446429779, 0, 0),
(544, 49, 'Ba Chẽ', 'ba-che', 1, 1, 1446429779, 0, 0),
(545, 49, 'Cẩm Phả', 'cam-pha', 1, 1, 1446429779, 0, 0),
(546, 49, 'Bình Liêu', 'binh-lieu', 1, 1, 1446429779, 0, 0),
(547, 49, 'Cô Tô', 'co-to', 1, 1, 1446429779, 0, 0),
(548, 49, 'Đầm Hà', 'dam-ha', 1, 1, 1446429779, 0, 0),
(549, 49, 'Đông Triều', 'dong-trieu', 1, 1, 1446429779, 0, 0),
(550, 49, 'Hạ Long', 'ha-long', 1, 1, 1446429779, 0, 0),
(551, 49, 'Hải Hà', 'hai-ha', 1, 1, 1446429779, 0, 0),
(552, 49, 'Hoành Bồ', 'hoanh-bo', 1, 1, 1446429779, 0, 0),
(553, 49, 'Móng Cái', 'mong-cai', 1, 1, 1446429779, 0, 0),
(554, 49, 'Quảng Yên', 'quang-yen', 1, 1, 1446429779, 0, 0),
(555, 49, 'Tiên Yên', 'tien-yen', 1, 1, 1446429779, 0, 0),
(556, 49, 'Uông Bí', 'uong-bi', 1, 1, 1446429779, 0, 0),
(557, 49, 'Vân Đồn', 'van-don', 1, 1, 1446429779, 0, 0),
(558, 50, 'Cam Lộ', 'cam-lo', 1, 1, 1446429779, 0, 0),
(559, 50, 'Đảo Cồn cỏ', 'dao-con-co', 1, 1, 1446429779, 0, 0),
(560, 50, 'Đăk Rông', 'dak-rong', 1, 1, 1446429779, 0, 0),
(561, 50, 'Đông Hà', 'dong-ha', 1, 1, 1446429779, 0, 0),
(562, 50, 'Gio Linh', 'gio-linh', 1, 1, 1446429779, 0, 0),
(563, 50, 'Hải Lăng', 'hai-lang', 1, 1, 1446429779, 0, 0),
(564, 50, 'Hướng Hóa', 'huong-hoa', 1, 1, 1446429779, 0, 0),
(565, 50, 'Quảng Trị', 'quang-tri', 1, 1, 1446429779, 0, 0),
(566, 50, 'Triệu Phong', 'trieu-phong', 1, 1, 1446429779, 0, 0),
(567, 50, 'Vĩnh Linh', 'vinh-linh', 1, 1, 1446429779, 0, 0),
(568, 51, 'Châu Thành', 'chau-thanh', 1, 1, 1446429779, 0, 0),
(569, 51, 'Cù Lao Dung', 'cu-lao-dung', 1, 1, 1446429779, 0, 0),
(570, 51, 'Mỹ Xuyên', 'my-xuyen', 1, 1, 1446429779, 0, 0),
(571, 51, 'Mỹ Tú', 'my-tu', 1, 1, 1446429779, 0, 0),
(572, 51, 'Long Phú', 'long-phu', 1, 1, 1446429779, 0, 0),
(573, 51, 'Kế Sách', 'ke-sach', 1, 1, 1446429779, 0, 0),
(574, 51, 'Ngã Năm', 'nga-nam', 1, 1, 1446429779, 0, 0),
(575, 51, 'Sóc Trăng', 'soc-trang', 1, 1, 1446429779, 0, 0),
(576, 51, 'Thạnh Trị', 'thanh-tri', 1, 1, 1446429779, 0, 0),
(577, 51, 'Trần Đề', 'tran-de', 1, 1, 1446429779, 0, 0),
(578, 51, 'Vĩnh Châu', 'vinh-chau', 1, 1, 1446429779, 0, 0),
(579, 52, 'Mai Sơn', 'mai-son', 1, 1, 1446429779, 0, 0),
(580, 52, 'Bắc Yên', 'bac-yen', 1, 1, 1446429779, 0, 0),
(581, 52, 'Mộc Châu', 'moc-chau', 1, 1, 1446429779, 0, 0),
(582, 52, 'Mường La', 'muong-la', 1, 1, 1446429779, 0, 0),
(583, 52, 'Quỳnh Nhai', 'quynh-nhai', 1, 1, 1446429779, 0, 0),
(584, 52, 'Phù Yên', 'phu-yen', 1, 1, 1446429779, 0, 0),
(585, 52, 'Sơn La', 'son-la', 1, 1, 1446429779, 0, 0),
(586, 52, 'Sông Mã', 'song-ma', 1, 1, 1446429779, 0, 0),
(587, 52, 'Sốp Cộp', 'sop-cop', 1, 1, 1446429779, 0, 0),
(588, 52, 'Thuận Châu', 'thuan-chau', 1, 1, 1446429779, 0, 0),
(589, 52, 'Vân Hồ', 'van-ho', 1, 1, 1446429779, 0, 0),
(590, 52, 'Yên Châu', 'yen-chau', 1, 1, 1446429779, 0, 0),
(591, 53, 'Bến Cầu', 'ben-cau', 1, 1, 1446429779, 0, 0),
(592, 53, 'Châu Thành', 'chau-thanh', 1, 1, 1446429779, 0, 0),
(593, 53, 'Gò Dầu', 'go-dau', 1, 1, 1446429779, 0, 0),
(594, 53, 'Dương Minh Châu', 'duong-minh-chau', 1, 1, 1446429779, 0, 0),
(595, 53, 'Tân Biên', 'tan-bien', 1, 1, 1446429779, 0, 0),
(596, 53, 'Hòa Thành', 'hoa-thanh', 1, 1, 1446429779, 0, 0),
(597, 53, 'Tân Châu', 'tan-chau', 1, 1, 1446429779, 0, 0),
(598, 53, 'Tây Ninh', 'tay-ninh', 1, 1, 1446429779, 0, 0),
(599, 53, 'Trảng Bàng', 'trang-bang', 1, 1, 1446429779, 0, 0),
(600, 54, 'Đông Hưng', 'dong-hung', 1, 1, 1446429779, 0, 0),
(601, 54, 'Thái Bình', 'thai-binh', 1, 1, 1446429779, 0, 0),
(602, 54, 'Hưng Hà', 'hung-ha', 1, 1, 1446429779, 0, 0),
(603, 54, 'Kiến Xương', 'kien-xuong', 1, 1, 1446429779, 0, 0),
(604, 54, 'Quỳnh Phụ', 'quynh-phu', 1, 1, 1446429779, 0, 0),
(605, 54, 'Thái Thuỵ', 'thai-thuy', 1, 1, 1446429779, 0, 0),
(606, 54, 'Tiền Hải', 'tien-hai', 1, 1, 1446429779, 0, 0),
(607, 54, 'Vũ Thư', 'vu-thu', 1, 1, 1446429779, 0, 0),
(608, 55, 'Định Hóa', 'dinh-hoa', 1, 1, 1446429779, 0, 0),
(609, 55, 'Đại Từ', 'dai-tu', 1, 1, 1446429779, 0, 0),
(610, 55, 'Đồng Hỷ', 'dong-hy', 1, 1, 1446429779, 0, 0),
(611, 55, 'Phổ Yên', 'pho-yen', 1, 1, 1446429779, 0, 0),
(612, 55, 'Phú Lương', 'phu-luong', 1, 1, 1446429779, 0, 0),
(613, 55, 'Phú Bình', 'phu-binh', 1, 1, 1446429779, 0, 0),
(614, 55, 'Sông Công', 'song-cong', 1, 1, 1446429779, 0, 0),
(615, 55, 'Thái Nguyên', 'thai-nguyen', 1, 1, 1446429779, 0, 0),
(616, 55, 'Võ Nhai', 'vo-nhai', 1, 1, 1446429779, 0, 0),
(617, 56, 'Bá Thước', 'ba-thuoc', 1, 1, 1446429779, 0, 0),
(618, 56, 'Bỉm Sơn', 'bim-son', 1, 1, 1446429779, 0, 0),
(619, 56, 'Cẩm Thủy', 'cam-thuy', 1, 1, 1446429779, 0, 0),
(620, 56, 'Đông Sơn', 'dong-son', 1, 1, 1446429779, 0, 0),
(621, 56, 'Hà Trung', 'ha-trung', 1, 1, 1446429779, 0, 0),
(622, 56, 'Hậu Lộc', 'hau-loc', 1, 1, 1446429779, 0, 0),
(623, 56, 'Hoằng Hóa', 'hoang-hoa', 1, 1, 1446429779, 0, 0),
(624, 56, 'Lang Chánh', 'lang-chanh', 1, 1, 1446429779, 0, 0),
(625, 56, 'Mường Lát', 'muong-lat', 1, 1, 1446429779, 0, 0),
(626, 56, 'Nga Sơn', 'nga-son', 1, 1, 1446429779, 0, 0),
(627, 56, 'Ngọc Lặc', 'ngoc-lac', 1, 1, 1446429779, 0, 0),
(628, 56, 'Như Thanh', 'nhu-thanh', 1, 1, 1446429779, 0, 0),
(629, 56, 'Như Xuân', 'nhu-xuan', 1, 1, 1446429779, 0, 0),
(630, 56, 'Nông Cống', 'nong-cong', 1, 1, 1446429779, 0, 0),
(631, 56, 'Quan Hóa', 'quan-hoa', 1, 1, 1446429779, 0, 0),
(632, 56, 'Quan Sơn', 'quan-son', 1, 1, 1446429779, 0, 0),
(633, 56, 'Quảng Xương', 'quang-xuong', 1, 1, 1446429779, 0, 0),
(634, 56, 'Sầm Sơn', 'sam-son', 1, 1, 1446429779, 0, 0),
(635, 56, 'Thạch Thành', 'thach-thanh', 1, 1, 1446429779, 0, 0),
(636, 56, 'Thanh Hóa', 'thanh-hoa', 1, 1, 1446429779, 0, 0),
(637, 56, 'Thiệu Hóa', 'thieu-hoa', 1, 1, 1446429779, 0, 0),
(638, 56, 'Thọ Xuân', 'tho-xuan', 1, 1, 1446429779, 0, 0),
(639, 56, 'Thường Xuân', 'thuong-xuan', 1, 1, 1446429779, 0, 0),
(640, 56, 'Tĩnh Gia', 'tinh-gia', 1, 1, 1446429779, 0, 0),
(641, 56, 'Triệu Sơn', 'trieu-son', 1, 1, 1446429779, 0, 0),
(642, 56, 'Vĩnh Lộc', 'vinh-loc', 1, 1, 1446429779, 0, 0),
(643, 56, 'Yên Định', 'yen-dinh', 1, 1, 1446429779, 0, 0),
(644, 57, 'A Lưới', 'a-luoi', 1, 1, 1446429779, 0, 0),
(645, 57, 'Hương Thủy', 'huong-thuy', 1, 1, 1446429779, 0, 0),
(646, 57, 'Phong Điền', 'phong-dien', 1, 1, 1446429779, 0, 0),
(647, 57, 'Hương Trà', 'huong-tra', 1, 1, 1446429779, 0, 0),
(648, 57, 'Huế', 'hue', 1, 1, 1446429779, 0, 0),
(649, 57, 'Nam Đông', 'nam-dong', 1, 1, 1446429779, 0, 0),
(650, 57, 'Phú Lộc', 'phu-loc', 1, 1, 1446429779, 0, 0),
(651, 57, 'Phú Vang', 'phu-vang', 1, 1, 1446429779, 0, 0),
(652, 57, 'Quảng Điền', 'quang-dien', 1, 1, 1446429779, 0, 0),
(653, 58, 'Cái Bè', 'cai-be', 1, 1, 1446429779, 0, 0),
(654, 58, 'Gò Công Đông', 'go-cong-dong', 1, 1, 1446429779, 0, 0),
(655, 58, 'Chợ Gạo', 'cho-gao', 1, 1, 1446429779, 0, 0),
(656, 58, 'Gò Công', 'go-cong', 1, 1, 1446429779, 0, 0),
(657, 58, 'Châu Thành', 'chau-thanh', 1, 1, 1446429779, 0, 0),
(658, 58, 'Gò Công Tây', 'go-cong-tay', 1, 1, 1446429779, 0, 0),
(659, 58, 'Huyện Cai Lậy', 'huyen-cai-lay', 1, 1, 1446429779, 0, 0),
(660, 58, 'Mỹ Tho', 'my-tho', 1, 1, 1446429779, 0, 0),
(661, 58, 'Tân Phú Đông', 'tan-phu-dong', 1, 1, 1446429779, 0, 0),
(662, 58, 'Tân Phước', 'tan-phuoc', 1, 1, 1446429779, 0, 0),
(663, 58, 'Thị Xã Cai Lậy', 'thi-xa-cai-lay', 1, 1, 1446429779, 0, 0),
(664, 59, 'Càng Long', 'cang-long', 1, 1, 1446429779, 0, 0),
(665, 59, 'Cầu Ngang', 'cau-ngang', 1, 1, 1446429779, 0, 0),
(666, 59, 'Cầu Kè', 'cau-ke', 1, 1, 1446429779, 0, 0),
(667, 59, 'Duyên Hải', 'duyen-hai', 1, 1, 1446429779, 0, 0),
(668, 59, 'Tiểu Cần', 'tieu-can', 1, 1, 1446429779, 0, 0),
(669, 59, 'Châu Thành', 'chau-thanh', 1, 1, 1446429779, 0, 0),
(670, 59, 'Trà Cú', 'tra-cu', 1, 1, 1446429779, 0, 0),
(671, 59, 'Trà Vinh', 'tra-vinh', 1, 1, 1446429779, 0, 0),
(672, 60, 'Chiêm Hóa', 'chiem-hoa', 1, 1, 1446429779, 0, 0),
(673, 60, 'Sơn Dương', 'son-duong', 1, 1, 1446429779, 0, 0),
(674, 60, 'Na Hang', 'na-hang', 1, 1, 1446429779, 0, 0),
(675, 60, 'Tuyên Quang', 'tuyen-quang', 1, 1, 1446429779, 0, 0),
(676, 60, 'Hàm Yên', 'ham-yen', 1, 1, 1446429779, 0, 0),
(677, 60, 'Lâm Bình', 'lam-binh', 1, 1, 1446429779, 0, 0),
(678, 60, 'Yên Sơn', 'yen-son', 1, 1, 1446429779, 0, 0),
(679, 61, 'Bình Tân', 'binh-tan', 1, 1, 1446429779, 0, 0),
(680, 61, 'Bình Minh', 'binh-minh', 1, 1, 1446429779, 0, 0),
(681, 61, 'Long Hồ', 'long-ho', 1, 1, 1446429779, 0, 0),
(682, 61, 'Mang Thít', 'mang-thit', 1, 1, 1446429779, 0, 0),
(683, 61, 'Tam Bình', 'tam-binh', 1, 1, 1446429779, 0, 0),
(684, 61, 'Trà Ôn', 'tra-on', 1, 1, 1446429779, 0, 0),
(685, 61, 'Vĩnh Long', 'vinh-long', 1, 1, 1446429779, 0, 0),
(686, 61, 'Vũng Liêm', 'vung-liem', 1, 1, 1446429779, 0, 0),
(687, 62, 'Bình Xuyên', 'binh-xuyen', 1, 1, 1446429779, 0, 0),
(688, 62, 'Lập Thạch', 'lap-thach', 1, 1, 1446429779, 0, 0),
(689, 62, 'Phúc Yên', 'phuc-yen', 1, 1, 1446429779, 0, 0),
(690, 62, 'Sông Lô', 'song-lo', 1, 1, 1446429779, 0, 0),
(691, 62, 'Tam Dương', 'tam-duong', 1, 1, 1446429779, 0, 0),
(692, 62, 'Tam Đảo', 'tam-dao', 1, 1, 1446429779, 0, 0),
(693, 62, 'Vĩnh Tường', 'vinh-tuong', 1, 1, 1446429779, 0, 0),
(694, 62, 'Vĩnh Yên', 'vinh-yen', 1, 1, 1446429779, 0, 0),
(695, 62, 'Yên Lạc', 'yen-lac', 1, 1, 1446429779, 0, 0),
(696, 63, 'Lục Yên', 'luc-yen', 1, 1, 1446429779, 0, 0),
(697, 63, 'Mù Cang Chải', 'mu-cang-chai', 1, 1, 1446429779, 0, 0),
(698, 63, 'Văn Chấn', 'van-chan', 1, 1, 1446429779, 0, 0),
(699, 63, 'Nghĩa Lộ', 'nghia-lo', 1, 1, 1446429779, 0, 0),
(700, 63, 'Trấn Yên', 'tran-yen', 1, 1, 1446429779, 0, 0),
(701, 63, 'Trạm Tấu', 'tram-tau', 1, 1, 1446429779, 0, 0),
(702, 63, 'Văn Yên', 'van-yen', 1, 1, 1446429779, 0, 0),
(703, 63, 'Yên Bái', 'yen-bai', 1, 1, 1446429779, 0, 0),
(704, 63, 'Yên Bình', 'yen-binh', 1, 1, 1446429779, 0, 0);

-- --------------------------------------------------------

--
-- Table structure for table `table_product`
--

CREATE TABLE `table_product` (
  `id` int(10) UNSIGNED NOT NULL,
  `id_danhmuc` int(11) NOT NULL,
  `id_list` int(11) NOT NULL,
  `id_item` int(10) NOT NULL,
  `id_cat` int(11) NOT NULL,
  `hienthi` tinyint(1) NOT NULL DEFAULT 1,
  `noibat` tinyint(4) NOT NULL,
  `tieubieu` tinyint(4) NOT NULL,
  `spmoi` int(11) NOT NULL,
  `spbanchay` tinyint(4) NOT NULL,
  `photo` varchar(225) NOT NULL,
  `thumb` varchar(225) NOT NULL,
  `tenkhongdau` varchar(255) NOT NULL,
  `ten` varchar(100) CHARACTER SET utf8 COLLATE utf8_unicode_ci NOT NULL,
  `tenen` varchar(255) NOT NULL,
  `tencn` varchar(255) NOT NULL,
  `mota` text NOT NULL,
  `motaen` text NOT NULL,
  `motacn` text NOT NULL,
  `mota2` text NOT NULL,
  `mota2en` text NOT NULL,
  `mota2cn` text NOT NULL,
  `ten2` varchar(255) NOT NULL,
  `ten2en` varchar(255) NOT NULL,
  `ten2cn` varchar(255) NOT NULL,
  `noidung` text NOT NULL,
  `noidungen` text NOT NULL,
  `noidungcn` text NOT NULL,
  `masp` varchar(100) NOT NULL,
  `gia` bigint(100) NOT NULL,
  `giakm` int(100) NOT NULL,
  `luotxem` int(11) NOT NULL,
  `stt` int(10) UNSIGNED NOT NULL DEFAULT 1,
  `type` varchar(255) NOT NULL,
  `soluong` int(11) NOT NULL,
  `tag` text NOT NULL,
  `size` varchar(200) NOT NULL,
  `size2` varchar(200) NOT NULL,
  `mausac2` varchar(200) NOT NULL,
  `mausac` varchar(200) NOT NULL,
  `ngaytao` int(11) NOT NULL,
  `ngaysua` int(11) NOT NULL,
  `title` varchar(100) NOT NULL,
  `keywords` varchar(1000) NOT NULL,
  `description` varchar(200) NOT NULL,
  `h3` varchar(200) NOT NULL,
  `h2` varchar(200) NOT NULL,
  `h1` varchar(200) NOT NULL,
  `thuonghieu` int(11) NOT NULL,
  `id_nhasanxuat` int(11) NOT NULL,
  `dientich` varchar(255) NOT NULL,
  `id_huong` int(11) NOT NULL,
  `id_hientrang` int(11) NOT NULL,
  `phaply` varchar(255) NOT NULL,
  `mattien` varchar(255) NOT NULL,
  `id_city` int(11) NOT NULL,
  `id_dist` int(11) NOT NULL,
  `id_street` int(11) NOT NULL,
  `id_ward` int(11) NOT NULL,
  `id_thanhvien` int(11) NOT NULL,
  `thuoctinh` text NOT NULL,
  `toado` varchar(255) NOT NULL,
  `diachi` varchar(255) NOT NULL,
  `diachien` int(255) NOT NULL,
  `diachicn` varchar(255) NOT NULL,
  `vitri` text NOT NULL,
  `vitrien` text NOT NULL,
  `matbang` text NOT NULL,
  `matbangen` text NOT NULL,
  `tiendo` text NOT NULL,
  `tiendoen` text NOT NULL,
  `thuoctinh_danhmuc` varchar(255) NOT NULL,
  `thuoctinh_list` varchar(255) NOT NULL
) ENGINE=MyISAM DEFAULT CHARSET=utf8;

--
-- Dumping data for table `table_product`
--

INSERT INTO `table_product` (`id`, `id_danhmuc`, `id_list`, `id_item`, `id_cat`, `hienthi`, `noibat`, `tieubieu`, `spmoi`, `spbanchay`, `photo`, `thumb`, `tenkhongdau`, `ten`, `tenen`, `tencn`, `mota`, `motaen`, `motacn`, `mota2`, `mota2en`, `mota2cn`, `ten2`, `ten2en`, `ten2cn`, `noidung`, `noidungen`, `noidungcn`, `masp`, `gia`, `giakm`, `luotxem`, `stt`, `type`, `soluong`, `tag`, `size`, `size2`, `mausac2`, `mausac`, `ngaytao`, `ngaysua`, `title`, `keywords`, `description`, `h3`, `h2`, `h1`, `thuonghieu`, `id_nhasanxuat`, `dientich`, `id_huong`, `id_hientrang`, `phaply`, `mattien`, `id_city`, `id_dist`, `id_street`, `id_ward`, `id_thanhvien`, `thuoctinh`, `toado`, `diachi`, `diachien`, `diachicn`, `vitri`, `vitrien`, `matbang`, `matbangen`, `tiendo`, `tiendoen`, `thuoctinh_danhmuc`, `thuoctinh_list`) VALUES
(347, 260, 179, 0, 0, 1, 0, 0, 0, 0, 'vnbghutocokhuonnhuamau001-3241.jpg', 'vnbghutocokhuonnhuamau001-3241-3140_450x630.jpg', 'mau-khuon-nhua-001', 'Mẫu khuôn nhựa 001', '', '', '', '', '', '', '', '', '', '', '', '', '', '', '', 0, 0, 0, 1, 'san-pham', 0, '', '', '', '', '', 1593228824, 1593228849, '', '', '', '', '', '', 0, 0, '', 0, 0, '', '', 0, 0, 0, 0, 0, '', '', '', 0, '', '', '', '', '', '', '', '', ''),
(348, 260, 179, 0, 0, 1, 0, 0, 0, 0, 'vnbghutocokhuonnhuamau002-9156.jpg', 'vnbghutocokhuonnhuamau002-9156-6426_450x630.jpg', 'mau-khuon-nhua-002', 'Mẫu khuôn nhựa 002', '', '', '', '', '', '', '', '', '', '', '', '', '', '', '', 0, 0, 2, 1, 'san-pham', 0, '', '', '', '', '', 1593228895, 0, '', '', '', '', '', '', 0, 0, '', 0, 0, '', '', 0, 0, 0, 0, 0, '', '', '', 0, '', '', '', '', '', '', '', '', ''),
(349, 263, 0, 0, 0, 1, 0, 0, 0, 0, '1-8445.jpg', '1-8445-3311_450x630.jpg', 'mau-co-khi-chinh-xac-001', 'Mẫu Cơ khí chính xác 001', '', '', '', '', '', '', '', '', '', '', '', '', '', '', '', 0, 0, 0, 1, 'san-pham', 0, '', '', '', '', '', 1593229923, 0, '', '', '', '', '', '', 0, 0, '', 0, 0, '', '', 0, 0, 0, 0, 0, '', '', '', 0, '', '', '', '', '', '', '', '', ''),
(350, 263, 0, 0, 0, 1, 0, 0, 0, 0, 'vnbghutocospckcxmau002-5147.jpg', 'vnbghutocospckcxmau002-5147-4061_450x630.jpg', 'mau-co-khi-chinh-xac-002', 'Mẫu Cơ khí chính xác 002', '', '', '', '', '', '', '', '', '', '', '', '', '', '', '', 0, 0, 0, 1, 'san-pham', 0, '', '', '', '', '', 1593229947, 1593230411, '', '', '', '', '', '', 0, 0, '', 0, 0, '', '', 0, 0, 0, 0, 0, '', '', '', 0, '', '', '', '', '', '', '', '', ''),
(351, 263, 0, 0, 0, 1, 0, 0, 0, 0, 'vnbghutocospckcxmau003-4067.jpg', 'vnbghutocospckcxmau003-4067-6770_450x630.jpg', 'mau-co-khi-chinh-xac-003', 'Mẫu Cơ khí chính xác 003', '', '', '', '', '', '', '', '', '', '', '', '', '', '', '', 0, 0, 0, 1, 'san-pham', 0, '', '', '', '', '', 1593229977, 1593230403, '', '', '', '', '', '', 0, 0, '', 0, 0, '', '', 0, 0, 0, 0, 0, '', '', '', 0, '', '', '', '', '', '', '', '', ''),
(352, 263, 0, 0, 0, 1, 0, 0, 0, 0, 'vnbghutocospckcxmau004-8788.jpg', 'vnbghutocospckcxmau004-8788-6158_450x630.jpg', 'mau-co-khi-chinh-xac-004', 'Mẫu Cơ khí chính xác 004', '', '', '', '', '', '', '', '', '', '', '', '', '', '', '', 0, 0, 0, 1, 'san-pham', 0, '', '', '', '', '', 1593230005, 1593230396, '', '', '', '', '', '', 0, 0, '', 0, 0, '', '', 0, 0, 0, 0, 0, '', '', '', 0, '', '', '', '', '', '', '', '', ''),
(353, 263, 0, 0, 0, 1, 0, 0, 0, 0, 'vnbghutocospckcxmau005-7311.jpg', 'vnbghutocospckcxmau005-7311-5983_450x630.jpg', 'mau-co-khi-chinh-xac-005', 'Mẫu Cơ khí chính xác 005', '', '', '', '', '', '', '', '', '', '', '', '', '', '', '', 0, 0, 0, 1, 'san-pham', 0, '', '', '', '', '', 1593230028, 1593230386, '', '', '', '', '', '', 0, 0, '', 0, 0, '', '', 0, 0, 0, 0, 0, '', '', '', 0, '', '', '', '', '', '', '', '', ''),
(354, 263, 0, 0, 0, 1, 0, 0, 0, 0, 'vnbghutocospckcxmau006-1885.jpg', 'vnbghutocospckcxmau006-1885-6047_450x630.jpg', 'mau-co-khi-chinh-xac-006', 'Mẫu Cơ khí chính xác 006', '', '', '', '', '', '', '', '', '', '', '', '', '', '', '', 0, 0, 0, 1, 'san-pham', 0, '', '', '', '', '', 1593230050, 1593230380, '', '', '', '', '', '', 0, 0, '', 0, 0, '', '', 0, 0, 0, 0, 0, '', '', '', 0, '', '', '', '', '', '', '', '', ''),
(355, 263, 0, 0, 0, 1, 0, 0, 0, 0, 'vnbghutocospckcxmau007-7102.jpg', 'vnbghutocospckcxmau007-7102-8819_450x630.jpg', 'mau-co-khi-chinh-xac-007', 'Mẫu Cơ khí chính xác 007', '', '', '', '', '', '', '', '', '', '', '', '', '', '', '', 0, 0, 0, 1, 'san-pham', 0, '', '', '', '', '', 1593230093, 1593230372, '', '', '', '', '', '', 0, 0, '', 0, 0, '', '', 0, 0, 0, 0, 0, '', '', '', 0, '', '', '', '', '', '', '', '', ''),
(356, 263, 0, 0, 0, 1, 0, 0, 0, 0, 'mau-co-khi-chinh-xac-008-582.jpg', 'mau-co-khi-chinh-xac-008-582-4753_450x630.jpg', 'mau-co-khi-chinh-xac-008', 'Mẫu Cơ khí chính xác 008', '', '', '', '', '', '', '', '', '', '', '', '', '', '', '', 0, 0, 0, 1, 'san-pham', 0, '', '', '', '', '', 1593230116, 1593230364, '', '', '', '', '', '', 0, 0, '', 0, 0, '', '', 0, 0, 0, 0, 0, '', '', '', 0, '', '', '', '', '', '', '', '', ''),
(357, 263, 0, 0, 0, 1, 0, 0, 0, 0, 'mau-co-khi-chinh-xac-009-1478.jpg', 'mau-co-khi-chinh-xac-009-1478-9150_450x630.jpg', 'mau-co-khi-chinh-xac-009', 'Mẫu Cơ khí chính xác 009', '', '', '', '', '', '', '', '', '', '', '', '', '', '', '', 0, 0, 0, 1, 'san-pham', 0, '', '', '', '', '', 1593230142, 1593230357, '', '', '', '', '', '', 0, 0, '', 0, 0, '', '', 0, 0, 0, 0, 0, '', '', '', 0, '', '', '', '', '', '', '', '', ''),
(358, 263, 0, 0, 0, 1, 0, 0, 0, 0, 'vnbghutocospckcxmau010-8212.jpg', 'vnbghutocospckcxmau010-8212-2817_450x630.jpg', 'mau-co-khi-chinh-xac-010', 'Mẫu Cơ khí chính xác 010', '', '', '', '', '', '', '', '', '', '', '', '', '', '', '', 0, 0, 0, 1, 'san-pham', 0, '', '', '', '', '', 1593230165, 1593230351, '', '', '', '', '', '', 0, 0, '', 0, 0, '', '', 0, 0, 0, 0, 0, '', '', '', 0, '', '', '', '', '', '', '', '', ''),
(359, 263, 0, 0, 0, 1, 0, 0, 0, 0, 'mau-co-khi-chinh-xac-011-1880.jpg', 'mau-co-khi-chinh-xac-011-1880-7840_450x630.jpg', 'mau-co-khi-chinh-xac-011', 'Mẫu Cơ khí chính xác 011', '', '', '', '', '', '', '', '', '', '', '', '', '', '', '', 0, 0, 0, 1, 'san-pham', 0, '', '', '', '', '', 1593230188, 1593230343, '', '', '', '', '', '', 0, 0, '', 0, 0, '', '', 0, 0, 0, 0, 0, '', '', '', 0, '', '', '', '', '', '', '', '', '');

-- --------------------------------------------------------

--
-- Table structure for table `table_product_cat`
--

CREATE TABLE `table_product_cat` (
  `id` int(11) NOT NULL,
  `id_list` int(11) NOT NULL,
  `ten` varchar(255) NOT NULL,
  `tenkhongdau` varchar(255) NOT NULL,
  `photo` varchar(255) NOT NULL,
  `thumb` varchar(255) NOT NULL,
  `stt` int(11) NOT NULL,
  `hienthi` int(11) NOT NULL,
  `ngaytao` int(11) NOT NULL,
  `ngaysua` int(11) NOT NULL,
  `id_danhmuc` int(11) NOT NULL,
  `noibat` tinyint(4) NOT NULL,
  `noidung` text NOT NULL,
  `title` varchar(100) NOT NULL,
  `keywords` varchar(1000) NOT NULL,
  `description` varchar(200) NOT NULL,
  `h3` varchar(200) NOT NULL,
  `h2` varchar(200) NOT NULL,
  `h1` varchar(200) NOT NULL,
  `tenen` varchar(255) NOT NULL,
  `noidungen` text NOT NULL,
  `type` varchar(255) NOT NULL,
  `mota` text NOT NULL,
  `motaen` text NOT NULL
) ENGINE=MyISAM DEFAULT CHARSET=utf8;

-- --------------------------------------------------------

--
-- Table structure for table `table_product_danhmuc`
--

CREATE TABLE `table_product_danhmuc` (
  `id` int(11) NOT NULL,
  `keywords` varchar(1000) NOT NULL,
  `description` varchar(200) NOT NULL,
  `h3` varchar(200) NOT NULL,
  `h2` varchar(200) NOT NULL,
  `h1` varchar(200) NOT NULL,
  `ten` varchar(255) NOT NULL,
  `tenkhongdau` varchar(255) NOT NULL,
  `photo` varchar(255) NOT NULL,
  `thumb` varchar(255) NOT NULL,
  `photo2` varchar(255) NOT NULL,
  `thumb2` varchar(255) NOT NULL,
  `stt` int(11) NOT NULL,
  `hienthi` int(11) NOT NULL,
  `ngaytao` int(11) NOT NULL,
  `ngaysua` int(11) NOT NULL,
  `title` varchar(100) NOT NULL,
  `noibat` tinyint(4) NOT NULL,
  `tieubieu` tinyint(4) NOT NULL,
  `noidung` text NOT NULL,
  `tenen` varchar(255) NOT NULL,
  `noidungen` text NOT NULL,
  `type` varchar(255) NOT NULL,
  `mota` text NOT NULL,
  `motaen` text NOT NULL,
  `tencn` varchar(255) NOT NULL,
  `motacn` text NOT NULL,
  `noidungcn` text NOT NULL,
  `maunen` varchar(20) NOT NULL,
  `loc1` varchar(255) NOT NULL,
  `loc2` varchar(255) NOT NULL
) ENGINE=MyISAM DEFAULT CHARSET=utf8;

--
-- Dumping data for table `table_product_danhmuc`
--

INSERT INTO `table_product_danhmuc` (`id`, `keywords`, `description`, `h3`, `h2`, `h1`, `ten`, `tenkhongdau`, `photo`, `thumb`, `photo2`, `thumb2`, `stt`, `hienthi`, `ngaytao`, `ngaysua`, `title`, `noibat`, `tieubieu`, `noidung`, `tenen`, `noidungen`, `type`, `mota`, `motaen`, `tencn`, `motacn`, `noidungcn`, `maunen`, `loc1`, `loc2`) VALUES
(260, 'Khuôn mẫu', 'Khuôn mẫu', '', '', '', 'Khuôn mẫu', 'khuon-mau', 'unnamed-3466.jpg', 'unnamed-3466-3738_250x300.jpg', '', '', 1, 1, 1593225906, 0, 'Khuôn mẫu', 1, 0, '', '', '', 'san-pham', '', '', '', '', '', '', '', ''),
(261, 'Link kiện nhựa', 'Link kiện nhựa', '', '', '', 'Link kiện nhựa', 'link-kien-nhua', 'mo-boi-tron-dung-cho-banh-rang-nhua-7079.jpg', 'mo-boi-tron-dung-cho-banh-rang-nhua-7079-5202_250x300.jpg', '', '', 2, 1, 1593225969, 1593226044, 'Link kiện nhựa', 1, 0, '', '', '', 'san-pham', '', '', '', '', '', '', '', ''),
(262, 'Trang trí - lắp đặt', 'Trang trí - lắp đặt', '', '', '', 'Trang trí - lắp đặt', 'trang-tri-lap-dat', 'go-pvc-go-nhua-sinh-thai-op-tran-go-op-tuong-go-tran-vach-tieu-am-op-tuong-phong-khach-phong-ngu-sanh-vach-trang-tri-15-2220.jpg', 'go-pvc-go-nhua-sinh-thai-op-tran-go-op-tuong-go-tran-vach-tieu-am-op-tuong-phong-khach-phong-ngu-sanh-vach-trang-tri-15-2220-3383_250x300.jpg', '', '', 3, 1, 1593226157, 1593226296, 'Trang trí - lắp đặt', 1, 0, '', '', '', 'san-pham', '', '', '', '', '', '', '', ''),
(263, 'Cơ khí chính xác', 'Cơ khí chính xác', '', '', '', 'Cơ khí chính xác', 'co-khi-chinh-xac', 'g-c-b-nh-r-ng-c-n-g-c-th-ng-b-nh-r-ng-277.jpg', 'g-c-b-nh-r-ng-c-n-g-c-th-ng-b-nh-r-ng-277-2965_250x300.jpg', '', '', 4, 1, 1593226466, 0, 'Cơ khí chính xác', 1, 0, '', '', '', 'san-pham', '', '', '', '', '', '', '', '');

-- --------------------------------------------------------

--
-- Table structure for table `table_product_item`
--

CREATE TABLE `table_product_item` (
  `id` int(10) UNSIGNED NOT NULL,
  `id_list` int(11) NOT NULL,
  `id_cat` int(10) NOT NULL,
  `ten` varchar(100) CHARACTER SET utf8 COLLATE utf8_unicode_ci NOT NULL,
  `tenkhongdau` varchar(255) COLLATE latin1_general_ci NOT NULL,
  `photo` varchar(20) COLLATE latin1_general_ci NOT NULL,
  `thumb` varchar(255) COLLATE latin1_general_ci NOT NULL,
  `stt` int(2) NOT NULL,
  `hienthi` int(2) NOT NULL,
  `ngaysua` int(10) NOT NULL,
  `ngaytao` int(10) NOT NULL,
  `id_danhmuc` int(11) NOT NULL,
  `tenen` varchar(255) CHARACTER SET utf8 NOT NULL,
  `noidung` text CHARACTER SET utf8 NOT NULL,
  `noidungen` text CHARACTER SET utf8 NOT NULL,
  `type` varchar(255) COLLATE latin1_general_ci NOT NULL,
  `mota` text COLLATE latin1_general_ci NOT NULL,
  `motaen` text COLLATE latin1_general_ci NOT NULL,
  `noibat` int(11) NOT NULL,
  `keywords` text COLLATE latin1_general_ci NOT NULL,
  `title` text COLLATE latin1_general_ci NOT NULL,
  `description` text COLLATE latin1_general_ci NOT NULL,
  `h3` varchar(200) COLLATE latin1_general_ci NOT NULL,
  `h2` varchar(200) COLLATE latin1_general_ci NOT NULL,
  `h1` varchar(200) COLLATE latin1_general_ci NOT NULL
) ENGINE=MyISAM DEFAULT CHARSET=latin1 COLLATE=latin1_general_ci;

-- --------------------------------------------------------

--
-- Table structure for table `table_product_list`
--

CREATE TABLE `table_product_list` (
  `id` int(11) NOT NULL,
  `ten` varchar(255) NOT NULL,
  `tenkhongdau` varchar(255) NOT NULL,
  `photo` varchar(255) NOT NULL,
  `thumb` varchar(255) NOT NULL,
  `stt` int(11) NOT NULL,
  `hienthi` int(11) NOT NULL,
  `ngaytao` int(11) NOT NULL,
  `ngaysua` int(11) NOT NULL,
  `id_danhmuc` int(11) NOT NULL,
  `title` varchar(100) NOT NULL,
  `description` varchar(200) NOT NULL,
  `h3` varchar(200) NOT NULL,
  `h2` varchar(200) NOT NULL,
  `h1` varchar(200) NOT NULL,
  `keywords` varchar(1000) NOT NULL,
  `noibat` tinyint(4) NOT NULL,
  `noidung` text NOT NULL,
  `tenen` varchar(255) NOT NULL,
  `noidungen` text NOT NULL,
  `type` varchar(255) NOT NULL,
  `mota` text NOT NULL,
  `motaen` text NOT NULL,
  `tencn` varchar(255) NOT NULL,
  `motacn` text NOT NULL,
  `noidungcn` text NOT NULL
) ENGINE=MyISAM DEFAULT CHARSET=utf8;

--
-- Dumping data for table `table_product_list`
--

INSERT INTO `table_product_list` (`id`, `ten`, `tenkhongdau`, `photo`, `thumb`, `stt`, `hienthi`, `ngaytao`, `ngaysua`, `id_danhmuc`, `title`, `description`, `h3`, `h2`, `h1`, `keywords`, `noibat`, `noidung`, `tenen`, `noidungen`, `type`, `mota`, `motaen`, `tencn`, `motacn`, `noidungcn`) VALUES
(179, 'Khuôn nhựa', 'khuon-nhua', '', '', 1, 1, 1593225930, 0, 260, 'Khuôn nhựa', 'Khuôn nhựa', '', '', '', 'Khuôn nhựa', 1, '', '', '', 'san-pham', '', '', '', '', ''),
(180, 'Khuôn đúc áp lực', 'khuon-duc-ap-luc', '', '', 2, 1, 1593225948, 0, 260, 'Khuôn đúc áp lực', 'Khuôn đúc áp lực', '', '', '', 'Khuôn đúc áp lực', 1, '', '', '', 'san-pham', '', '', '', '', ''),
(181, 'Nhựa kỹ thuật', 'nhua-ky-thuat', '', '', 1, 1, 1593226521, 1593226559, 261, 'Nhựa kỹ thuật', 'Nhựa kỹ thuật', '', '', '', 'Nhựa kỹ thuật', 1, '', '', '', 'san-pham', '', '', '', '', ''),
(182, 'Nhựa điện ', 'nhua-dien', '', '', 2, 1, 1593226594, 0, 261, 'Nhựa điện ', 'Nhựa điện ', '', '', '', 'Nhựa điện ', 1, '', '', '', 'san-pham', '', '', '', '', ''),
(183, 'Nhựa điện tử', 'nhua-dien-tu', '', '', 3, 1, 1593226622, 0, 261, 'Nhựa điện tử', 'Nhựa điện tử', '', '', '', 'Nhựa điện tử', 1, '', '', '', 'san-pham', '', '', '', '', ''),
(184, 'Nhựa harness & connector', 'nhua-harness-connector', '', '', 4, 1, 1593226643, 0, 261, 'Nhựa harness & connector', 'Nhựa harness & connector', '', '', '', 'Nhựa harness & connector', 1, '', '', '', 'san-pham', '', '', '', '', ''),
(185, 'In trên nhựa', 'in-tren-nhua', '', '', 1, 1, 1593226674, 0, 262, 'In trên nhựa', 'In trên nhựa', '', '', '', 'In trên nhựa', 1, '', '', '', 'san-pham', '', '', '', '', ''),
(186, 'Hàn trên nhựa', 'han-tren-nhua', '', '', 2, 1, 1593226692, 0, 262, 'Hàn trên nhựa', 'Hàn trên nhựa', '', '', '', 'Hàn trên nhựa', 1, '', '', '', 'san-pham', '', '', '', '', ''),
(187, 'Insert trên nhựa', 'insert-tren-nhua', '', '', 3, 1, 1593226714, 0, 262, 'Insert trên nhựa', 'Insert trên nhựa', '', '', '', 'Insert trên nhựa', 1, '', '', '', 'san-pham', '', '', '', '', ''),
(188, 'Lắp ráp', 'lap-rap', '', '', 4, 1, 1593226731, 0, 262, 'Lắp ráp', 'Lắp ráp', '', '', '', 'Lắp ráp', 1, '', '', '', 'san-pham', '', '', '', '', '');

-- --------------------------------------------------------

--
-- Table structure for table `table_protag`
--

CREATE TABLE `table_protag` (
  `id` int(10) UNSIGNED NOT NULL,
  `id_pro` int(10) NOT NULL,
  `id_tag` int(10) NOT NULL
) ENGINE=MyISAM DEFAULT CHARSET=latin1 COLLATE=latin1_general_ci;

-- --------------------------------------------------------

--
-- Table structure for table `table_pushonesignal`
--

CREATE TABLE `table_pushonesignal` (
  `id` int(10) UNSIGNED NOT NULL,
  `stt` int(5) NOT NULL DEFAULT 1,
  `ten_vi` varchar(255) NOT NULL,
  `ten_en` varchar(255) NOT NULL,
  `link` varchar(255) NOT NULL,
  `photo_en` varchar(255) NOT NULL,
  `photo_vi` varchar(255) NOT NULL,
  `thumb_en` varchar(255) NOT NULL,
  `thumb_vi` varchar(255) NOT NULL,
  `mota_vi` text NOT NULL,
  `mota_en` text NOT NULL,
  `hienthi` int(10) NOT NULL,
  `ngaytao` int(11) NOT NULL,
  `thoigianbatdau` int(11) NOT NULL,
  `thoigianketthuc` int(11) NOT NULL,
  `gio` int(11) NOT NULL,
  `phut` int(11) NOT NULL,
  `giay` int(11) NOT NULL,
  `muigio` varchar(255) NOT NULL,
  `solangui` int(11) NOT NULL,
  `conlai` int(11) NOT NULL,
  `mathongbao` varchar(255) NOT NULL,
  `lichgui` text NOT NULL
) ENGINE=InnoDB DEFAULT CHARSET=utf8;

--
-- Dumping data for table `table_pushonesignal`
--

INSERT INTO `table_pushonesignal` (`id`, `stt`, `ten_vi`, `ten_en`, `link`, `photo_en`, `photo_vi`, `thumb_en`, `thumb_vi`, `mota_vi`, `mota_en`, `hienthi`, `ngaytao`, `thoigianbatdau`, `thoigianketthuc`, `gio`, `phut`, `giay`, `muigio`, `solangui`, `conlai`, `mathongbao`, `lichgui`) VALUES
(1, 0, 'rdfas', '', '', '', '', '', '', '', '', 0, 1563766178, 1554866940, 0, 0, 0, 0, '', 1, 0, '', '');

-- --------------------------------------------------------

--
-- Table structure for table `table_slider`
--

CREATE TABLE `table_slider` (
  `id` int(10) UNSIGNED NOT NULL,
  `photo` varchar(225) NOT NULL,
  `ten` varchar(100) CHARACTER SET utf8 COLLATE utf8_unicode_ci NOT NULL,
  `mota` text NOT NULL,
  `link` varchar(255) NOT NULL,
  `stt` int(10) UNSIGNED NOT NULL DEFAULT 1,
  `hienthi` tinyint(1) NOT NULL DEFAULT 1,
  `thumb` varchar(255) NOT NULL,
  `type` varchar(100) NOT NULL,
  `id_slider` int(11) NOT NULL,
  `noibat` tinyint(4) NOT NULL,
  `tenen` varchar(255) NOT NULL,
  `motaen` text NOT NULL,
  `vitri` varchar(20) NOT NULL,
  `tencn` varchar(255) NOT NULL,
  `motacn` text NOT NULL
) ENGINE=MyISAM DEFAULT CHARSET=utf8;

--
-- Dumping data for table `table_slider`
--

INSERT INTO `table_slider` (`id`, `photo`, `ten`, `mota`, `link`, `stt`, `hienthi`, `thumb`, `type`, `id_slider`, `noibat`, `tenen`, `motaen`, `vitri`, `tencn`, `motacn`) VALUES
(25, '540x560-3750.png', '', '', '', 1, 1, '540x5605763_530x550.png', 'menu', 0, 0, '', '', '', '', ''),
(26, 'untitled-24-3197.jpg', '', '', '', 1, 1, 'untitled-242394_1366x390.jpg', 'slidercf', 0, 0, '', '', '', '', ''),
(93, 'untitled-10006layer-10-3700.png', '', '', '', 1, 1, 'untitled-1_0006_layer-109212_150x390.png', 'letruot', 0, 0, '', '', 'left', '', ''),
(94, 'untitled-10006layer-10-6073.png', '', '', '', 1, 1, 'untitled-1_0006_layer-106176_150x390.png', 'letruot', 0, 0, '', '', 'right', '', ''),
(95, 'untitled-10007layer-11-8509.png', '', '', '', 1, 1, 'untitled-1_0007_layer-114973_150x390.png', 'letruot', 0, 0, '', '', 'left', '', ''),
(96, 'untitled-10007layer-11-6770.png', '', '', '', 1, 1, 'untitled-1_0007_layer-112768_150x390.png', 'letruot', 0, 0, '', '', 'right', '', ''),
(212, '233-2562.png', '1', '', '', 1, 1, '233-2562-3624_1366x355.png', 'slider', 0, 0, '', '', '', '', ''),
(244, 'viewresize-7528.jpg', '2', '', '', 2, 1, 'viewresize-7528-5199_1366x355.jpg', 'slider', 0, 0, '', '', '', '', '');

-- --------------------------------------------------------

--
-- Table structure for table `table_tags`
--

CREATE TABLE `table_tags` (
  `id` int(10) UNSIGNED NOT NULL,
  `ten` varchar(225) CHARACTER SET utf8 NOT NULL,
  `type` varchar(255) COLLATE latin1_general_ci NOT NULL DEFAULT 'product',
  `id_danhmuc` int(10) NOT NULL
) ENGINE=MyISAM DEFAULT CHARSET=latin1 COLLATE=latin1_general_ci;

-- --------------------------------------------------------

--
-- Table structure for table `table_tinhtrang`
--

CREATE TABLE `table_tinhtrang` (
  `id` int(11) NOT NULL,
  `trangthai` varchar(255) NOT NULL
) ENGINE=MyISAM DEFAULT CHARSET=utf8;

--
-- Dumping data for table `table_tinhtrang`
--

INSERT INTO `table_tinhtrang` (`id`, `trangthai`) VALUES
(1, 'Mới đặt'),
(2, 'Đã xác nhận'),
(3, 'Đang giao hàng'),
(4, 'Đã giao'),
(5, 'Đã hủy');

-- --------------------------------------------------------

--
-- Table structure for table `table_title`
--

CREATE TABLE `table_title` (
  `id` int(10) NOT NULL,
  `type` varchar(255) DEFAULT NULL,
  `title` varchar(255) DEFAULT NULL,
  `keywords` varchar(255) DEFAULT NULL,
  `description` text DEFAULT NULL,
  `ngaytao` int(11) NOT NULL DEFAULT 0,
  `ngaysua` int(11) NOT NULL DEFAULT 0,
  `photo` varchar(255) DEFAULT NULL,
  `thumb` varchar(255) DEFAULT NULL
) ENGINE=MyISAM DEFAULT CHARSET=utf8;

-- --------------------------------------------------------

--
-- Table structure for table `table_video`
--

CREATE TABLE `table_video` (
  `id` int(10) UNSIGNED NOT NULL,
  `noibat` tinyint(4) NOT NULL,
  `ten` varchar(225) NOT NULL,
  `tenkhongdau` varchar(255) NOT NULL,
  `photo` varchar(100) NOT NULL,
  `thumb` varchar(255) NOT NULL,
  `stt` int(10) UNSIGNED NOT NULL DEFAULT 1,
  `hienthi` tinyint(1) NOT NULL DEFAULT 1,
  `ngaytao` int(10) UNSIGNED NOT NULL DEFAULT 0,
  `ngaysua` int(10) UNSIGNED NOT NULL DEFAULT 0,
  `link` varchar(255) NOT NULL,
  `tenen` varchar(255) NOT NULL,
  `type` varchar(100) NOT NULL,
  `tencn` varchar(255) NOT NULL
) ENGINE=MyISAM DEFAULT CHARSET=utf8;

-- --------------------------------------------------------

--
-- Table structure for table `table_vnexpress`
--

CREATE TABLE `table_vnexpress` (
  `id` int(10) UNSIGNED NOT NULL,
  `id_item` int(11) NOT NULL,
  `noibat` tinyint(4) NOT NULL,
  `ten` varchar(225) NOT NULL,
  `tenkhongdau` varchar(255) NOT NULL,
  `mota` text NOT NULL,
  `noidung` text NOT NULL,
  `photo` varchar(100) NOT NULL,
  `thumb` varchar(255) NOT NULL,
  `stt` int(10) UNSIGNED NOT NULL DEFAULT 1,
  `hienthi` tinyint(1) NOT NULL DEFAULT 1,
  `ngaytao` int(10) UNSIGNED NOT NULL DEFAULT 0,
  `ngaysua` int(10) UNSIGNED NOT NULL DEFAULT 0,
  `title` varchar(100) NOT NULL,
  `keywords` varchar(1000) NOT NULL,
  `description` varchar(200) NOT NULL,
  `tenen` varchar(255) NOT NULL,
  `motaen` text NOT NULL,
  `noidungen` text NOT NULL,
  `type` varchar(255) NOT NULL
) ENGINE=MyISAM DEFAULT CHARSET=utf8;

-- --------------------------------------------------------

--
-- Table structure for table `table_yahoo`
--

CREATE TABLE `table_yahoo` (
  `id` int(10) UNSIGNED NOT NULL,
  `noibat` tinyint(4) NOT NULL,
  `ten` varchar(225) NOT NULL,
  `tenkhongdau` varchar(255) NOT NULL,
  `photo` varchar(100) NOT NULL,
  `thumb` varchar(255) NOT NULL,
  `stt` int(10) UNSIGNED NOT NULL DEFAULT 1,
  `hienthi` tinyint(1) NOT NULL DEFAULT 1,
  `ngaytao` int(10) UNSIGNED NOT NULL DEFAULT 0,
  `ngaysua` int(10) UNSIGNED NOT NULL DEFAULT 0,
  `yahoo` varchar(50) NOT NULL,
  `skype` varchar(50) NOT NULL,
  `dienthoai` varchar(50) NOT NULL,
  `email` varchar(50) NOT NULL,
  `tenen` varchar(255) NOT NULL,
  `type` varchar(100) NOT NULL
) ENGINE=MyISAM DEFAULT CHARSET=utf8;

--
-- Indexes for dumped tables
--

--
-- Indexes for table `counter`
--
ALTER TABLE `counter`
  ADD PRIMARY KEY (`id`);

--
-- Indexes for table `table_about`
--
ALTER TABLE `table_about`
  ADD PRIMARY KEY (`id`);

--
-- Indexes for table `table_anhnen`
--
ALTER TABLE `table_anhnen`
  ADD PRIMARY KEY (`id`);

--
-- Indexes for table `table_background`
--
ALTER TABLE `table_background`
  ADD PRIMARY KEY (`id`);

--
-- Indexes for table `table_chitietdonhang`
--
ALTER TABLE `table_chitietdonhang`
  ADD PRIMARY KEY (`id`);

--
-- Indexes for table `table_com`
--
ALTER TABLE `table_com`
  ADD PRIMARY KEY (`id`);

--
-- Indexes for table `table_comment`
--
ALTER TABLE `table_comment`
  ADD PRIMARY KEY (`id`);

--
-- Indexes for table `table_company`
--
ALTER TABLE `table_company`
  ADD PRIMARY KEY (`id`);

--
-- Indexes for table `table_com_quyen`
--
ALTER TABLE `table_com_quyen`
  ADD PRIMARY KEY (`id`);

--
-- Indexes for table `table_danhgiasao`
--
ALTER TABLE `table_danhgiasao`
  ADD PRIMARY KEY (`id`);

--
-- Indexes for table `table_donhang`
--
ALTER TABLE `table_donhang`
  ADD PRIMARY KEY (`id`);

--
-- Indexes for table `table_hinhanh`
--
ALTER TABLE `table_hinhanh`
  ADD PRIMARY KEY (`id`);

--
-- Indexes for table `table_hinhthucgiaohang`
--
ALTER TABLE `table_hinhthucgiaohang`
  ADD PRIMARY KEY (`id`);

--
-- Indexes for table `table_httt`
--
ALTER TABLE `table_httt`
  ADD PRIMARY KEY (`id`);

--
-- Indexes for table `table_lienhe`
--
ALTER TABLE `table_lienhe`
  ADD PRIMARY KEY (`id`);

--
-- Indexes for table `table_lkweb`
--
ALTER TABLE `table_lkweb`
  ADD PRIMARY KEY (`id`);

--
-- Indexes for table `table_news`
--
ALTER TABLE `table_news`
  ADD PRIMARY KEY (`id`);

--
-- Indexes for table `table_newsletter`
--
ALTER TABLE `table_newsletter`
  ADD PRIMARY KEY (`id`);

--
-- Indexes for table `table_news_cat`
--
ALTER TABLE `table_news_cat`
  ADD PRIMARY KEY (`id`);

--
-- Indexes for table `table_news_danhmuc`
--
ALTER TABLE `table_news_danhmuc`
  ADD PRIMARY KEY (`id`);

--
-- Indexes for table `table_news_item`
--
ALTER TABLE `table_news_item`
  ADD PRIMARY KEY (`id`);

--
-- Indexes for table `table_news_list`
--
ALTER TABLE `table_news_list`
  ADD PRIMARY KEY (`id`);

--
-- Indexes for table `table_phanquyen`
--
ALTER TABLE `table_phanquyen`
  ADD PRIMARY KEY (`id`);

--
-- Indexes for table `table_place_city`
--
ALTER TABLE `table_place_city`
  ADD PRIMARY KEY (`id`);

--
-- Indexes for table `table_place_dist`
--
ALTER TABLE `table_place_dist`
  ADD PRIMARY KEY (`id`);

--
-- Indexes for table `table_product`
--
ALTER TABLE `table_product`
  ADD PRIMARY KEY (`id`);

--
-- Indexes for table `table_product_cat`
--
ALTER TABLE `table_product_cat`
  ADD PRIMARY KEY (`id`);

--
-- Indexes for table `table_product_danhmuc`
--
ALTER TABLE `table_product_danhmuc`
  ADD PRIMARY KEY (`id`);

--
-- Indexes for table `table_product_item`
--
ALTER TABLE `table_product_item`
  ADD PRIMARY KEY (`id`);

--
-- Indexes for table `table_product_list`
--
ALTER TABLE `table_product_list`
  ADD PRIMARY KEY (`id`);

--
-- Indexes for table `table_protag`
--
ALTER TABLE `table_protag`
  ADD PRIMARY KEY (`id`);

--
-- Indexes for table `table_pushonesignal`
--
ALTER TABLE `table_pushonesignal`
  ADD PRIMARY KEY (`id`);

--
-- Indexes for table `table_slider`
--
ALTER TABLE `table_slider`
  ADD PRIMARY KEY (`id`);

--
-- Indexes for table `table_tags`
--
ALTER TABLE `table_tags`
  ADD PRIMARY KEY (`id`);

--
-- Indexes for table `table_tinhtrang`
--
ALTER TABLE `table_tinhtrang`
  ADD PRIMARY KEY (`id`);

--
-- Indexes for table `table_title`
--
ALTER TABLE `table_title`
  ADD PRIMARY KEY (`id`);

--
-- Indexes for table `table_video`
--
ALTER TABLE `table_video`
  ADD PRIMARY KEY (`id`);

--
-- Indexes for table `table_vnexpress`
--
ALTER TABLE `table_vnexpress`
  ADD PRIMARY KEY (`id`);

--
-- Indexes for table `table_yahoo`
--
ALTER TABLE `table_yahoo`
  ADD PRIMARY KEY (`id`);

--
-- AUTO_INCREMENT for dumped tables
--

--
-- AUTO_INCREMENT for table `counter`
--
ALTER TABLE `counter`
  MODIFY `id` int(11) NOT NULL AUTO_INCREMENT, AUTO_INCREMENT=1234;

--
-- AUTO_INCREMENT for table `table_about`
--
ALTER TABLE `table_about`
  MODIFY `id` int(10) UNSIGNED NOT NULL AUTO_INCREMENT, AUTO_INCREMENT=5;

--
-- AUTO_INCREMENT for table `table_anhnen`
--
ALTER TABLE `table_anhnen`
  MODIFY `id` int(10) NOT NULL AUTO_INCREMENT, AUTO_INCREMENT=4;

--
-- AUTO_INCREMENT for table `table_background`
--
ALTER TABLE `table_background`
  MODIFY `id` int(10) UNSIGNED NOT NULL AUTO_INCREMENT, AUTO_INCREMENT=13;

--
-- AUTO_INCREMENT for table `table_chitietdonhang`
--
ALTER TABLE `table_chitietdonhang`
  MODIFY `id` int(10) UNSIGNED NOT NULL AUTO_INCREMENT, AUTO_INCREMENT=18;

--
-- AUTO_INCREMENT for table `table_com`
--
ALTER TABLE `table_com`
  MODIFY `id` int(10) UNSIGNED NOT NULL AUTO_INCREMENT, AUTO_INCREMENT=36;

--
-- AUTO_INCREMENT for table `table_comment`
--
ALTER TABLE `table_comment`
  MODIFY `id` int(11) NOT NULL AUTO_INCREMENT;

--
-- AUTO_INCREMENT for table `table_company`
--
ALTER TABLE `table_company`
  MODIFY `id` int(10) NOT NULL AUTO_INCREMENT, AUTO_INCREMENT=2;

--
-- AUTO_INCREMENT for table `table_com_quyen`
--
ALTER TABLE `table_com_quyen`
  MODIFY `id` int(10) UNSIGNED NOT NULL AUTO_INCREMENT, AUTO_INCREMENT=46;

--
-- AUTO_INCREMENT for table `table_danhgiasao`
--
ALTER TABLE `table_danhgiasao`
  MODIFY `id` int(10) UNSIGNED NOT NULL AUTO_INCREMENT, AUTO_INCREMENT=4;

--
-- AUTO_INCREMENT for table `table_donhang`
--
ALTER TABLE `table_donhang`
  MODIFY `id` int(11) NOT NULL AUTO_INCREMENT, AUTO_INCREMENT=17;

--
-- AUTO_INCREMENT for table `table_hinhanh`
--
ALTER TABLE `table_hinhanh`
  MODIFY `id` int(10) UNSIGNED NOT NULL AUTO_INCREMENT, AUTO_INCREMENT=853;

--
-- AUTO_INCREMENT for table `table_hinhthucgiaohang`
--
ALTER TABLE `table_hinhthucgiaohang`
  MODIFY `id` int(10) UNSIGNED NOT NULL AUTO_INCREMENT, AUTO_INCREMENT=37;

--
-- AUTO_INCREMENT for table `table_httt`
--
ALTER TABLE `table_httt`
  MODIFY `id` int(11) NOT NULL AUTO_INCREMENT, AUTO_INCREMENT=4;

--
-- AUTO_INCREMENT for table `table_lienhe`
--
ALTER TABLE `table_lienhe`
  MODIFY `id` int(10) UNSIGNED NOT NULL AUTO_INCREMENT, AUTO_INCREMENT=5;

--
-- AUTO_INCREMENT for table `table_lkweb`
--
ALTER TABLE `table_lkweb`
  MODIFY `id` int(10) UNSIGNED NOT NULL AUTO_INCREMENT, AUTO_INCREMENT=46;

--
-- AUTO_INCREMENT for table `table_news`
--
ALTER TABLE `table_news`
  MODIFY `id` int(10) UNSIGNED NOT NULL AUTO_INCREMENT, AUTO_INCREMENT=985;

--
-- AUTO_INCREMENT for table `table_newsletter`
--
ALTER TABLE `table_newsletter`
  MODIFY `id` int(10) NOT NULL AUTO_INCREMENT, AUTO_INCREMENT=24;

--
-- AUTO_INCREMENT for table `table_news_cat`
--
ALTER TABLE `table_news_cat`
  MODIFY `id` int(11) NOT NULL AUTO_INCREMENT;

--
-- AUTO_INCREMENT for table `table_news_danhmuc`
--
ALTER TABLE `table_news_danhmuc`
  MODIFY `id` int(11) NOT NULL AUTO_INCREMENT, AUTO_INCREMENT=75;

--
-- AUTO_INCREMENT for table `table_news_item`
--
ALTER TABLE `table_news_item`
  MODIFY `id` int(10) UNSIGNED NOT NULL AUTO_INCREMENT;

--
-- AUTO_INCREMENT for table `table_news_list`
--
ALTER TABLE `table_news_list`
  MODIFY `id` int(11) NOT NULL AUTO_INCREMENT, AUTO_INCREMENT=7;

--
-- AUTO_INCREMENT for table `table_phanquyen`
--
ALTER TABLE `table_phanquyen`
  MODIFY `id` int(10) UNSIGNED NOT NULL AUTO_INCREMENT, AUTO_INCREMENT=6;

--
-- AUTO_INCREMENT for table `table_place_city`
--
ALTER TABLE `table_place_city`
  MODIFY `id` int(11) NOT NULL AUTO_INCREMENT, AUTO_INCREMENT=64;

--
-- AUTO_INCREMENT for table `table_place_dist`
--
ALTER TABLE `table_place_dist`
  MODIFY `id` int(11) NOT NULL AUTO_INCREMENT, AUTO_INCREMENT=705;

--
-- AUTO_INCREMENT for table `table_product`
--
ALTER TABLE `table_product`
  MODIFY `id` int(10) UNSIGNED NOT NULL AUTO_INCREMENT, AUTO_INCREMENT=360;

--
-- AUTO_INCREMENT for table `table_product_cat`
--
ALTER TABLE `table_product_cat`
  MODIFY `id` int(11) NOT NULL AUTO_INCREMENT, AUTO_INCREMENT=10;

--
-- AUTO_INCREMENT for table `table_product_danhmuc`
--
ALTER TABLE `table_product_danhmuc`
  MODIFY `id` int(11) NOT NULL AUTO_INCREMENT, AUTO_INCREMENT=264;

--
-- AUTO_INCREMENT for table `table_product_item`
--
ALTER TABLE `table_product_item`
  MODIFY `id` int(10) UNSIGNED NOT NULL AUTO_INCREMENT;

--
-- AUTO_INCREMENT for table `table_product_list`
--
ALTER TABLE `table_product_list`
  MODIFY `id` int(11) NOT NULL AUTO_INCREMENT, AUTO_INCREMENT=189;

--
-- AUTO_INCREMENT for table `table_protag`
--
ALTER TABLE `table_protag`
  MODIFY `id` int(10) UNSIGNED NOT NULL AUTO_INCREMENT, AUTO_INCREMENT=2599;

--
-- AUTO_INCREMENT for table `table_pushonesignal`
--
ALTER TABLE `table_pushonesignal`
  MODIFY `id` int(10) UNSIGNED NOT NULL AUTO_INCREMENT, AUTO_INCREMENT=2;

--
-- AUTO_INCREMENT for table `table_slider`
--
ALTER TABLE `table_slider`
  MODIFY `id` int(10) UNSIGNED NOT NULL AUTO_INCREMENT, AUTO_INCREMENT=245;

--
-- AUTO_INCREMENT for table `table_tags`
--
ALTER TABLE `table_tags`
  MODIFY `id` int(10) UNSIGNED NOT NULL AUTO_INCREMENT;

--
-- AUTO_INCREMENT for table `table_tinhtrang`
--
ALTER TABLE `table_tinhtrang`
  MODIFY `id` int(11) NOT NULL AUTO_INCREMENT, AUTO_INCREMENT=6;

--
-- AUTO_INCREMENT for table `table_title`
--
ALTER TABLE `table_title`
  MODIFY `id` int(10) NOT NULL AUTO_INCREMENT;

--
-- AUTO_INCREMENT for table `table_video`
--
ALTER TABLE `table_video`
  MODIFY `id` int(10) UNSIGNED NOT NULL AUTO_INCREMENT, AUTO_INCREMENT=235;

--
-- AUTO_INCREMENT for table `table_vnexpress`
--
ALTER TABLE `table_vnexpress`
  MODIFY `id` int(10) UNSIGNED NOT NULL AUTO_INCREMENT;

--
-- AUTO_INCREMENT for table `table_yahoo`
--
ALTER TABLE `table_yahoo`
  MODIFY `id` int(10) UNSIGNED NOT NULL AUTO_INCREMENT, AUTO_INCREMENT=14;
COMMIT;

